CRAN Package Check Results for Package banxicoR

Last updated on 2018-08-15 18:47:46 CEST.

Flavor Version Tinstall Tcheck Ttotal Status Flags
r-devel-linux-x86_64-debian-clang 0.9.0 1.26 23.44 24.70 OK
r-devel-linux-x86_64-debian-gcc 0.9.0 1.30 20.27 21.57 OK
r-devel-linux-x86_64-fedora-clang 0.9.0 25.95 NOTE
r-devel-linux-x86_64-fedora-gcc 0.9.0 25.09 NOTE
r-devel-windows-ix86+x86_64 0.9.0 3.00 34.00 37.00 OK
r-patched-linux-x86_64 0.9.0 1.43 20.66 22.09 OK
r-patched-solaris-x86 0.9.0 48.70 NOTE
r-release-linux-x86_64 0.9.0 1.45 19.93 21.38 OK
r-release-windows-ix86+x86_64 0.9.0 4.00 90.00 94.00 OK
r-release-osx-x86_64 0.9.0 NOTE
r-oldrel-windows-ix86+x86_64 0.9.0 5.00 30.00 35.00 OK
r-oldrel-osx-x86_64 0.9.0 NOTE

Check Details

Version: 0.9.0
Check: data for non-ASCII characters
Result: NOTE
     Note: found 148 marked UTF-8 strings
Flavors: r-devel-linux-x86_64-fedora-clang, r-devel-linux-x86_64-fedora-gcc, r-patched-solaris-x86, r-release-osx-x86_64, r-oldrel-osx-x86_64