CRAN Package Check Results for Package banxicoR

Last updated on 2018-10-16 23:49:47 CEST.

Flavor Version Tinstall Tcheck Ttotal Status Flags
r-devel-linux-x86_64-debian-clang 0.9.0 1.64 23.56 25.20 OK
r-devel-linux-x86_64-debian-gcc 0.9.0 1.38 20.63 22.01 OK
r-devel-linux-x86_64-fedora-clang 0.9.0 28.14 NOTE
r-devel-linux-x86_64-fedora-gcc 0.9.0 27.25 NOTE
r-devel-windows-ix86+x86_64 0.9.0 3.00 53.00 56.00 OK
r-patched-linux-x86_64 0.9.0 1.48 20.32 21.80 OK
r-patched-solaris-x86 0.9.0 47.70 NOTE
r-release-linux-x86_64 0.9.0 1.30 20.34 21.64 OK
r-release-windows-ix86+x86_64 0.9.0 7.00 48.00 55.00 OK
r-release-osx-x86_64 0.9.0 NOTE
r-oldrel-windows-ix86+x86_64 0.9.0 5.00 38.00 43.00 OK
r-oldrel-osx-x86_64 0.9.0 NOTE

Check Details

Version: 0.9.0
Check: data for non-ASCII characters
Result: NOTE
     Note: found 148 marked UTF-8 strings
Flavors: r-devel-linux-x86_64-fedora-clang, r-devel-linux-x86_64-fedora-gcc, r-patched-solaris-x86, r-release-osx-x86_64, r-oldrel-osx-x86_64