CRAN Package Check Results for Package banxicoR

Last updated on 2018-05-26 04:50:37 CEST.

Flavor Version Tinstall Tcheck Ttotal Status Flags
r-devel-linux-x86_64-debian-clang 0.9.0 1.11 24.37 25.48 OK
r-devel-linux-x86_64-debian-gcc 0.9.0 1.05 19.63 20.68 OK
r-devel-linux-x86_64-fedora-clang 0.9.0 31.76 NOTE
r-devel-linux-x86_64-fedora-gcc 0.9.0 27.49 NOTE
r-devel-windows-ix86+x86_64 0.9.0 3.00 60.00 63.00 OK
r-patched-linux-x86_64 0.9.0 1.27 22.08 23.35 OK
r-patched-solaris-x86 0.9.0 47.70 NOTE
r-release-linux-x86_64 0.9.0 1.50 22.16 23.66 OK
r-release-windows-ix86+x86_64 0.9.0 4.00 34.00 38.00 OK
r-release-osx-x86_64 0.9.0 NOTE
r-oldrel-windows-ix86+x86_64 0.9.0 4.00 37.00 41.00 OK
r-oldrel-osx-x86_64 0.9.0 NOTE

Check Details

Version: 0.9.0
Check: data for non-ASCII characters
Result: NOTE
     Note: found 148 marked UTF-8 strings
Flavors: r-devel-linux-x86_64-fedora-clang, r-devel-linux-x86_64-fedora-gcc, r-patched-solaris-x86, r-release-osx-x86_64, r-oldrel-osx-x86_64