CRAN Package Check Results for Package banxicoR

Last updated on 2019-01-23 09:50:12 CET.

Flavor Version Tinstall Tcheck Ttotal Status Flags
r-devel-linux-x86_64-debian-clang 0.9.0 1.56 22.57 24.13 OK
r-devel-linux-x86_64-debian-gcc 0.9.0 1.27 19.57 20.84 OK
r-devel-linux-x86_64-fedora-clang 0.9.0 26.09 NOTE
r-devel-linux-x86_64-fedora-gcc 0.9.0 24.39 NOTE
r-devel-windows-ix86+x86_64 0.9.0 5.00 56.00 61.00 OK
r-patched-linux-x86_64 0.9.0 1.14 20.40 21.54 OK
r-patched-solaris-x86 0.9.0 53.20 NOTE
r-release-linux-x86_64 0.9.0 1.42 20.44 21.86 OK
r-release-windows-ix86+x86_64 0.9.0 4.00 48.00 52.00 OK
r-release-osx-x86_64 0.9.0 NOTE
r-oldrel-windows-ix86+x86_64 0.9.0 4.00 56.00 60.00 OK
r-oldrel-osx-x86_64 0.9.0 NOTE

Check Details

Version: 0.9.0
Check: data for non-ASCII characters
Result: NOTE
     Note: found 148 marked UTF-8 strings
Flavors: r-devel-linux-x86_64-fedora-clang, r-devel-linux-x86_64-fedora-gcc, r-patched-solaris-x86, r-release-osx-x86_64, r-oldrel-osx-x86_64