CRAN Package Check Results for Package banxicoR

Last updated on 2018-02-26 03:48:44 CET.

Flavor Version Tinstall Tcheck Ttotal Status Flags
r-devel-linux-x86_64-debian-clang 0.9.0 1.36 20.59 21.95 OK
r-devel-linux-x86_64-debian-gcc 0.9.0 1.13 18.06 19.19 OK
r-devel-linux-x86_64-fedora-clang 0.9.0 28.29 NOTE
r-devel-linux-x86_64-fedora-gcc 0.9.0 27.17 NOTE
r-devel-windows-ix86+x86_64 0.9.0 2.00 47.00 49.00 OK
r-patched-linux-x86_64 0.9.0 1.28 21.71 22.99 OK
r-patched-solaris-x86 0.9.0 41.50 NOTE
r-release-linux-x86_64 0.9.0 1.29 21.68 22.97 OK
r-release-windows-ix86+x86_64 0.9.0 4.00 52.00 56.00 OK
r-release-osx-x86_64 0.9.0 NOTE
r-oldrel-windows-ix86+x86_64 0.9.0 3.00 33.00 36.00 OK
r-oldrel-osx-x86_64 0.9.0 NOTE

Check Details

Version: 0.9.0
Check: data for non-ASCII characters
Result: NOTE
     Note: found 148 marked UTF-8 strings
Flavors: r-devel-linux-x86_64-fedora-clang, r-devel-linux-x86_64-fedora-gcc, r-patched-solaris-x86, r-release-osx-x86_64, r-oldrel-osx-x86_64