CRAN Package Check Results for Package bapred

Last updated on 2020-02-27 17:50:49 CET.

Flavor Version Tinstall Tcheck Ttotal Status Flags
r-devel-linux-x86_64-debian-clang 1.0 29.16 272.13 301.29 NOTE
r-devel-linux-x86_64-debian-gcc 1.0 27.77 204.34 232.11 NOTE
r-devel-linux-x86_64-fedora-clang 1.0 375.68 NOTE
r-devel-linux-x86_64-fedora-gcc 1.0 350.35 NOTE
r-devel-windows-ix86+x86_64 1.0 49.00 249.00 298.00 NOTE
r-devel-windows-ix86+x86_64-gcc8 1.0 56.00 253.00 309.00 NOTE
r-patched-linux-x86_64 1.0 23.33 229.58 252.91 NOTE
r-patched-solaris-x86 1.0 468.20 NOTE
r-release-linux-x86_64 1.0 25.22 230.45 255.67 NOTE
r-release-windows-ix86+x86_64 1.0 42.00 228.00 270.00 NOTE
r-release-osx-x86_64 1.0 WARN
r-oldrel-windows-ix86+x86_64 1.0 29.00 219.00 248.00 NOTE
r-oldrel-osx-x86_64 1.0 NOTE

Check Details

Version: 1.0
Check: R code for possible problems
Result: NOTE
    extractAffybatch: no visible global function definition for 'new'
    Undefined global functions or variables:
     new
    Consider adding
     importFrom("methods", "new")
    to your NAMESPACE file (and ensure that your DESCRIPTION Imports field
    contains 'methods').
Flavors: r-devel-linux-x86_64-debian-clang, r-devel-linux-x86_64-debian-gcc, r-devel-linux-x86_64-fedora-clang, r-devel-linux-x86_64-fedora-gcc, r-devel-windows-ix86+x86_64, r-devel-windows-ix86+x86_64-gcc8, r-patched-linux-x86_64, r-patched-solaris-x86, r-release-linux-x86_64, r-release-windows-ix86+x86_64, r-release-osx-x86_64, r-oldrel-windows-ix86+x86_64, r-oldrel-osx-x86_64

Version: 1.0
Check: package dependencies
Result: NOTE
    Package suggested but not available for checking: ‘ArrayExpress’
Flavors: r-release-osx-x86_64, r-oldrel-osx-x86_64

Version: 1.0
Check: whether package can be installed
Result: WARN
    Found the following significant warnings:
     Warning: package ‘BiocParallel’ was built under R version 3.6.1
Flavor: r-release-osx-x86_64