CRAN Package Check Results for Package bapred

Last updated on 2018-04-26 12:46:32 CEST.

Flavor Version Tinstall Tcheck Ttotal Status Flags
r-devel-linux-x86_64-debian-clang 1.0 18.45 189.47 207.92 NOTE
r-devel-linux-x86_64-debian-gcc 1.0 15.53 184.96 200.49 NOTE
r-devel-linux-x86_64-fedora-clang 1.0 283.08 NOTE
r-devel-linux-x86_64-fedora-gcc 1.0 274.76 NOTE
r-devel-windows-ix86+x86_64 1.0 43.00 236.00 279.00 NOTE
r-patched-linux-x86_64 1.0 18.71 237.26 255.97 NOTE
r-patched-solaris-x86 1.0 440.20 NOTE
r-release-linux-x86_64 1.0 19.68 231.75 251.43 NOTE
r-release-windows-ix86+x86_64 1.0 43.00 236.00 279.00 NOTE
r-release-osx-x86_64 1.0 NOTE
r-oldrel-windows-ix86+x86_64 1.0 31.00 443.00 474.00 NOTE
r-oldrel-osx-x86_64 1.0 NOTE

Check Details

Version: 1.0
Check: R code for possible problems
Result: NOTE
    extractAffybatch: no visible global function definition for ‘new’
    Undefined global functions or variables:
     new
    Consider adding
     importFrom("methods", "new")
    to your NAMESPACE file (and ensure that your DESCRIPTION Imports field
    contains 'methods').
Flavors: r-devel-linux-x86_64-debian-clang, r-devel-linux-x86_64-debian-gcc, r-devel-linux-x86_64-fedora-clang, r-devel-linux-x86_64-fedora-gcc, r-devel-windows-ix86+x86_64, r-patched-linux-x86_64, r-patched-solaris-x86, r-release-linux-x86_64, r-release-windows-ix86+x86_64, r-release-osx-x86_64, r-oldrel-windows-ix86+x86_64, r-oldrel-osx-x86_64

Version: 1.0
Check: package dependencies
Result: NOTE
    Package suggested but not available for checking: ‘ArrayExpress’
Flavors: r-release-osx-x86_64, r-oldrel-osx-x86_64