CRAN Package Check Results for Package bapred

Last updated on 2018-01-24 07:46:56 CET.

Flavor Version Tinstall Tcheck Ttotal Status Flags
r-devel-linux-x86_64-debian-clang 1.0 14.90 226.95 241.85 NOTE
r-devel-linux-x86_64-debian-gcc 1.0 11.89 178.04 189.93 NOTE
r-devel-windows-ix86+x86_64 1.0 41.00 287.00 328.00 NOTE
r-patched-linux-x86_64 1.0 14.44 244.20 258.64 NOTE
r-patched-solaris-x86 1.0 434.00 NOTE
r-release-linux-x86_64 1.0 16.64 250.00 266.64 NOTE
r-release-windows-ix86+x86_64 1.0 30.00 292.00 322.00 NOTE
r-release-osx-x86_64 1.0 ERROR
r-oldrel-windows-ix86+x86_64 1.0 30.00 213.00 243.00 NOTE
r-oldrel-osx-x86_64 1.0 OK

Check Details

Version: 1.0
Check: R code for possible problems
Result: NOTE
    extractAffybatch: no visible global function definition for ‘new’
    Undefined global functions or variables:
     new
    Consider adding
     importFrom("methods", "new")
    to your NAMESPACE file (and ensure that your DESCRIPTION Imports field
    contains 'methods').
Flavors: r-devel-linux-x86_64-debian-clang, r-devel-linux-x86_64-debian-gcc, r-devel-windows-ix86+x86_64, r-patched-linux-x86_64, r-patched-solaris-x86, r-release-linux-x86_64, r-release-windows-ix86+x86_64, r-oldrel-windows-ix86+x86_64

Version: 1.0
Check: package dependencies
Result: ERROR
    Packages required but not available: ‘sva’ ‘affyPLM’
    
    Package suggested but not available for checking: ‘ArrayExpress’
    
    See section ‘The DESCRIPTION file’ in the ‘Writing R Extensions’
    manual.
Flavor: r-release-osx-x86_64