CRAN Package Check Results for Package bapred

Last updated on 2018-10-20 03:50:08 CEST.

Flavor Version Tinstall Tcheck Ttotal Status Flags
r-devel-linux-x86_64-debian-clang 1.0 20.72 260.91 281.63 NOTE
r-devel-linux-x86_64-debian-gcc 1.0 16.93 219.16 236.09 NOTE
r-devel-linux-x86_64-fedora-clang 1.0 341.46 NOTE
r-devel-linux-x86_64-fedora-gcc 1.0 280.37 NOTE
r-devel-windows-ix86+x86_64 1.0 49.00 356.00 405.00 WARN
r-patched-linux-x86_64 1.0 18.50 213.41 231.91 NOTE
r-patched-solaris-x86 1.0 446.30 NOTE
r-release-linux-x86_64 1.0 14.09 215.07 229.16 NOTE
r-release-windows-ix86+x86_64 1.0 45.00 299.00 344.00 NOTE
r-release-osx-x86_64 1.0 NOTE
r-oldrel-windows-ix86+x86_64 1.0 25.00 290.00 315.00 NOTE
r-oldrel-osx-x86_64 1.0 NOTE

Check Details

Version: 1.0
Check: R code for possible problems
Result: NOTE
    extractAffybatch: no visible global function definition for ‘new’
    Undefined global functions or variables:
     new
    Consider adding
     importFrom("methods", "new")
    to your NAMESPACE file (and ensure that your DESCRIPTION Imports field
    contains 'methods').
Flavors: r-devel-linux-x86_64-debian-clang, r-devel-linux-x86_64-debian-gcc, r-devel-linux-x86_64-fedora-clang, r-devel-linux-x86_64-fedora-gcc, r-devel-windows-ix86+x86_64, r-patched-linux-x86_64, r-patched-solaris-x86, r-release-linux-x86_64, r-release-windows-ix86+x86_64, r-release-osx-x86_64, r-oldrel-windows-ix86+x86_64, r-oldrel-osx-x86_64

Version: 1.0
Check: whether package can be installed
Result: WARN
    Found the following significant warnings:
     Warning: 'BiocInstaller' and 'biocLite()' are deprecated, use the 'BiocManager' CRAN
Flavor: r-devel-windows-ix86+x86_64

Version: 1.0
Check: package dependencies
Result: NOTE
    Package suggested but not available for checking: ‘ArrayExpress’
Flavors: r-release-osx-x86_64, r-oldrel-osx-x86_64