CRAN Package Check Results for Package bapred

Last updated on 2019-09-19 13:46:05 CEST.

Flavor Version Tinstall Tcheck Ttotal Status Flags
r-devel-linux-x86_64-debian-clang 1.0 27.58 243.67 271.25 NOTE
r-devel-linux-x86_64-debian-gcc 1.0 23.25 186.82 210.07 NOTE
r-devel-linux-x86_64-fedora-clang 1.0 318.60 NOTE
r-devel-linux-x86_64-fedora-gcc 1.0 318.81 NOTE
r-devel-windows-ix86+x86_64 1.0 84.00 229.00 313.00 NOTE
r-patched-linux-x86_64 1.0 23.73 229.47 253.20 NOTE
r-patched-solaris-x86 1.0 480.80 NOTE
r-release-linux-x86_64 1.0 24.98 232.14 257.12 NOTE
r-release-windows-ix86+x86_64 1.0 51.00 232.00 283.00 NOTE
r-release-osx-x86_64 1.0 ERROR
r-oldrel-windows-ix86+x86_64 1.0 33.00 228.00 261.00 NOTE
r-oldrel-osx-x86_64 1.0 NOTE

Check Details

Version: 1.0
Check: R code for possible problems
Result: NOTE
    extractAffybatch: no visible global function definition for 'new'
    Undefined global functions or variables:
     new
    Consider adding
     importFrom("methods", "new")
    to your NAMESPACE file (and ensure that your DESCRIPTION Imports field
    contains 'methods').
Flavors: r-devel-linux-x86_64-debian-clang, r-devel-linux-x86_64-debian-gcc, r-devel-linux-x86_64-fedora-clang, r-devel-linux-x86_64-fedora-gcc, r-devel-windows-ix86+x86_64, r-patched-linux-x86_64, r-patched-solaris-x86, r-release-linux-x86_64, r-release-windows-ix86+x86_64, r-oldrel-windows-ix86+x86_64, r-oldrel-osx-x86_64

Version: 1.0
Check: package dependencies
Result: ERROR
    Packages required but not available: 'sva', 'affyPLM', 'affy', 'Biobase'
    
    Package suggested but not available for checking: ‘ArrayExpress’
    
    See section ‘The DESCRIPTION file’ in the ‘Writing R Extensions’
    manual.
Flavor: r-release-osx-x86_64

Version: 1.0
Check: package dependencies
Result: NOTE
    Package suggested but not available for checking: ‘ArrayExpress’
Flavor: r-oldrel-osx-x86_64