CRAN Package Check Results for Package bapred

Last updated on 2018-07-20 22:50:09 CEST.

Flavor Version Tinstall Tcheck Ttotal Status Flags
r-devel-linux-x86_64-debian-clang 1.0 22.10 286.70 308.80 NOTE
r-devel-linux-x86_64-debian-gcc 1.0 18.15 225.34 243.49 NOTE
r-devel-linux-x86_64-fedora-clang 1.0 342.74 NOTE
r-devel-linux-x86_64-fedora-gcc 1.0 338.70 NOTE
r-devel-windows-ix86+x86_64 1.0 32.00 381.00 413.00 NOTE
r-patched-linux-x86_64 1.0 16.89 241.31 258.20 NOTE
r-patched-solaris-x86 1.0 446.50 NOTE
r-release-linux-x86_64 1.0 18.70 240.39 259.09 NOTE
r-release-windows-ix86+x86_64 1.0 47.00 234.00 281.00 NOTE
r-release-osx-x86_64 1.0 NOTE
r-oldrel-windows-ix86+x86_64 1.0 43.00 242.00 285.00 NOTE
r-oldrel-osx-x86_64 1.0 NOTE

Check Details

Version: 1.0
Check: R code for possible problems
Result: NOTE
    extractAffybatch: no visible global function definition for ‘new’
    Undefined global functions or variables:
     new
    Consider adding
     importFrom("methods", "new")
    to your NAMESPACE file (and ensure that your DESCRIPTION Imports field
    contains 'methods').
Flavors: r-devel-linux-x86_64-debian-clang, r-devel-linux-x86_64-debian-gcc, r-devel-linux-x86_64-fedora-clang, r-devel-linux-x86_64-fedora-gcc, r-devel-windows-ix86+x86_64, r-patched-linux-x86_64, r-patched-solaris-x86, r-release-linux-x86_64, r-release-windows-ix86+x86_64, r-release-osx-x86_64, r-oldrel-windows-ix86+x86_64, r-oldrel-osx-x86_64

Version: 1.0
Check: package dependencies
Result: NOTE
    Package suggested but not available for checking: ‘ArrayExpress’
Flavors: r-release-osx-x86_64, r-oldrel-osx-x86_64