CRAN Package Check Results for Package barplot3d

Last updated on 2021-05-13 22:50:50 CEST.

Flavor Version Tinstall Tcheck Ttotal Status Flags
r-devel-linux-x86_64-debian-clang 1.0.1 2.16 27.12 29.28 NOTE
r-devel-linux-x86_64-debian-gcc 1.0.1 1.80 21.20 23.00 NOTE
r-devel-linux-x86_64-fedora-clang 1.0.1 45.27 NOTE
r-devel-linux-x86_64-fedora-gcc 1.0.1 34.22 NOTE
r-devel-windows-ix86+x86_64 1.0.1 7.00 36.00 43.00 NOTE
r-devel-windows-x86_64-gcc10-UCRT 1.0.1 NOTE
r-patched-linux-x86_64 1.0.1 2.17 26.53 28.70 NOTE
r-patched-solaris-x86 1.0.1 51.00 NOTE
r-release-linux-x86_64 1.0.1 2.12 25.95 28.07 OK
r-release-macos-x86_64 1.0.1 OK
r-release-windows-ix86+x86_64 1.0.1 4.00 41.00 45.00 OK
r-oldrel-macos-x86_64 1.0.1 NOTE
r-oldrel-windows-ix86+x86_64 1.0.1 4.00 43.00 47.00 OK

Check Details

Version: 1.0.1
Check: LazyData
Result: NOTE
     'LazyData' is specified without a 'data' directory
Flavors: r-devel-linux-x86_64-debian-clang, r-devel-linux-x86_64-debian-gcc, r-devel-linux-x86_64-fedora-clang, r-devel-linux-x86_64-fedora-gcc, r-devel-windows-ix86+x86_64, r-devel-windows-x86_64-gcc10-UCRT, r-patched-linux-x86_64, r-patched-solaris-x86

Version: 1.0.1
Check: dependencies in R code
Result: NOTE
    No protocol specified
Flavor: r-oldrel-macos-x86_64