Last updated on 2023-10-04 09:14:58 CEST.
Flavor | Version | Tinstall | Tcheck | Ttotal | Status | Flags |
---|---|---|---|---|---|---|
r-devel-linux-x86_64-debian-clang | 1.2.1 | 4.58 | 27.41 | 31.99 | OK | |
r-devel-linux-x86_64-debian-gcc | 1.2.1 | 3.31 | 21.36 | 24.67 | OK | |
r-devel-linux-x86_64-fedora-clang | 1.2.1 | 38.51 | NOTE | |||
r-devel-linux-x86_64-fedora-gcc | 1.2.1 | 40.44 | OK | |||
r-devel-windows-x86_64 | 1.2.1 | 6.00 | 32.00 | 38.00 | NOTE | |
r-patched-linux-x86_64 | 1.2.1 | 4.21 | 27.12 | 31.33 | OK | |
r-release-linux-x86_64 | 1.2.1 | 3.37 | 27.30 | 30.67 | OK | |
r-release-macos-arm64 | 1.2.1 | 19.00 | NOTE | |||
r-release-macos-x86_64 | 1.2.1 | 24.00 | NOTE | |||
r-release-windows-x86_64 | 1.2.1 | 5.00 | 41.00 | 46.00 | NOTE | |
r-oldrel-macos-arm64 | 1.2.1 | 16.00 | NOTE | |||
r-oldrel-macos-x86_64 | 1.2.1 | 27.00 | NOTE | |||
r-oldrel-windows-x86_64 | 1.2.1 | 33.00 | 66.00 | 99.00 | NOTE |
Version: 1.2.1
Check: installed package size
Result: NOTE
installed size is 9.4Mb
sub-directories of 1Mb or more:
java 9.4Mb
Flavors: r-devel-linux-x86_64-fedora-clang, r-devel-windows-x86_64, r-release-macos-arm64, r-release-macos-x86_64, r-release-windows-x86_64, r-oldrel-macos-arm64, r-oldrel-macos-x86_64, r-oldrel-windows-x86_64