CRAN Package Check Results for Package base64url

Last updated on 2018-02-22 18:47:00 CET.

Flavor Version Tinstall Tcheck Ttotal Status Flags
r-devel-linux-x86_64-debian-clang 1.2 1.52 36.73 38.25 OK
r-devel-linux-x86_64-debian-gcc 1.2 1.18 29.15 30.33 OK
r-devel-linux-x86_64-fedora-clang 1.2 47.90 OK
r-devel-linux-x86_64-fedora-gcc 1.2 45.47 OK
r-devel-windows-ix86+x86_64 1.2 10.00 64.00 74.00 ERROR
r-patched-linux-x86_64 1.2 1.47 41.71 43.18 OK
r-patched-solaris-x86 1.2 62.80 OK
r-release-linux-x86_64 1.2 1.38 41.42 42.80 OK
r-release-windows-ix86+x86_64 1.2 7.00 82.00 89.00 ERROR
r-release-osx-x86_64 1.2 OK
r-oldrel-windows-ix86+x86_64 1.2 7.00 61.00 68.00 ERROR
r-oldrel-osx-x86_64 1.2 OK

Check Details

Version: 1.2
Check: running tests for arch ‘i386’
Result: ERROR
     Running 'testthat.R' [4s]
    Running the tests in 'tests/testthat.R' failed.
    Last 13 lines of output:
     == testthat results ===========================================================
     OK: 104 SKIPPED: 0 FAILED: 70
     1. Failure: encode and decode on random strings (@test_base32.R#10)
     2. Failure: encode and decode on random strings (@test_base32.R#10)
     3. Failure: encode and decode on random strings (@test_base32.R#10)
     4. Failure: encode and decode on random strings (@test_base32.R#10)
     5. Failure: encode and decode on random strings (@test_base32.R#10)
     6. Failure: encode and decode on random strings (@test_base32.R#10)
     7. Failure: encode and decode on random strings (@test_base32.R#10)
     8. Failure: encode and decode on random strings (@test_base32.R#10)
     9. Failure: encode and decode on random strings (@test_base32.R#10)
     1. ...
    
     Error: testthat unit tests failed
     Execution halted
Flavor: r-devel-windows-ix86+x86_64

Version: 1.2
Check: running tests for arch ‘x64’
Result: ERROR
     Running 'testthat.R' [4s]
    Running the tests in 'tests/testthat.R' failed.
    Last 13 lines of output:
     == testthat results ===========================================================
     OK: 104 SKIPPED: 0 FAILED: 70
     1. Failure: encode and decode on random strings (@test_base32.R#10)
     2. Failure: encode and decode on random strings (@test_base32.R#10)
     3. Failure: encode and decode on random strings (@test_base32.R#10)
     4. Failure: encode and decode on random strings (@test_base32.R#10)
     5. Failure: encode and decode on random strings (@test_base32.R#10)
     6. Failure: encode and decode on random strings (@test_base32.R#10)
     7. Failure: encode and decode on random strings (@test_base32.R#10)
     8. Failure: encode and decode on random strings (@test_base32.R#10)
     9. Failure: encode and decode on random strings (@test_base32.R#10)
     1. ...
    
     Error: testthat unit tests failed
     Execution halted
Flavors: r-devel-windows-ix86+x86_64, r-oldrel-windows-ix86+x86_64

Version: 1.2
Check: running tests for arch ‘i386’
Result: ERROR
     Running 'testthat.R' [5s]
    Running the tests in 'tests/testthat.R' failed.
    Last 13 lines of output:
     == testthat results ===========================================================
     OK: 104 SKIPPED: 0 FAILED: 70
     1. Failure: encode and decode on random strings (@test_base32.R#10)
     2. Failure: encode and decode on random strings (@test_base32.R#10)
     3. Failure: encode and decode on random strings (@test_base32.R#10)
     4. Failure: encode and decode on random strings (@test_base32.R#10)
     5. Failure: encode and decode on random strings (@test_base32.R#10)
     6. Failure: encode and decode on random strings (@test_base32.R#10)
     7. Failure: encode and decode on random strings (@test_base32.R#10)
     8. Failure: encode and decode on random strings (@test_base32.R#10)
     9. Failure: encode and decode on random strings (@test_base32.R#10)
     1. ...
    
     Error: testthat unit tests failed
     Execution halted
Flavor: r-release-windows-ix86+x86_64

Version: 1.2
Check: running tests for arch ‘x64’
Result: ERROR
     Running 'testthat.R' [6s]
    Running the tests in 'tests/testthat.R' failed.
    Last 13 lines of output:
     == testthat results ===========================================================
     OK: 104 SKIPPED: 0 FAILED: 70
     1. Failure: encode and decode on random strings (@test_base32.R#10)
     2. Failure: encode and decode on random strings (@test_base32.R#10)
     3. Failure: encode and decode on random strings (@test_base32.R#10)
     4. Failure: encode and decode on random strings (@test_base32.R#10)
     5. Failure: encode and decode on random strings (@test_base32.R#10)
     6. Failure: encode and decode on random strings (@test_base32.R#10)
     7. Failure: encode and decode on random strings (@test_base32.R#10)
     8. Failure: encode and decode on random strings (@test_base32.R#10)
     9. Failure: encode and decode on random strings (@test_base32.R#10)
     1. ...
    
     Error: testthat unit tests failed
     Execution halted
Flavor: r-release-windows-ix86+x86_64

Version: 1.2
Check: running tests for arch ‘i386’
Result: ERROR
     Running 'testthat.R' [3s]
    Running the tests in 'tests/testthat.R' failed.
    Last 13 lines of output:
     == testthat results ===========================================================
     OK: 104 SKIPPED: 0 FAILED: 70
     1. Failure: encode and decode on random strings (@test_base32.R#10)
     2. Failure: encode and decode on random strings (@test_base32.R#10)
     3. Failure: encode and decode on random strings (@test_base32.R#10)
     4. Failure: encode and decode on random strings (@test_base32.R#10)
     5. Failure: encode and decode on random strings (@test_base32.R#10)
     6. Failure: encode and decode on random strings (@test_base32.R#10)
     7. Failure: encode and decode on random strings (@test_base32.R#10)
     8. Failure: encode and decode on random strings (@test_base32.R#10)
     9. Failure: encode and decode on random strings (@test_base32.R#10)
     1. ...
    
     Error: testthat unit tests failed
     Execution halted
Flavor: r-oldrel-windows-ix86+x86_64