CRAN Package Check Results for Package baseballDBR

Last updated on 2018-11-17 12:51:15 CET.

Flavor Version Tinstall Tcheck Ttotal Status Flags
r-devel-linux-x86_64-debian-clang 0.1.2 3.62 41.40 45.02 OK
r-devel-linux-x86_64-debian-gcc 0.1.2 3.03 35.78 38.81 OK
r-devel-linux-x86_64-fedora-clang 0.1.2 52.22 OK
r-devel-linux-x86_64-fedora-gcc 0.1.2 46.41 OK
r-devel-windows-ix86+x86_64 0.1.2 10.00 90.00 100.00 ERROR
r-patched-linux-x86_64 0.1.2 3.87 39.08 42.95 NOTE
r-patched-solaris-x86 0.1.2 81.90 OK
r-release-linux-x86_64 0.1.2 3.25 40.11 43.36 NOTE
r-release-windows-ix86+x86_64 0.1.2 9.00 101.00 110.00 ERROR
r-release-osx-x86_64 0.1.2 OK
r-oldrel-windows-ix86+x86_64 0.1.2 13.00 115.00 128.00 ERROR
r-oldrel-osx-x86_64 0.1.2 OK

Check Details

Version: 0.1.2
Check: tests
Result: ERROR
     Running 'testthat.R' [5s]
    Running the tests in 'tests/testthat.R' failed.
    Complete output:
     > library(testthat)
     > library(baseballDBR)
     >
     > test_check("baseballDBR")
     -- 1. Failure: (unknown) (@test-check_urls.R#25) ------------------------------
     urlExists("http://www.fangraphs.com/guts.aspx?type=cn") isn't true.
    
     == testthat results ===========================================================
     OK: 2 SKIPPED: 0 FAILED: 1
     1. Failure: (unknown) (@test-check_urls.R#25)
    
     Error: testthat unit tests failed
     Execution halted
Flavor: r-devel-windows-ix86+x86_64

Version: 0.1.2
Check: DESCRIPTION meta-information
Result: NOTE
    Dependence on R version ‘3.3.3’ not with patchlevel 0
Flavors: r-patched-linux-x86_64, r-release-linux-x86_64

Version: 0.1.2
Check: tests
Result: ERROR
     Running 'testthat.R' [9s]
    Running the tests in 'tests/testthat.R' failed.
    Complete output:
     > library(testthat)
     > library(baseballDBR)
     >
     > test_check("baseballDBR")
     -- 1. Failure: (unknown) (@test-check_urls.R#25) ------------------------------
     urlExists("http://www.fangraphs.com/guts.aspx?type=cn") isn't true.
    
     == testthat results ===========================================================
     OK: 2 SKIPPED: 0 FAILED: 1
     1. Failure: (unknown) (@test-check_urls.R#25)
    
     Error: testthat unit tests failed
     Execution halted
Flavor: r-release-windows-ix86+x86_64

Version: 0.1.2
Check: tests
Result: ERROR
     Running 'testthat.R' [7s]
    Running the tests in 'tests/testthat.R' failed.
    Complete output:
     > library(testthat)
     > library(baseballDBR)
     >
     > test_check("baseballDBR")
     -- 1. Failure: (unknown) (@test-check_urls.R#25) ------------------------------
     urlExists("http://www.fangraphs.com/guts.aspx?type=cn") isn't true.
    
     == testthat results ===========================================================
     OK: 2 SKIPPED: 0 FAILED: 1
     1. Failure: (unknown) (@test-check_urls.R#25)
    
     Error: testthat unit tests failed
     In addition: Warning message:
     closing unused connection 3 (http://www.fangraphs.com/guts.aspx?type=cn)
     Execution halted
Flavor: r-oldrel-windows-ix86+x86_64