CRAN Package Check Results for Package baseballDBR

Last updated on 2018-08-21 06:49:57 CEST.

Flavor Version Tinstall Tcheck Ttotal Status Flags
r-devel-linux-x86_64-debian-clang 0.1.2 4.05 43.75 47.80 OK
r-devel-linux-x86_64-debian-gcc 0.1.2 2.98 38.21 41.19 OK
r-devel-linux-x86_64-fedora-clang 0.1.2 55.70 OK
r-devel-linux-x86_64-fedora-gcc 0.1.2 54.52 OK
r-devel-windows-ix86+x86_64 0.1.2 10.00 75.00 85.00 ERROR
r-patched-linux-x86_64 0.1.2 2.85 40.64 43.49 NOTE
r-patched-solaris-x86 0.1.2 81.50 OK
r-release-linux-x86_64 0.1.2 3.06 39.08 42.14 NOTE
r-release-windows-ix86+x86_64 0.1.2 9.00 74.00 83.00 ERROR
r-release-osx-x86_64 0.1.2 OK
r-oldrel-windows-ix86+x86_64 0.1.2 6.00 82.00 88.00 ERROR
r-oldrel-osx-x86_64 0.1.2 OK

Check Details

Version: 0.1.2
Check: tests
Result: ERROR
     Running 'testthat.R' [4s]
    Running the tests in 'tests/testthat.R' failed.
    Complete output:
     > library(testthat)
     > library(baseballDBR)
     >
     > test_check("baseballDBR")
     -- 1. Failure: (unknown) (@test-check_urls.R#25) ------------------------------
     urlExists("http://www.fangraphs.com/guts.aspx?type=cn") isn't true.
    
     == testthat results ===========================================================
     OK: 2 SKIPPED: 0 FAILED: 1
     1. Failure: (unknown) (@test-check_urls.R#25)
    
     Error: testthat unit tests failed
     Execution halted
Flavors: r-devel-windows-ix86+x86_64, r-release-windows-ix86+x86_64

Version: 0.1.2
Check: DESCRIPTION meta-information
Result: NOTE
    Dependence on R version ‘3.3.3’ not with patchlevel 0
Flavors: r-patched-linux-x86_64, r-release-linux-x86_64

Version: 0.1.2
Check: tests
Result: ERROR
     Running 'testthat.R' [3s]
    Running the tests in 'tests/testthat.R' failed.
    Complete output:
     > library(testthat)
     > library(baseballDBR)
     >
     > test_check("baseballDBR")
     -- 1. Failure: (unknown) (@test-check_urls.R#25) ------------------------------
     urlExists("http://www.fangraphs.com/guts.aspx?type=cn") isn't true.
    
     == testthat results ===========================================================
     OK: 2 SKIPPED: 0 FAILED: 1
     1. Failure: (unknown) (@test-check_urls.R#25)
    
     Error: testthat unit tests failed
     In addition: Warning message:
     In if (!missing(a) && mayCallBrowser(a, cntxt)) return(TRUE) :
     closing unused connection 3 (http://www.fangraphs.com/guts.aspx?type=cn)
     Execution halted
Flavor: r-oldrel-windows-ix86+x86_64