CRAN Package Check Results for Package baseballDBR

Last updated on 2019-02-17 21:47:25 CET.

Flavor Version Tinstall Tcheck Ttotal Status Flags
r-devel-linux-x86_64-debian-clang 0.1.2 3.99 46.02 50.01 OK
r-devel-linux-x86_64-debian-gcc 0.1.2 2.90 38.14 41.04 OK
r-devel-linux-x86_64-fedora-clang 0.1.2 60.76 OK
r-devel-linux-x86_64-fedora-gcc 0.1.2 61.48 OK
r-devel-windows-ix86+x86_64 0.1.2 11.00 81.00 92.00 OK
r-patched-linux-x86_64 0.1.2 3.44 39.96 43.40 NOTE
r-patched-solaris-x86 0.1.2 79.90 OK
r-release-linux-x86_64 0.1.2 NOTE
r-release-windows-ix86+x86_64 0.1.2 6.00 70.00 76.00 ERROR
r-release-osx-x86_64 0.1.2 OK
r-oldrel-windows-ix86+x86_64 0.1.2 12.00 81.00 93.00 ERROR
r-oldrel-osx-x86_64 0.1.2 OK

Check Details

Version: 0.1.2
Check: DESCRIPTION meta-information
Result: NOTE
    Dependence on R version ‘3.3.3’ not with patchlevel 0
Flavors: r-patched-linux-x86_64, r-release-linux-x86_64

Version: 0.1.2
Check: tests
Result: ERROR
     Running 'testthat.R' [4s]
    Running the tests in 'tests/testthat.R' failed.
    Complete output:
     > library(testthat)
     > library(baseballDBR)
     >
     > test_check("baseballDBR")
     -- 1. Failure: (unknown) (@test-check_urls.R#25) ------------------------------
     urlExists("http://www.fangraphs.com/guts.aspx?type=cn") isn't true.
    
     == testthat results ===========================================================
     OK: 2 SKIPPED: 0 FAILED: 1
     1. Failure: (unknown) (@test-check_urls.R#25)
    
     Error: testthat unit tests failed
     Execution halted
Flavor: r-release-windows-ix86+x86_64

Version: 0.1.2
Check: tests
Result: ERROR
     Running 'testthat.R' [5s]
    Running the tests in 'tests/testthat.R' failed.
    Complete output:
     > library(testthat)
     > library(baseballDBR)
     >
     > test_check("baseballDBR")
     -- 1. Failure: (unknown) (@test-check_urls.R#25) ------------------------------
     urlExists("http://www.fangraphs.com/guts.aspx?type=cn") isn't true.
    
     == testthat results ===========================================================
     OK: 2 SKIPPED: 0 FAILED: 1
     1. Failure: (unknown) (@test-check_urls.R#25)
    
     Error: testthat unit tests failed
     In addition: Warning message:
     closing unused connection 3 (http://www.fangraphs.com/guts.aspx?type=cn)
     Execution halted
Flavor: r-oldrel-windows-ix86+x86_64