CRAN Package Check Results for Package basictabler

Last updated on 2018-02-24 02:50:32 CET.

Flavor Version Tinstall Tcheck Ttotal Status Flags
r-devel-linux-x86_64-debian-clang 0.1.0 8.00 58.23 66.23 OK
r-devel-linux-x86_64-debian-gcc 0.1.0 8.29 46.82 55.11 OK
r-devel-linux-x86_64-fedora-clang 0.1.0 79.69 NOTE
r-devel-linux-x86_64-fedora-gcc 0.1.0 76.36 NOTE
r-devel-windows-ix86+x86_64 0.1.0 19.00 93.00 112.00 OK
r-patched-linux-x86_64 0.1.0 2.35 65.05 67.40 OK
r-patched-solaris-x86 0.1.0 77.30 WARN
r-release-linux-x86_64 0.1.0 1.89 63.50 65.39 OK
r-release-windows-ix86+x86_64 0.1.0 9.00 103.00 112.00 OK
r-release-osx-x86_64 0.1.0 WARN
r-oldrel-windows-ix86+x86_64 0.1.0 5.00 70.00 75.00 OK
r-oldrel-osx-x86_64 0.1.0 WARN

Check Details

Version: 0.1.0
Check: dependencies in R code
Result: NOTE
    Namespace in Imports field not imported from: ‘dplyr’
     All declared Imports should be used.
Flavors: r-devel-linux-x86_64-fedora-clang, r-devel-linux-x86_64-fedora-gcc, r-patched-solaris-x86, r-release-osx-x86_64, r-oldrel-osx-x86_64

Version: 0.1.0
Check: re-building of vignette outputs
Result: WARN
    Error in re-building vignettes:
     ...
    Warning in engine$weave(file, quiet = quiet, encoding = enc) :
     Pandoc (>= 1.12.3) and/or pandoc-citeproc not available. Falling back to R Markdown v1.
    PhantomJS not found. You can install it with webshot::install_phantomjs(). If it is installed, please make sure the phantomjs executable can be found via the PATH variable.
    Quitting from lines 46-49 (v01-introduction.Rmd)
    Error: processing vignette 'v01-introduction.Rmd' failed with diagnostics:
    cannot open the connection
    Execution halted
Flavors: r-patched-solaris-x86, r-release-osx-x86_64, r-oldrel-osx-x86_64