CRAN Package Check Results for Package batata

Last updated on 2021-05-16 21:47:31 CEST.

Flavor Version Tinstall Tcheck Ttotal Status Flags
r-devel-linux-x86_64-debian-clang 0.2.1 2.45 27.43 29.88 NOTE
r-devel-linux-x86_64-debian-gcc 0.2.1 1.94 21.38 23.32 NOTE
r-devel-linux-x86_64-fedora-clang 0.2.1 43.73 NOTE
r-devel-linux-x86_64-fedora-gcc 0.2.1 36.60 NOTE
r-devel-windows-ix86+x86_64 0.2.1 6.00 43.00 49.00 NOTE
r-devel-windows-x86_64-gcc10-UCRT 0.2.1 NOTE
r-patched-linux-x86_64 0.2.1 2.37 26.74 29.11 NOTE
r-patched-solaris-x86 0.2.1 51.80 NOTE
r-release-linux-x86_64 0.2.1 2.32 25.86 28.18 OK
r-release-macos-x86_64 0.2.1 OK
r-release-windows-ix86+x86_64 0.2.1 4.00 31.00 35.00 OK
r-oldrel-macos-x86_64 0.2.1 ERROR
r-oldrel-windows-ix86+x86_64 0.2.1 3.00 44.00 47.00 ERROR

Check Details

Version: 0.2.1
Check: LazyData
Result: NOTE
     'LazyData' is specified without a 'data' directory
Flavors: r-devel-linux-x86_64-debian-clang, r-devel-linux-x86_64-debian-gcc, r-devel-linux-x86_64-fedora-clang, r-devel-linux-x86_64-fedora-gcc, r-devel-windows-ix86+x86_64, r-devel-windows-x86_64-gcc10-UCRT, r-patched-linux-x86_64, r-patched-solaris-x86

Version: 0.2.1
Check: tests
Result: ERROR
     Running ‘testthat.R’ [4s/5s]
    Running the tests in ‘tests/testthat.R’ failed.
    Last 13 lines of output:
     > library(testthat)
     > library(batata)
     >
     > test_check("batata")
     ══ Skipped tests ═══════════════════════════════════════════════════════════════
     • On CRAN (1)
    
     ══ Failed tests ════════════════════════════════════════════════════════════════
     ── Failure (test-test-latest-packages.R:87:3): the first column of latest_packages() is of type character ──
     data$packages has type 'integer', not 'character'.
    
     [ FAIL 1 | WARN 0 | SKIP 1 | PASS 40 ]
     Error: Test failures
     Execution halted
Flavor: r-oldrel-macos-x86_64

Version: 0.2.1
Check: tests
Result: ERROR
     Running 'testthat.R' [3s]
    Running the tests in 'tests/testthat.R' failed.
    Complete output:
     > library(testthat)
     > library(batata)
     >
     > test_check("batata")
     == Skipped tests ===============================================================
     * On CRAN (1)
    
     == Failed tests ================================================================
     -- Failure (test-test-latest-packages.R:87:3): the first column of latest_packages() is of type character --
     data$packages has type 'integer', not 'character'.
    
     [ FAIL 1 | WARN 0 | SKIP 1 | PASS 40 ]
     Error: Test failures
     Execution halted
Flavor: r-oldrel-windows-ix86+x86_64