CRAN Package Check Results for Package batchtools

Last updated on 2018-08-19 09:47:55 CEST.

Flavor Version Tinstall Tcheck Ttotal Status Flags
r-devel-linux-x86_64-debian-clang 0.9.11 7.64 131.13 138.77 OK
r-devel-linux-x86_64-debian-gcc 0.9.11 8.36 107.50 115.86 OK
r-devel-linux-x86_64-fedora-clang 0.9.11 98.56 OK
r-devel-linux-x86_64-fedora-gcc 0.9.11 154.71 OK
r-devel-windows-ix86+x86_64 0.9.11 31.00 342.00 373.00 OK
r-patched-linux-x86_64 0.9.11 7.50 116.51 124.01 OK
r-patched-solaris-x86 0.9.11 224.50 OK
r-release-linux-x86_64 0.9.11 7.92 122.96 130.88 OK
r-release-windows-ix86+x86_64 0.9.11 28.00 337.00 365.00 OK
r-release-osx-x86_64 0.9.11 NOTE
r-oldrel-windows-ix86+x86_64 0.9.11 19.00 254.00 273.00 OK
r-oldrel-osx-x86_64 0.9.11 NOTE

Check Details

Version: 0.9.11
Check: package dependencies
Result: NOTE
    Package suggested but not available for checking: ‘doMPI’
Flavors: r-release-osx-x86_64, r-oldrel-osx-x86_64

Version: 0.9.11
Check: Rd cross-references
Result: NOTE
    Package unavailable to check Rd xrefs: ‘Rmpi’
Flavors: r-release-osx-x86_64, r-oldrel-osx-x86_64