CRAN Package Check Results for Package batchtools

Last updated on 2018-11-21 08:48:30 CET.

Flavor Version Tinstall Tcheck Ttotal Status Flags
r-devel-linux-x86_64-debian-clang 0.9.11 11.95 126.47 138.42 OK
r-devel-linux-x86_64-debian-gcc 0.9.11 7.06 104.95 112.01 OK
r-devel-linux-x86_64-fedora-clang 0.9.11 134.27 OK
r-devel-linux-x86_64-fedora-gcc 0.9.11 125.64 OK
r-devel-windows-ix86+x86_64 0.9.11 28.00 346.00 374.00 OK
r-patched-linux-x86_64 0.9.11 10.25 117.46 127.71 OK
r-patched-solaris-x86 0.9.11 255.70 OK
r-release-linux-x86_64 0.9.11 8.71 113.03 121.74 OK
r-release-windows-ix86+x86_64 0.9.11 20.00 375.00 395.00 OK
r-release-osx-x86_64 0.9.11 NOTE
r-oldrel-windows-ix86+x86_64 0.9.11 24.00 302.00 326.00 OK
r-oldrel-osx-x86_64 0.9.11 NOTE

Check Details

Version: 0.9.11
Check: package dependencies
Result: NOTE
    Package suggested but not available for checking: ‘doMPI’
Flavors: r-release-osx-x86_64, r-oldrel-osx-x86_64

Version: 0.9.11
Check: Rd cross-references
Result: NOTE
    Package unavailable to check Rd xrefs: ‘Rmpi’
Flavors: r-release-osx-x86_64, r-oldrel-osx-x86_64