CRAN Package Check Results for Package batchtools

Last updated on 2018-05-26 10:49:01 CEST.

Flavor Version Tinstall Tcheck Ttotal Status Flags
r-devel-linux-x86_64-debian-clang 0.9.10 8.27 133.75 142.02 OK
r-devel-linux-x86_64-debian-gcc 0.9.10 7.67 104.68 112.35 OK
r-devel-linux-x86_64-fedora-clang 0.9.10 177.51 OK
r-devel-linux-x86_64-fedora-gcc 0.9.10 166.40 OK
r-devel-windows-ix86+x86_64 0.9.10 19.00 240.00 259.00 OK
r-patched-linux-x86_64 0.9.10 7.46 128.83 136.29 OK
r-patched-solaris-x86 0.9.10 242.40 OK
r-release-linux-x86_64 0.9.10 10.49 126.44 136.93 OK
r-release-windows-ix86+x86_64 0.9.10 28.00 348.00 376.00 OK
r-release-osx-x86_64 0.9.10 ERROR
r-oldrel-windows-ix86+x86_64 0.9.10 27.00 246.00 273.00 OK
r-oldrel-osx-x86_64 0.9.8 NOTE

Check Details

Version: 0.9.10
Check: package dependencies
Result: NOTE
    Package suggested but not available for checking: ‘doMPI’
Flavor: r-release-osx-x86_64

Version: 0.9.10
Check: Rd cross-references
Result: NOTE
    Package unavailable to check Rd xrefs: ‘Rmpi’
Flavor: r-release-osx-x86_64

Version: 0.9.10
Check: tests
Result: ERROR
     Running ‘testthat.R’ [30s/46s]
    Running the tests in ‘tests/testthat.R’ failed.
    Last 13 lines of output:
     Loading required package: data.table
     >
     > test_check("batchtools")
     ── 1. Failure: findConfFile (@test_findConfFile.R#7) ──────────────────────────
     findConfFile() not equal to fs::path_abs(fn).
     1/1 mismatches
     x[1]: "/private/tmp/RtmpxSHUKX/batchtools.conf.R"
     y[1]: "/tmp/RtmpxSHUKX/batchtools.conf.R"
    
     ══ testthat results ═══════════════════════════════════════════════════════════
     OK: 1453 SKIPPED: 7 FAILED: 1
     1. Failure: findConfFile (@test_findConfFile.R#7)
    
     Error: testthat unit tests failed
     Execution halted
Flavor: r-release-osx-x86_64

Version: 0.9.8
Check: package dependencies
Result: NOTE
    Package suggested but not available for checking: ‘doMPI’
Flavor: r-oldrel-osx-x86_64

Version: 0.9.8
Check: Rd cross-references
Result: NOTE
    Package unavailable to check Rd xrefs: ‘Rmpi’
Flavor: r-oldrel-osx-x86_64