CRAN Package Check Results for Package batchtools

Last updated on 2019-02-21 07:48:27 CET.

Flavor Version Tinstall Tcheck Ttotal Status Flags
r-devel-linux-x86_64-debian-clang 0.9.11 10.11 313.60 323.71 OK
r-devel-linux-x86_64-debian-gcc 0.9.11 8.54 357.60 366.14 OK
r-devel-linux-x86_64-fedora-clang 0.9.11 220.21 OK
r-devel-linux-x86_64-fedora-gcc 0.9.11 184.59 OK
r-devel-windows-ix86+x86_64 0.9.11 30.00 354.00 384.00 OK
r-patched-linux-x86_64 0.9.11 OK
r-patched-solaris-x86 0.9.11 247.10 OK
r-release-linux-x86_64 0.9.11 OK
r-release-windows-ix86+x86_64 0.9.11 20.00 358.00 378.00 OK
r-release-osx-x86_64 0.9.11 NOTE
r-oldrel-windows-ix86+x86_64 0.9.11 20.00 283.00 303.00 OK
r-oldrel-osx-x86_64 0.9.11 NOTE

Check Details

Version: 0.9.11
Check: package dependencies
Result: NOTE
    Package suggested but not available for checking: ‘doMPI’
Flavors: r-release-osx-x86_64, r-oldrel-osx-x86_64

Version: 0.9.11
Check: Rd cross-references
Result: NOTE
    Package unavailable to check Rd xrefs: ‘Rmpi’
Flavors: r-release-osx-x86_64, r-oldrel-osx-x86_64