CRAN Package Check Results for Package batman

Last updated on 2022-05-26 18:48:57 CEST.

Flavor Version Tinstall Tcheck Ttotal Status Flags
r-devel-linux-x86_64-debian-clang 0.1.0 23.34 37.27 60.61 OK
r-devel-linux-x86_64-debian-gcc 0.1.0 17.68 32.90 50.58 OK
r-devel-linux-x86_64-fedora-clang 0.1.0 85.91 NOTE
r-devel-linux-x86_64-fedora-gcc 0.1.0 74.67 NOTE
r-devel-windows-x86_64 0.1.0 27.00 73.00 100.00 OK
r-patched-linux-x86_64 0.1.0 20.62 36.18 56.80 OK
r-release-linux-x86_64 0.1.0 18.66 36.72 55.38 OK
r-release-macos-arm64 0.1.0 21.00 NOTE
r-release-macos-x86_64 0.1.0 33.00 NOTE
r-release-windows-x86_64 0.1.0 27.00 73.00 100.00 OK
r-oldrel-macos-arm64 0.1.0 26.00 NOTE
r-oldrel-macos-x86_64 0.1.0 44.00 NOTE
r-oldrel-windows-ix86+x86_64 0.1.0 61.00 76.00 137.00 OK

Check Details

Version: 0.1.0
Check: data for non-ASCII characters
Result: NOTE
     Note: found 19 marked UTF-8 strings
Flavors: r-devel-linux-x86_64-fedora-clang, r-devel-linux-x86_64-fedora-gcc, r-release-macos-arm64, r-release-macos-x86_64, r-oldrel-macos-arm64, r-oldrel-macos-x86_64

Version: 0.1.0
Check: compiled code
Result: NOTE
    File ‘batman/libs/batman.so’:
     Found no calls to: ‘R_registerRoutines’, ‘R_useDynamicSymbols’
    
    It is good practice to register native routines and to disable symbol
    search.
    
    See ‘Writing portable packages’ in the ‘Writing R Extensions’ manual.
Flavors: r-devel-linux-x86_64-fedora-clang, r-devel-linux-x86_64-fedora-gcc