CRAN Package Check Results for Package bayMDS

Last updated on 2022-06-30 03:53:17 CEST.

Flavor Version Tinstall Tcheck Ttotal Status Flags
r-devel-linux-x86_64-debian-clang 1.6 36.22 49.99 86.21 OK
r-devel-linux-x86_64-debian-gcc 1.6 28.29 37.45 65.74 OK
r-devel-linux-x86_64-fedora-clang 1.6 128.59 NOTE
r-devel-linux-x86_64-fedora-gcc 1.6 118.75 NOTE
r-devel-windows-x86_64 1.6 33.00 101.00 134.00 OK
r-patched-linux-x86_64 1.6 31.07 47.76 78.83 OK
r-release-linux-x86_64 1.6 28.73 47.28 76.01 OK
r-release-macos-arm64 1.6 33.00 NOTE
r-release-macos-x86_64 1.6 55.00 NOTE
r-release-windows-x86_64 1.6 36.00 98.00 134.00 OK
r-oldrel-macos-arm64 1.6 33.00 NOTE
r-oldrel-macos-x86_64 1.6 45.00 NOTE
r-oldrel-windows-ix86+x86_64 1.6 88.00 125.00 213.00 OK

Check Details

Version: 1.6
Check: dependencies in R code
Result: NOTE
    Namespaces in Imports field not imported from:
     ‘gridExtra’ ‘rgl’
     All declared Imports should be used.
Flavors: r-devel-linux-x86_64-fedora-clang, r-devel-linux-x86_64-fedora-gcc, r-release-macos-arm64, r-release-macos-x86_64, r-oldrel-macos-arm64, r-oldrel-macos-x86_64