CRAN Package Check Results for Package bayesAB

Last updated on 2018-05-23 15:47:24 CEST.

Flavor Version Tinstall Tcheck Ttotal Status Flags
r-devel-linux-x86_64-debian-clang 1.1.0 13.05 89.47 102.52 OK
r-devel-linux-x86_64-debian-gcc 1.1.0 0.36 1.49 1.85 ERROR
r-devel-linux-x86_64-fedora-clang 1.1.0 119.72 OK
r-devel-linux-x86_64-fedora-gcc 1.1.0 110.56 OK
r-devel-windows-ix86+x86_64 1.1.0 27.00 212.00 239.00 OK
r-patched-linux-x86_64 1.1.0 15.23 79.98 95.21 OK
r-patched-solaris-x86 1.1.0 164.80 OK
r-release-linux-x86_64 1.1.0 15.39 79.99 95.38 OK
r-release-windows-ix86+x86_64 1.1.0 38.00 205.00 243.00 OK
r-release-osx-x86_64 1.1.0 OK
r-oldrel-windows-ix86+x86_64 1.1.0 37.00 226.00 263.00 OK
r-oldrel-osx-x86_64 1.1.0 OK

Check Details

Version: 1.1.0
Check: package dependencies
Result: ERROR
    Package required but not available: ‘ggplot2’
    
    See section ‘The DESCRIPTION file’ in the ‘Writing R Extensions’
    manual.
Flavor: r-devel-linux-x86_64-debian-gcc