CRAN Package Check Results for Package bayesDP

Last updated on 2018-02-25 20:46:34 CET.

Flavor Version Tinstall Tcheck Ttotal Status Flags
r-devel-linux-x86_64-debian-clang 1.3.0 35.48 96.28 131.76 OK
r-devel-linux-x86_64-debian-gcc 1.3.0 31.20 75.89 107.09 OK
r-devel-linux-x86_64-fedora-clang 1.3.0 169.97 NOTE
r-devel-linux-x86_64-fedora-gcc 1.3.0 164.19 NOTE
r-devel-windows-ix86+x86_64 1.3.0 94.00 168.00 262.00 OK
r-patched-linux-x86_64 1.3.0 37.81 107.31 145.12 OK
r-patched-solaris-x86 1.3.0 212.30 NOTE
r-release-linux-x86_64 1.3.0 37.91 106.97 144.88 OK
r-release-windows-ix86+x86_64 1.3.0 95.00 160.00 255.00 OK
r-release-osx-x86_64 1.3.0 NOTE
r-oldrel-windows-ix86+x86_64 1.3.0 72.00 128.00 200.00 OK
r-oldrel-osx-x86_64 1.3.0 NOTE

Check Details

Version: 1.3.0
Check: dependencies in R code
Result: NOTE
    Namespace in Imports field not imported from: ‘Rcpp’
     All declared Imports should be used.
Flavors: r-devel-linux-x86_64-fedora-clang, r-devel-linux-x86_64-fedora-gcc, r-patched-solaris-x86, r-release-osx-x86_64, r-oldrel-osx-x86_64