CRAN Package Check Results for Package bayesDP

Last updated on 2018-11-15 13:47:27 CET.

Flavor Version Tinstall Tcheck Ttotal Status Flags
r-devel-linux-x86_64-debian-clang 1.3.2 44.50 100.34 144.84 OK
r-devel-linux-x86_64-debian-gcc 1.3.2 40.11 88.35 128.46 OK
r-devel-linux-x86_64-fedora-clang 1.3.2 151.09 NOTE
r-devel-linux-x86_64-fedora-gcc 1.3.2 147.50 NOTE
r-devel-windows-ix86+x86_64 1.3.2 69.00 150.00 219.00 OK
r-patched-linux-x86_64 1.3.2 50.62 92.86 143.48 OK
r-patched-solaris-x86 1.3.2 225.20 NOTE
r-release-linux-x86_64 1.3.2 47.45 89.37 136.82 OK
r-release-windows-ix86+x86_64 1.3.2 108.00 183.00 291.00 OK
r-release-osx-x86_64 1.3.2 NOTE
r-oldrel-windows-ix86+x86_64 1.3.2 99.00 189.00 288.00 OK
r-oldrel-osx-x86_64 1.3.2 NOTE

Check Details

Version: 1.3.2
Check: dependencies in R code
Result: NOTE
    Namespace in Imports field not imported from: ‘Rcpp’
     All declared Imports should be used.
Flavors: r-devel-linux-x86_64-fedora-clang, r-devel-linux-x86_64-fedora-gcc, r-patched-solaris-x86, r-release-osx-x86_64, r-oldrel-osx-x86_64