CRAN Package Check Results for Package bayesDP

Last updated on 2018-05-26 04:50:37 CEST.

Flavor Version Tinstall Tcheck Ttotal Status Flags
r-devel-linux-x86_64-debian-clang 1.3.1 41.09 104.91 146.00 OK
r-devel-linux-x86_64-debian-gcc 1.3.1 37.00 81.88 118.88 OK
r-devel-linux-x86_64-fedora-clang 1.3.1 191.36 NOTE
r-devel-linux-x86_64-fedora-gcc 1.3.1 175.43 NOTE
r-devel-windows-ix86+x86_64 1.3.1 76.00 130.00 206.00 OK
r-patched-linux-x86_64 1.3.1 46.23 93.62 139.85 OK
r-patched-solaris-x86 1.3.1 200.50 NOTE
r-release-linux-x86_64 1.3.1 44.31 91.77 136.08 OK
r-release-windows-ix86+x86_64 1.3.1 96.00 173.00 269.00 OK
r-release-osx-x86_64 1.3.1 NOTE
r-oldrel-windows-ix86+x86_64 1.3.1 97.00 125.00 222.00 OK
r-oldrel-osx-x86_64 1.3.1 NOTE

Check Details

Version: 1.3.1
Check: dependencies in R code
Result: NOTE
    Namespace in Imports field not imported from: ‘Rcpp’
     All declared Imports should be used.
Flavors: r-devel-linux-x86_64-fedora-clang, r-devel-linux-x86_64-fedora-gcc, r-patched-solaris-x86, r-release-osx-x86_64, r-oldrel-osx-x86_64