CRAN Package Check Results for Package bayesDP

Last updated on 2018-08-19 22:53:05 CEST.

Flavor Version Tinstall Tcheck Ttotal Status Flags
r-devel-linux-x86_64-debian-clang 1.3.2 38.68 108.10 146.78 OK
r-devel-linux-x86_64-debian-gcc 1.3.2 40.14 88.15 128.29 OK
r-devel-linux-x86_64-fedora-clang 1.3.2 192.01 NOTE
r-devel-linux-x86_64-fedora-gcc 1.3.2 193.20 NOTE
r-devel-windows-ix86+x86_64 1.3.2 86.00 192.00 278.00 OK
r-patched-linux-x86_64 1.3.2 44.94 88.77 133.71 OK
r-patched-solaris-x86 1.3.2 216.00 NOTE
r-release-linux-x86_64 1.3.2 46.85 92.18 139.03 OK
r-release-windows-ix86+x86_64 1.3.2 103.00 182.00 285.00 OK
r-release-osx-x86_64 1.3.2 NOTE
r-oldrel-windows-ix86+x86_64 1.3.2 66.00 139.00 205.00 OK
r-oldrel-osx-x86_64 1.3.2 NOTE

Check Details

Version: 1.3.2
Check: dependencies in R code
Result: NOTE
    Namespace in Imports field not imported from: ‘Rcpp’
     All declared Imports should be used.
Flavors: r-devel-linux-x86_64-fedora-clang, r-devel-linux-x86_64-fedora-gcc, r-patched-solaris-x86, r-release-osx-x86_64, r-oldrel-osx-x86_64