Last updated on 2025-01-20 04:48:22 CET.
Flavor | Version | Tinstall | Tcheck | Ttotal | Status | Flags |
---|---|---|---|---|---|---|
r-devel-linux-x86_64-debian-clang | 0.2.1 | 41.19 | 54.76 | 95.95 | OK | |
r-devel-linux-x86_64-debian-gcc | 0.2.1 | 30.08 | 38.04 | 68.12 | OK | |
r-devel-linux-x86_64-fedora-clang | 0.2.1 | 185.28 | OK | |||
r-devel-linux-x86_64-fedora-gcc | 0.2.1 | 173.47 | OK | |||
r-devel-windows-x86_64 | 0.2.1 | 46.00 | 86.00 | 132.00 | OK | |
r-patched-linux-x86_64 | 0.2.1 | 40.14 | 49.15 | 89.29 | OK | |
r-release-linux-x86_64 | 0.2.1 | 40.40 | 50.14 | 90.54 | OK | |
r-release-macos-arm64 | 0.2.1 | 47.00 | NOTE | |||
r-release-macos-x86_64 | 0.2.1 | 81.00 | NOTE | |||
r-release-windows-x86_64 | 0.2.1 | 45.00 | 87.00 | 132.00 | NOTE | |
r-oldrel-macos-arm64 | 0.2.1 | 51.00 | NOTE | |||
r-oldrel-macos-x86_64 | 0.2.1 | 92.00 | NOTE | |||
r-oldrel-windows-x86_64 | 0.2.1 | 53.00 | 107.00 | 160.00 | NOTE |
Version: 0.2.1
Check: installed package size
Result: NOTE
installed size is 6.4Mb
sub-directories of 1Mb or more:
extdata 4.1Mb
libs 2.2Mb
Flavors: r-release-macos-arm64, r-release-macos-x86_64, r-release-windows-x86_64, r-oldrel-macos-arm64, r-oldrel-macos-x86_64, r-oldrel-windows-x86_64