CRAN Package Check Results for Package bayesImageS

Last updated on 2019-09-16 22:49:17 CEST.

Flavor Version Tinstall Tcheck Ttotal Status Flags
r-devel-linux-x86_64-debian-clang 0.6-0 60.57 105.30 165.87 OK
r-devel-linux-x86_64-debian-gcc 0.6-0 55.05 80.83 135.88 OK
r-devel-linux-x86_64-fedora-clang 0.6-0 227.00 NOTE
r-devel-linux-x86_64-fedora-gcc 0.6-0 225.99 OK
r-devel-windows-ix86+x86_64 0.6-0 156.00 186.00 342.00 OK
r-patched-linux-x86_64 0.6-0 54.49 97.20 151.69 OK
r-patched-solaris-x86 0.6-0 279.80 OK
r-release-linux-x86_64 0.6-0 57.29 104.46 161.75 OK
r-release-windows-ix86+x86_64 0.6-0 107.00 139.00 246.00 OK
r-release-osx-x86_64 0.6-0 NOTE
r-oldrel-windows-ix86+x86_64 0.6-0 147.00 131.00 278.00 OK
r-oldrel-osx-x86_64 0.6-0 NOTE

Check Details

Version: 0.6-0
Check: installed package size
Result: NOTE
     installed size is 6.6Mb
     sub-directories of 1Mb or more:
     data 1.6Mb
     libs 4.3Mb
Flavors: r-devel-linux-x86_64-fedora-clang, r-release-osx-x86_64, r-oldrel-osx-x86_64