CRAN Package Check Results for Package bayesImageS

Last updated on 2020-01-19 14:47:05 CET.

Flavor Version Tinstall Tcheck Ttotal Status Flags
r-devel-linux-x86_64-debian-clang 0.6-0 71.95 110.49 182.44 OK
r-devel-linux-x86_64-debian-gcc 0.6-0 52.87 82.36 135.23 OK
r-devel-linux-x86_64-fedora-clang 0.6-0 235.67 NOTE
r-devel-linux-x86_64-fedora-gcc 0.6-0 226.84 OK
r-devel-windows-ix86+x86_64 0.6-0 164.00 197.00 361.00 OK
r-devel-windows-ix86+x86_64-gcc8 0.6-0 149.00 176.00 325.00 OK
r-patched-linux-x86_64 0.6-0 55.95 99.61 155.56 OK
r-patched-solaris-x86 0.6-0 276.10 OK
r-release-linux-x86_64 0.6-0 59.33 99.07 158.40 OK
r-release-windows-ix86+x86_64 0.6-0 185.00 188.00 373.00 OK
r-release-osx-x86_64 0.6-0 NOTE
r-oldrel-windows-ix86+x86_64 0.6-0 152.00 131.00 283.00 OK
r-oldrel-osx-x86_64 0.6-0 NOTE

Check Details

Version: 0.6-0
Check: installed package size
Result: NOTE
     installed size is 6.6Mb
     sub-directories of 1Mb or more:
     data 1.6Mb
     libs 4.3Mb
Flavors: r-devel-linux-x86_64-fedora-clang, r-release-osx-x86_64, r-oldrel-osx-x86_64