CRAN Package Check Results for Package bayesImageS

Last updated on 2019-02-21 01:50:35 CET.

Flavor Version Tinstall Tcheck Ttotal Status Flags
r-devel-linux-x86_64-debian-clang 0.6-0 58.48 104.71 163.19 OK
r-devel-linux-x86_64-debian-gcc 0.6-0 47.51 87.68 135.19 OK
r-devel-linux-x86_64-fedora-clang 0.6-0 204.05 NOTE
r-devel-linux-x86_64-fedora-gcc 0.6-0 195.31 OK
r-devel-windows-ix86+x86_64 0.6-0 152.00 175.00 327.00 OK
r-patched-linux-x86_64 0.6-0 OK
r-patched-solaris-x86 0.6-0 255.60 OK
r-release-linux-x86_64 0.6-0 OK
r-release-windows-ix86+x86_64 0.6-0 107.00 176.00 283.00 OK
r-release-osx-x86_64 0.6-0 NOTE
r-oldrel-windows-ix86+x86_64 0.6-0 122.00 143.00 265.00 OK
r-oldrel-osx-x86_64 0.6-0 NOTE

Check Details

Version: 0.6-0
Check: installed package size
Result: NOTE
     installed size is 6.1Mb
     sub-directories of 1Mb or more:
     data 1.6Mb
     libs 3.8Mb
Flavors: r-devel-linux-x86_64-fedora-clang, r-release-osx-x86_64, r-oldrel-osx-x86_64