CRAN Package Check Results for Package bayesImageS

Last updated on 2021-01-23 23:47:09 CET.

Flavor Version Tinstall Tcheck Ttotal Status Flags
r-devel-linux-x86_64-debian-clang 0.6-0 72.87 113.18 186.05 OK
r-devel-linux-x86_64-debian-gcc 0.6-0 54.44 86.91 141.35 OK
r-devel-linux-x86_64-fedora-clang 0.6-0 250.31 NOTE
r-devel-linux-x86_64-fedora-gcc 0.6-0 223.73 OK
r-devel-windows-ix86+x86_64 0.6-0 177.00 190.00 367.00 OK
r-patched-linux-x86_64 0.6-0 61.58 106.11 167.69 OK
r-patched-solaris-x86 0.6-0 290.10 OK
r-release-linux-x86_64 0.6-0 63.32 103.56 166.88 OK
r-release-macos-x86_64 0.6-0 NOTE
r-release-windows-ix86+x86_64 0.6-0 138.00 180.00 318.00 OK
r-oldrel-macos-x86_64 0.6-0 NOTE
r-oldrel-windows-ix86+x86_64 0.6-0 130.00 184.00 314.00 OK

Check Details

Version: 0.6-0
Check: installed package size
Result: NOTE
     installed size is 7.1Mb
     sub-directories of 1Mb or more:
     data 1.6Mb
     libs 4.7Mb
Flavors: r-devel-linux-x86_64-fedora-clang, r-release-macos-x86_64, r-oldrel-macos-x86_64