CRAN Package Check Results for Package bayesImageS

Last updated on 2018-11-19 06:46:43 CET.

Flavor Version Tinstall Tcheck Ttotal Status Flags
r-devel-linux-x86_64-debian-clang OK
r-devel-linux-x86_64-debian-gcc 0.5-3 50.66 87.33 137.99 OK
r-devel-linux-x86_64-fedora-clang 0.5-3 168.88 NOTE
r-devel-linux-x86_64-fedora-gcc 0.5-3 162.16 OK
r-devel-windows-ix86+x86_64 0.5-3 145.00 158.00 303.00 OK
r-patched-linux-x86_64 0.5-3 63.80 98.98 162.78 OK
r-patched-solaris-x86 0.5-3 271.80 OK
r-release-linux-x86_64 0.5-3 61.98 101.40 163.38 OK
r-release-windows-ix86+x86_64 0.5-3 151.00 188.00 339.00 OK
r-release-osx-x86_64 0.5-3 NOTE
r-oldrel-windows-ix86+x86_64 0.5-3 150.00 165.00 315.00 OK
r-oldrel-osx-x86_64 0.5-3 NOTE

Check Details

Version: 0.5-3
Check: installed package size
Result: NOTE
     installed size is 6.5Mb
     sub-directories of 1Mb or more:
     data 1.6Mb
     libs 3.8Mb
Flavors: r-devel-linux-x86_64-fedora-clang, r-release-osx-x86_64, r-oldrel-osx-x86_64