Last updated on 2021-01-22 03:50:31 CET.
Flavor | Version | Tinstall | Tcheck | Ttotal | Status | Flags |
---|---|---|---|---|---|---|
r-devel-linux-x86_64-debian-clang | 4.1-0 | 11.81 | 90.07 | 101.88 | OK | |
r-devel-linux-x86_64-debian-gcc | 4.1-0 | 9.75 | 67.06 | 76.81 | OK | |
r-devel-linux-x86_64-fedora-clang | 4.1-0 | 126.37 | NOTE | |||
r-devel-linux-x86_64-fedora-gcc | 4.1-0 | 120.19 | OK | |||
r-devel-windows-ix86+x86_64 | 4.1-0 | 38.00 | 168.00 | 206.00 | OK | |
r-patched-linux-x86_64 | 4.1-0 | 12.83 | 82.27 | 95.10 | OK | |
r-patched-solaris-x86 | 4.1-0 | 160.70 | OK | |||
r-release-linux-x86_64 | 4.1-0 | 11.93 | 83.09 | 95.02 | OK | |
r-release-macos-x86_64 | 4.1-0 | OK | ||||
r-release-windows-ix86+x86_64 | 4.1-0 | 39.00 | 160.00 | 199.00 | OK | |
r-oldrel-macos-x86_64 | 4.1-0 | OK | ||||
r-oldrel-windows-ix86+x86_64 | 4.1-0 | 18.00 | 113.00 | 131.00 | OK |
Version: 4.1-0
Check: Rd cross-references
Result: NOTE
Undeclared packages ‘rworldmap’, ‘snowFT’ in Rd xrefs
Flavor: r-devel-linux-x86_64-fedora-clang