Last updated on 2021-01-23 20:46:43 CET.
Flavor | Version | Tinstall | Tcheck | Ttotal | Status | Flags |
---|---|---|---|---|---|---|
r-devel-linux-x86_64-debian-clang | 3.3 | 131.07 | 111.42 | 242.49 | OK | |
r-devel-linux-x86_64-debian-gcc | 3.3 | 90.41 | 84.58 | 174.99 | OK | |
r-devel-linux-x86_64-fedora-clang | 3.3 | 364.60 | NOTE | |||
r-devel-linux-x86_64-fedora-gcc | 3.3 | 291.32 | OK | |||
r-devel-windows-ix86+x86_64 | 3.3 | 291.00 | 187.00 | 478.00 | OK | |
r-patched-linux-x86_64 | 3.3 | 108.21 | 103.81 | 212.02 | OK | |
r-patched-solaris-x86 | 3.3 | 274.60 | OK | |||
r-release-linux-x86_64 | 3.3 | 107.32 | 102.89 | 210.21 | OK | |
r-release-macos-x86_64 | 3.3 | NOTE | ||||
r-release-windows-ix86+x86_64 | 3.3 | 255.00 | 171.00 | 426.00 | OK | |
r-oldrel-macos-x86_64 | 3.3 | NOTE | ||||
r-oldrel-windows-ix86+x86_64 | 3.3 | 195.00 | 162.00 | 357.00 | OK |
Version: 3.3
Check: installed package size
Result: NOTE
installed size is 6.9Mb
sub-directories of 1Mb or more:
libs 5.6Mb
Flavors: r-devel-linux-x86_64-fedora-clang, r-release-macos-x86_64, r-oldrel-macos-x86_64
Version: 3.3
Check: Rd cross-references
Result: NOTE
Undeclared package ‘mvtnorm’ in Rd xrefs
Flavor: r-devel-linux-x86_64-fedora-clang