CRAN Package Check Results for Package bayesloglin

Last updated on 2018-02-21 11:54:00 CET.

Flavor Version Tinstall Tcheck Ttotal Status Flags
r-devel-linux-x86_64-debian-clang 1.0.1 2.51 33.92 36.43 NOTE
r-devel-linux-x86_64-debian-gcc 1.0.1 2.49 26.49 28.98 NOTE
r-devel-linux-x86_64-fedora-clang 1.0.1 45.24 NOTE
r-devel-linux-x86_64-fedora-gcc 1.0.1 43.75 NOTE
r-devel-windows-ix86+x86_64 1.0.1 7.00 53.00 60.00 NOTE
r-patched-linux-x86_64 1.0.1 1.71 34.88 36.59 NOTE
r-patched-solaris-x86 1.0.1 57.70 OK
r-release-linux-x86_64 1.0.1 1.45 34.79 36.24 NOTE
r-release-windows-ix86+x86_64 1.0.1 8.00 71.00 79.00 NOTE
r-release-osx-x86_64 1.0.1 OK
r-oldrel-windows-ix86+x86_64 1.0.1 5.00 57.00 62.00 OK
r-oldrel-osx-x86_64 1.0.1 OK

Check Details

Version: 1.0.1
Check: compiled code
Result: NOTE
    File ‘bayesloglin/libs/bayesloglin.so’:
     Found no calls to: ‘R_registerRoutines’, ‘R_useDynamicSymbols’
    
    It is good practice to register native routines and to disable symbol
    search.
    
    See ‘Writing portable packages’ in the ‘Writing R Extensions’ manual.
Flavors: r-devel-linux-x86_64-debian-clang, r-devel-linux-x86_64-debian-gcc, r-devel-linux-x86_64-fedora-clang, r-devel-linux-x86_64-fedora-gcc, r-patched-linux-x86_64, r-release-linux-x86_64

Version: 1.0.1
Check: DESCRIPTION meta-information
Result: NOTE
    NeedsCompilation field should likely be 'yes'
Flavors: r-devel-windows-ix86+x86_64, r-release-windows-ix86+x86_64