CRAN Package Check Results for Package bayesloglin

Last updated on 2018-05-26 00:46:19 CEST.

Flavor Version Tinstall Tcheck Ttotal Status Flags
r-devel-linux-x86_64-debian-clang 1.0.1 3.61 36.43 40.04 NOTE
r-devel-linux-x86_64-debian-gcc 1.0.1 2.87 28.61 31.48 NOTE
r-devel-linux-x86_64-fedora-clang 1.0.1 49.47 NOTE
r-devel-linux-x86_64-fedora-gcc 1.0.1 45.48 NOTE
r-devel-windows-ix86+x86_64 1.0.1 6.00 91.00 97.00 NOTE
r-patched-linux-x86_64 1.0.1 2.45 33.67 36.12 NOTE
r-patched-solaris-x86 1.0.1 65.00 OK
r-release-linux-x86_64 1.0.1 3.09 33.76 36.85 NOTE
r-release-windows-ix86+x86_64 1.0.1 9.00 57.00 66.00 NOTE
r-release-osx-x86_64 1.0.1 OK
r-oldrel-windows-ix86+x86_64 1.0.1 6.00 61.00 67.00 NOTE
r-oldrel-osx-x86_64 1.0.1 OK

Check Details

Version: 1.0.1
Check: compiled code
Result: NOTE
    File ‘bayesloglin/libs/bayesloglin.so’:
     Found no calls to: ‘R_registerRoutines’, ‘R_useDynamicSymbols’
    
    It is good practice to register native routines and to disable symbol
    search.
    
    See ‘Writing portable packages’ in the ‘Writing R Extensions’ manual.
Flavors: r-devel-linux-x86_64-debian-clang, r-devel-linux-x86_64-debian-gcc, r-devel-linux-x86_64-fedora-clang, r-devel-linux-x86_64-fedora-gcc, r-patched-linux-x86_64, r-release-linux-x86_64

Version: 1.0.1
Check: DESCRIPTION meta-information
Result: NOTE
    NeedsCompilation field should likely be 'yes'
Flavors: r-devel-windows-ix86+x86_64, r-release-windows-ix86+x86_64, r-oldrel-windows-ix86+x86_64