CRAN Package Check Results for Package bayesloglin

Last updated on 2018-11-13 01:46:12 CET.

Flavor Version Tinstall Tcheck Ttotal Status Flags
r-devel-linux-x86_64-debian-clang 1.0.1 3.26 35.77 39.03 OK
r-devel-linux-x86_64-debian-gcc 1.0.1 2.40 30.20 32.60 OK
r-devel-linux-x86_64-fedora-clang 1.0.1 39.04 NOTE
r-devel-linux-x86_64-fedora-gcc 1.0.1 38.91 NOTE
r-devel-windows-ix86+x86_64 1.0.1 6.00 61.00 67.00 NOTE
r-patched-linux-x86_64 1.0.1 3.37 31.78 35.15 OK
r-patched-solaris-x86 1.0.1 71.40 OK
r-release-linux-x86_64 1.0.1 3.32 31.67 34.99 OK
r-release-windows-ix86+x86_64 1.0.1 12.00 50.00 62.00 NOTE
r-release-osx-x86_64 1.0.1 OK
r-oldrel-windows-ix86+x86_64 1.0.1 10.00 54.00 64.00 NOTE
r-oldrel-osx-x86_64 1.0.1 OK

Check Details

Version: 1.0.1
Check: compiled code
Result: NOTE
    File ‘bayesloglin/libs/bayesloglin.so’:
     Found no calls to: ‘R_registerRoutines’, ‘R_useDynamicSymbols’
    
    It is good practice to register native routines and to disable symbol
    search.
    
    See ‘Writing portable packages’ in the ‘Writing R Extensions’ manual.
Flavors: r-devel-linux-x86_64-fedora-clang, r-devel-linux-x86_64-fedora-gcc

Version: 1.0.1
Check: DESCRIPTION meta-information
Result: NOTE
    NeedsCompilation field should likely be 'yes'
Flavors: r-devel-windows-ix86+x86_64, r-release-windows-ix86+x86_64, r-oldrel-windows-ix86+x86_64