CRAN Package Check Results for Package bayesloglin

Last updated on 2019-02-18 05:49:12 CET.

Flavor Version Tinstall Tcheck Ttotal Status Flags
r-devel-linux-x86_64-debian-clang 1.0.1 3.59 35.85 39.44 OK
r-devel-linux-x86_64-debian-gcc 1.0.1 2.74 29.49 32.23 OK
r-devel-linux-x86_64-fedora-clang 1.0.1 45.02 NOTE
r-devel-linux-x86_64-fedora-gcc 1.0.1 48.88 NOTE
r-devel-windows-ix86+x86_64 1.0.1 10.00 60.00 70.00 NOTE
r-patched-linux-x86_64 1.0.1 2.51 33.31 35.82 OK
r-patched-solaris-x86 1.0.1 68.90 OK
r-release-linux-x86_64 1.0.1 OK
r-release-windows-ix86+x86_64 1.0.1 7.00 79.00 86.00 NOTE
r-release-osx-x86_64 1.0.1 OK
r-oldrel-windows-ix86+x86_64 1.0.1 6.00 59.00 65.00 NOTE
r-oldrel-osx-x86_64 1.0.1 OK

Check Details

Version: 1.0.1
Check: compiled code
Result: NOTE
    File ‘bayesloglin/libs/bayesloglin.so’:
     Found no calls to: ‘R_registerRoutines’, ‘R_useDynamicSymbols’
    
    It is good practice to register native routines and to disable symbol
    search.
    
    See ‘Writing portable packages’ in the ‘Writing R Extensions’ manual.
Flavors: r-devel-linux-x86_64-fedora-clang, r-devel-linux-x86_64-fedora-gcc

Version: 1.0.1
Check: DESCRIPTION meta-information
Result: NOTE
    NeedsCompilation field should likely be 'yes'
Flavors: r-devel-windows-ix86+x86_64, r-release-windows-ix86+x86_64, r-oldrel-windows-ix86+x86_64