CRAN Package Check Results for Package bayesloglin

Last updated on 2018-08-19 22:53:05 CEST.

Flavor Version Tinstall Tcheck Ttotal Status Flags
r-devel-linux-x86_64-debian-clang 1.0.1 2.76 36.73 39.49 NOTE
r-devel-linux-x86_64-debian-gcc 1.0.1 2.69 29.83 32.52 NOTE
r-devel-linux-x86_64-fedora-clang 1.0.1 41.28 NOTE
r-devel-linux-x86_64-fedora-gcc 1.0.1 44.61 NOTE
r-devel-windows-ix86+x86_64 1.0.1 9.00 58.00 67.00 NOTE
r-patched-linux-x86_64 1.0.1 3.08 32.67 35.75 NOTE
r-patched-solaris-x86 1.0.1 72.60 OK
r-release-linux-x86_64 1.0.1 2.74 32.92 35.66 NOTE
r-release-windows-ix86+x86_64 1.0.1 10.00 69.00 79.00 NOTE
r-release-osx-x86_64 1.0.1 OK
r-oldrel-windows-ix86+x86_64 1.0.1 5.00 72.00 77.00 NOTE
r-oldrel-osx-x86_64 1.0.1 OK

Check Details

Version: 1.0.1
Check: compiled code
Result: NOTE
    File ‘bayesloglin/libs/bayesloglin.so’:
     Found no calls to: ‘R_registerRoutines’, ‘R_useDynamicSymbols’
    
    It is good practice to register native routines and to disable symbol
    search.
    
    See ‘Writing portable packages’ in the ‘Writing R Extensions’ manual.
Flavors: r-devel-linux-x86_64-debian-clang, r-devel-linux-x86_64-debian-gcc, r-devel-linux-x86_64-fedora-clang, r-devel-linux-x86_64-fedora-gcc, r-patched-linux-x86_64, r-release-linux-x86_64

Version: 1.0.1
Check: DESCRIPTION meta-information
Result: NOTE
    NeedsCompilation field should likely be 'yes'
Flavors: r-devel-windows-ix86+x86_64, r-release-windows-ix86+x86_64, r-oldrel-windows-ix86+x86_64