CRAN Package Check Results for Package bayesm

Last updated on 2018-11-18 14:46:26 CET.

Flavor Version Tinstall Tcheck Ttotal Status Flags
r-devel-linux-x86_64-debian-clang 3.1-0.1 502.22 416.88 919.10 OK
r-devel-linux-x86_64-debian-gcc 3.1-0.1 441.51 298.26 739.77 OK
r-devel-linux-x86_64-fedora-clang 3.1-0.1 1271.19 NOTE
r-devel-linux-x86_64-fedora-gcc 3.1-0.1 1195.63 OK
r-devel-windows-ix86+x86_64 3.1-0.1 1140.00 484.00 1624.00 NOTE
r-patched-linux-x86_64 3.1-0.1 546.00 387.63 933.63 OK
r-patched-solaris-x86 3.1-0.1 1339.40 NOTE
r-release-linux-x86_64 3.1-0.1 544.69 396.90 941.59 OK
r-release-windows-ix86+x86_64 3.1-0.1 1194.00 541.00 1735.00 NOTE
r-release-osx-x86_64 3.1-0.1 FAIL
r-oldrel-windows-ix86+x86_64 3.1-0.1 1183.00 501.00 1684.00 NOTE
r-oldrel-osx-x86_64 3.1-0.1 NOTE

Additional issues

valgrind

Check Details

Version: 3.1-0.1
Check: installed package size
Result: NOTE
     installed size is 31.1Mb
     sub-directories of 1Mb or more:
     doc 3.2Mb
     libs 26.2Mb
Flavors: r-devel-linux-x86_64-fedora-clang, r-devel-windows-ix86+x86_64, r-patched-solaris-x86, r-release-windows-ix86+x86_64, r-release-osx-x86_64, r-oldrel-windows-ix86+x86_64, r-oldrel-osx-x86_64

Version: 3.1-0.1
Check: re-building of vignette outputs
Result: FAIL
    
Flavor: r-release-osx-x86_64