CRAN Package Check Results for Package bayesm

Last updated on 2018-08-19 09:47:55 CEST.

Flavor Version Tinstall Tcheck Ttotal Status Flags
r-devel-linux-x86_64-debian-clang 3.1-0.1 473.02 413.26 886.28 OK
r-devel-linux-x86_64-debian-gcc 3.1-0.1 432.18 299.93 732.11 OK
r-devel-linux-x86_64-fedora-clang 3.1-0.1 1229.54 NOTE
r-devel-linux-x86_64-fedora-gcc 3.1-0.1 1211.45 OK
r-devel-windows-ix86+x86_64 3.1-0.1 1125.00 528.00 1653.00 NOTE
r-patched-linux-x86_64 3.1-0.1 539.63 394.78 934.41 OK
r-patched-solaris-x86 3.1-0.1 1337.80 NOTE
r-release-linux-x86_64 3.1-0.1 552.42 396.07 948.49 OK
r-release-windows-ix86+x86_64 3.1-0.1 1164.00 543.00 1707.00 NOTE
r-release-osx-x86_64 3.1-0.1 FAIL
r-oldrel-windows-ix86+x86_64 3.1-0.1 903.00 547.00 1450.00 NOTE
r-oldrel-osx-x86_64 3.1-0.1 NOTE

Additional issues

valgrind

Check Details

Version: 3.1-0.1
Check: installed package size
Result: NOTE
     installed size is 30.1Mb
     sub-directories of 1Mb or more:
     doc 3.2Mb
     libs 25.3Mb
Flavors: r-devel-linux-x86_64-fedora-clang, r-devel-windows-ix86+x86_64, r-patched-solaris-x86, r-release-windows-ix86+x86_64, r-release-osx-x86_64, r-oldrel-windows-ix86+x86_64, r-oldrel-osx-x86_64

Version: 3.1-0.1
Check: re-building of vignette outputs
Result: FAIL
    
Flavor: r-release-osx-x86_64