Last updated on 2019-02-16 18:46:09 CET.
Flavor | Version | Tinstall | Tcheck | Ttotal | Status | Flags |
---|---|---|---|---|---|---|
r-devel-linux-x86_64-debian-clang | 3.1-1 | 500.52 | 412.86 | 913.38 | NOTE | |
r-devel-linux-x86_64-debian-gcc | 3.1-1 | 402.82 | 293.65 | 696.47 | NOTE | |
r-devel-linux-x86_64-fedora-clang | 3.1-1 | 1356.00 | NOTE | |||
r-devel-linux-x86_64-fedora-gcc | 3.1-1 | 1192.94 | NOTE | |||
r-devel-windows-ix86+x86_64 | 3.1-1 | 1344.00 | 505.00 | 1849.00 | NOTE | |
r-patched-linux-x86_64 | 3.1-1 | 470.44 | 386.68 | 857.12 | OK | |
r-patched-solaris-x86 | 3.1-1 | 1321.30 | NOTE | |||
r-release-linux-x86_64 | 3.1-1 | OK | ||||
r-release-windows-ix86+x86_64 | 3.1-1 | 859.00 | 429.00 | 1288.00 | NOTE | |
r-release-osx-x86_64 | 3.1-1 | NOTE | ||||
r-oldrel-windows-ix86+x86_64 | 3.1-1 | 1204.00 | 581.00 | 1785.00 | NOTE | |
r-oldrel-osx-x86_64 | 3.1-1 | NOTE |
Version: 3.1-1
Check: line endings in C/C++/Fortran sources/headers
Result: NOTE
Found the following sources/headers with CR or CRLF line endings:
inst/include/bayesm.h
Some Unix compilers require LF line endings.
Flavors: r-devel-linux-x86_64-debian-clang, r-devel-linux-x86_64-debian-gcc, r-devel-linux-x86_64-fedora-clang, r-devel-linux-x86_64-fedora-gcc, r-devel-windows-ix86+x86_64
Version: 3.1-1
Check: installed package size
Result: NOTE
installed size is 28.6Mb
sub-directories of 1Mb or more:
doc 3.2Mb
libs 23.8Mb
Flavors: r-devel-linux-x86_64-fedora-clang, r-devel-windows-ix86+x86_64, r-patched-solaris-x86, r-release-windows-ix86+x86_64, r-release-osx-x86_64, r-oldrel-windows-ix86+x86_64, r-oldrel-osx-x86_64