Last updated on 2022-05-21 16:48:56 CEST.
Flavor | Version | Tinstall | Tcheck | Ttotal | Status | Flags |
---|---|---|---|---|---|---|
r-devel-linux-x86_64-debian-clang | 3.1-4 | 630.45 | 483.22 | 1113.67 | WARN | |
r-devel-linux-x86_64-debian-gcc | 3.1-4 | 514.18 | 333.53 | 847.71 | WARN | |
r-devel-linux-x86_64-fedora-clang | 3.1-4 | 1575.05 | WARN | |||
r-devel-linux-x86_64-fedora-gcc | 3.1-4 | 1423.27 | OK | |||
r-devel-windows-x86_64 | 3.1-4 | 475.00 | 551.00 | 1026.00 | NOTE | |
r-patched-linux-x86_64 | 3.1-4 | 541.68 | 426.00 | 967.68 | OK | |
r-release-linux-x86_64 | 3.1-4 | 532.06 | 435.60 | 967.66 | OK | |
r-release-macos-arm64 | 3.1-4 | 323.00 | NOTE | |||
r-release-macos-x86_64 | 3.1-4 | 603.00 | NOTE | |||
r-release-windows-x86_64 | 3.1-4 | 469.00 | 545.00 | 1014.00 | NOTE | |
r-oldrel-macos-arm64 | 3.1-4 | 334.00 | NOTE | |||
r-oldrel-macos-x86_64 | 3.1-4 | 647.00 | NOTE | |||
r-oldrel-windows-ix86+x86_64 | 3.1-4 | 1520.00 | 627.00 | 2147.00 | NOTE |
Version: 3.1-4
Check: whether package can be installed
Result: WARN
Found the following significant warnings:
clusterMix_rcpp_loop.cpp:39:11: warning: use of bitwise '&' with boolean operands [-Wbitwise-instead-of-logical]
Flavors: r-devel-linux-x86_64-debian-clang, r-devel-linux-x86_64-fedora-clang
Version: 3.1-4
Check: whether package can be installed
Result: WARN
Found the following significant warnings:
/usr/include/x86_64-linux-gnu/bits/string_fortified.h:59:33: warning: ‘void* __builtin_memset(void*, int, long unsigned int)’ forming offset [112, 115] is out of the bounds [0, 112] of object ‘cbetaAllRow’ with type ‘arma::uvec’ {aka ‘arma::Col<unsigned int>’} [-Warray-bounds]
Flavor: r-devel-linux-x86_64-debian-gcc
Version: 3.1-4
Check: installed package size
Result: NOTE
installed size is 23.3Mb
sub-directories of 1Mb or more:
doc 2.9Mb
libs 18.8Mb
Flavors: r-devel-linux-x86_64-fedora-clang, r-devel-windows-x86_64, r-release-macos-arm64, r-release-macos-x86_64, r-release-windows-x86_64, r-oldrel-macos-arm64, r-oldrel-macos-x86_64, r-oldrel-windows-ix86+x86_64