CRAN Package Check Results for Package bayesplot

Last updated on 2024-02-24 23:53:49 CET.

Flavor Version Tinstall Tcheck Ttotal Status Flags
r-devel-linux-x86_64-debian-clang 1.11.1 14.51 485.20 499.71 OK
r-devel-linux-x86_64-debian-gcc 1.11.1 11.81 356.16 367.97 OK
r-devel-linux-x86_64-fedora-clang 1.11.1 641.25 NOTE
r-devel-linux-x86_64-fedora-gcc 1.11.1 624.35 OK
r-devel-windows-x86_64 1.11.1 14.00 335.00 349.00 NOTE
r-patched-linux-x86_64 1.11.1 22.40 428.24 450.64 OK
r-release-linux-x86_64 1.11.1 12.12 442.31 454.43 OK
r-release-macos-arm64 1.11.1 151.00 NOTE
r-release-macos-x86_64 1.11.1 318.00 NOTE
r-release-windows-x86_64 1.11.1 20.00 444.00 464.00 NOTE
r-oldrel-macos-arm64 1.11.1 137.00 NOTE
r-oldrel-windows-x86_64 1.11.1 19.00 645.00 664.00 NOTE

Check Details

Version: 1.11.1
Check: installed package size
Result: NOTE installed size is 6.5Mb sub-directories of 1Mb or more: R 1.9Mb doc 3.8Mb Flavors: r-devel-linux-x86_64-fedora-clang, r-devel-windows-x86_64, r-release-macos-arm64, r-release-macos-x86_64, r-release-windows-x86_64, r-oldrel-macos-arm64, r-oldrel-windows-x86_64