CRAN Package Check Results for Package bayesplot

Last updated on 2018-08-17 14:47:41 CEST.

Flavor Version Tinstall Tcheck Ttotal Status Flags
r-devel-linux-x86_64-debian-clang 1.6.0 9.44 249.61 259.05 OK
r-devel-linux-x86_64-debian-gcc 1.6.0 7.86 192.89 200.75 OK
r-devel-linux-x86_64-fedora-clang 1.6.0 308.41 NOTE
r-devel-linux-x86_64-fedora-gcc 1.6.0 278.02 OK
r-devel-windows-ix86+x86_64 1.6.0 21.00 353.00 374.00 NOTE
r-patched-linux-x86_64 1.6.0 9.10 245.91 255.01 OK
r-patched-solaris-x86 1.6.0 346.30 WARN
r-release-linux-x86_64 1.6.0 9.14 237.32 246.46 OK
r-release-windows-ix86+x86_64 1.6.0 18.00 349.00 367.00 NOTE
r-release-osx-x86_64 1.6.0 WARN
r-oldrel-windows-ix86+x86_64 1.6.0 12.00 328.00 340.00 NOTE
r-oldrel-osx-x86_64 1.6.0 WARN

Check Details

Version: 1.6.0
Check: installed package size
Result: NOTE
     installed size is 6.4Mb
     sub-directories of 1Mb or more:
     R 1.8Mb
     doc 4.0Mb
Flavors: r-devel-linux-x86_64-fedora-clang, r-devel-windows-ix86+x86_64, r-patched-solaris-x86, r-release-windows-ix86+x86_64, r-release-osx-x86_64, r-oldrel-windows-ix86+x86_64, r-oldrel-osx-x86_64

Version: 1.6.0
Check: re-building of vignette outputs
Result: WARN
    Error in re-building vignettes:
     ...
    Warning in engine$weave(file, quiet = quiet, encoding = enc) :
     Pandoc (>= 1.12.3) and/or pandoc-citeproc not available. Falling back to R Markdown v1.
    Quitting from lines 2-14 (./children/SETTINGS-knitr.txt)
    Quitting from lines NA-14 (./children/SETTINGS-knitr.txt)
    Error: processing vignette 'graphical-ppcs.Rmd' failed with diagnostics:
    object 'params' not found
    Execution halted
Flavors: r-patched-solaris-x86, r-release-osx-x86_64, r-oldrel-osx-x86_64