CRAN Package Check Results for Package bayesplot

Last updated on 2018-02-20 19:48:06 CET.

Flavor Version Tinstall Tcheck Ttotal Status Flags
r-devel-linux-x86_64-debian-clang 1.4.0 6.76 534.29 541.05 OK
r-devel-linux-x86_64-debian-gcc 1.4.0 5.62 387.67 393.29 OK
r-devel-linux-x86_64-fedora-clang 1.4.0 608.79 NOTE
r-devel-linux-x86_64-fedora-gcc 1.4.0 623.12 NOTE
r-devel-windows-ix86+x86_64 1.4.0 10.00 460.00 470.00 NOTE
r-patched-linux-x86_64 1.4.0 4.21 566.86 571.07 OK
r-patched-solaris-x86 1.4.0 667.30 NOTE
r-release-linux-x86_64 1.4.0 3.52 587.38 590.90 OK
r-release-windows-ix86+x86_64 1.4.0 11.00 672.00 683.00 NOTE
r-release-osx-x86_64 1.4.0 NOTE
r-oldrel-windows-ix86+x86_64 1.4.0 12.00 624.00 636.00 NOTE
r-oldrel-osx-x86_64 1.4.0 NOTE

Check Details

Version: 1.4.0
Check: installed package size
Result: NOTE
     installed size is 5.9Mb
     sub-directories of 1Mb or more:
     R 1.7Mb
     doc 3.6Mb
Flavors: r-devel-linux-x86_64-fedora-clang, r-devel-linux-x86_64-fedora-gcc, r-devel-windows-ix86+x86_64, r-patched-solaris-x86, r-release-windows-ix86+x86_64, r-release-osx-x86_64, r-oldrel-windows-ix86+x86_64, r-oldrel-osx-x86_64