CRAN Package Check Results for Package bayesplot

Last updated on 2018-05-26 17:50:05 CEST.

Flavor Version Tinstall Tcheck Ttotal Status Flags
r-devel-linux-x86_64-debian-clang 1.5.0 8.30 546.61 554.91 OK
r-devel-linux-x86_64-debian-gcc 1.5.0 7.76 518.17 525.93 OK
r-devel-linux-x86_64-fedora-clang 1.5.0 664.79 NOTE
r-devel-linux-x86_64-fedora-gcc 1.5.0 622.25 NOTE
r-devel-windows-ix86+x86_64 1.5.0 12.00 485.00 497.00 NOTE
r-patched-linux-x86_64 1.5.0 8.37 525.87 534.24 OK
r-patched-solaris-x86 1.5.0 665.20 NOTE
r-release-linux-x86_64 1.5.0 7.73 576.54 584.27 OK
r-release-windows-ix86+x86_64 1.5.0 20.00 676.00 696.00 NOTE
r-release-osx-x86_64 1.5.0 NOTE
r-oldrel-windows-ix86+x86_64 1.5.0 13.00 527.00 540.00 NOTE
r-oldrel-osx-x86_64 1.5.0 NOTE

Check Details

Version: 1.5.0
Check: installed package size
Result: NOTE
     installed size is 5.9Mb
     sub-directories of 1Mb or more:
     R 1.8Mb
     doc 3.6Mb
Flavors: r-devel-linux-x86_64-fedora-clang, r-devel-linux-x86_64-fedora-gcc, r-devel-windows-ix86+x86_64, r-patched-solaris-x86, r-release-windows-ix86+x86_64, r-release-osx-x86_64, r-oldrel-windows-ix86+x86_64, r-oldrel-osx-x86_64