CRAN Package Check Results for Package bayesplot

Last updated on 2019-01-24 06:47:00 CET.

Flavor Version Tinstall Tcheck Ttotal Status Flags
r-devel-linux-x86_64-debian-clang 1.6.0 11.04 262.87 273.91 OK
r-devel-linux-x86_64-debian-gcc 1.6.0 8.42 195.01 203.43 OK
r-devel-linux-x86_64-fedora-clang 1.6.0 326.17 NOTE
r-devel-linux-x86_64-fedora-gcc 1.6.0 297.45 OK
r-devel-windows-ix86+x86_64 1.6.0 22.00 351.00 373.00 NOTE
r-patched-linux-x86_64 1.6.0 8.59 235.68 244.27 OK
r-patched-solaris-x86 1.6.0 294.50 WARN
r-release-linux-x86_64 1.6.0 8.91 245.79 254.70 OK
r-release-windows-ix86+x86_64 1.6.0 12.00 269.00 281.00 NOTE
r-release-osx-x86_64 1.6.0 WARN
r-oldrel-windows-ix86+x86_64 1.6.0 13.00 310.00 323.00 NOTE
r-oldrel-osx-x86_64 1.6.0 WARN

Check Details

Version: 1.6.0
Check: installed package size
Result: NOTE
     installed size is 6.4Mb
     sub-directories of 1Mb or more:
     R 1.8Mb
     doc 4.0Mb
Flavors: r-devel-linux-x86_64-fedora-clang, r-devel-windows-ix86+x86_64, r-patched-solaris-x86, r-release-windows-ix86+x86_64, r-release-osx-x86_64, r-oldrel-windows-ix86+x86_64, r-oldrel-osx-x86_64

Version: 1.6.0
Check: re-building of vignette outputs
Result: WARN
    Error in re-building vignettes:
     ...
    Warning in engine$weave(file, quiet = quiet, encoding = enc) :
     Pandoc (>= 1.12.3) and/or pandoc-citeproc not available. Falling back to R Markdown v1.
    Quitting from lines 2-14 (./children/SETTINGS-knitr.txt)
    Quitting from lines NA-14 (./children/SETTINGS-knitr.txt)
    Error: processing vignette 'graphical-ppcs.Rmd' failed with diagnostics:
    object 'params' not found
    Execution halted
Flavors: r-patched-solaris-x86, r-release-osx-x86_64, r-oldrel-osx-x86_64