Last updated on 2023-01-30 01:26:53 CET.
Flavor | Version | Tinstall | Tcheck | Ttotal | Status | Flags |
---|---|---|---|---|---|---|
r-devel-linux-x86_64-debian-clang | 1.10.0 | 15.88 | 492.39 | 508.27 | OK | |
r-devel-linux-x86_64-debian-gcc | 1.10.0 | 13.20 | 351.81 | 365.01 | OK | |
r-devel-linux-x86_64-fedora-clang | 1.10.0 | 609.00 | NOTE | |||
r-devel-linux-x86_64-fedora-gcc | 1.10.0 | 697.81 | OK | |||
r-devel-windows-x86_64 | 1.10.0 | 137.00 | 519.00 | 656.00 | NOTE | |
r-patched-linux-x86_64 | 1.10.0 | 18.41 | 444.92 | 463.33 | OK | |
r-release-linux-x86_64 | 1.10.0 | 10.99 | 455.07 | 466.06 | OK | |
r-release-macos-arm64 | 1.10.0 | 170.00 | NOTE | |||
r-release-macos-x86_64 | 1.10.0 | 190.00 | NOTE | |||
r-release-windows-x86_64 | 1.10.0 | 115.00 | 503.00 | 618.00 | NOTE | |
r-oldrel-macos-arm64 | 1.10.0 | 144.00 | NOTE | |||
r-oldrel-macos-x86_64 | 1.10.0 | 189.00 | NOTE | |||
r-oldrel-windows-ix86+x86_64 | 1.10.0 | 29.00 | 532.00 | 561.00 | WARN |
Version: 1.10.0
Check: installed package size
Result: NOTE
installed size is 6.5Mb
sub-directories of 1Mb or more:
R 1.9Mb
doc 3.9Mb
Flavors: r-devel-linux-x86_64-fedora-clang, r-devel-windows-x86_64, r-release-macos-arm64, r-release-macos-x86_64, r-release-windows-x86_64, r-oldrel-macos-arm64, r-oldrel-macos-x86_64, r-oldrel-windows-ix86+x86_64
Version: 1.10.0
Check: for unstated dependencies in ‘tests’
Result: WARN
Warning: unable to access index for repository https://bioconductor.org/packages/3.14/bioc/src/contrib:
cannot open URL 'https://bioconductor.org/packages/3.14/bioc/src/contrib/PACKAGES'
Warning: unable to access index for repository https://bioconductor.org/packages/3.14/data/annotation/src/contrib:
cannot open URL 'https://bioconductor.org/packages/3.14/data/annotation/src/contrib/PACKAGES'
Warning: unable to access index for repository https://bioconductor.org/packages/3.14/data/experiment/src/contrib:
cannot open URL 'https://bioconductor.org/packages/3.14/data/experiment/src/contrib/PACKAGES'
Flavor: r-oldrel-windows-ix86+x86_64