CRAN Package Check Results for Package bayesplot

Last updated on 2018-10-19 08:48:46 CEST.

Flavor Version Tinstall Tcheck Ttotal Status Flags
r-devel-linux-x86_64-debian-clang 1.6.0 8.50 248.11 256.61 OK
r-devel-linux-x86_64-debian-gcc 1.6.0 7.25 193.18 200.43 OK
r-devel-linux-x86_64-fedora-clang 1.6.0 310.84 NOTE
r-devel-linux-x86_64-fedora-gcc 1.6.0 295.94 OK
r-devel-windows-ix86+x86_64 1.6.0 18.00 337.00 355.00 NOTE
r-patched-linux-x86_64 1.6.0 9.13 241.78 250.91 OK
r-patched-solaris-x86 1.6.0 296.20 ERROR
r-release-linux-x86_64 1.6.0 9.48 238.06 247.54 OK
r-release-windows-ix86+x86_64 1.6.0 20.00 358.00 378.00 NOTE
r-release-osx-x86_64 1.6.0 WARN
r-oldrel-windows-ix86+x86_64 1.6.0 10.00 395.00 405.00 NOTE
r-oldrel-osx-x86_64 1.6.0 WARN

Check Details

Version: 1.6.0
Check: installed package size
Result: NOTE
     installed size is 6.4Mb
     sub-directories of 1Mb or more:
     R 1.8Mb
     doc 4.0Mb
Flavors: r-devel-linux-x86_64-fedora-clang, r-devel-windows-ix86+x86_64, r-patched-solaris-x86, r-release-windows-ix86+x86_64, r-release-osx-x86_64, r-oldrel-windows-ix86+x86_64, r-oldrel-osx-x86_64

Version: 1.6.0
Check: package dependencies
Result: NOTE
    Package suggested but not available for checking: ‘rstanarm’
Flavor: r-patched-solaris-x86

Version: 1.6.0
Check: tests
Result: ERROR
     Running ‘testthat.R’ [78s/126s]
    Running the tests in ‘tests/testthat.R’ failed.
    Complete output:
     > library(testthat)
     > library(bayesplot)
     This is bayesplot version 1.6.0
     - Online documentation and vignettes at mc-stan.org/bayesplot
     - bayesplot theme set to bayesplot::theme_default()
     * Does _not_ affect other ggplot2 plots
     * See ?bayesplot_theme_set for details on theme setting
     >
     > Sys.unsetenv("R_TESTS")
     > test_check("bayesplot")
     ── 1. Error: (unknown) (@test-extractors.R#2) ─────────────────────────────────
     there is no package called 'rstanarm'
     1: suppressPackageStartupMessages(library(rstanarm)) at testthat/test-extractors.R:2
     2: withCallingHandlers(expr, packageStartupMessage = function(c) invokeRestart("muffleMessage"))
     3: library(rstanarm)
     4: stop(txt, domain = NA)
    
     ── 2. Error: (unknown) (@test-mcmc-nuts.R#2) ──────────────────────────────────
     there is no package called 'rstanarm'
     1: suppressPackageStartupMessages(library(rstanarm)) at testthat/test-mcmc-nuts.R:2
     2: withCallingHandlers(expr, packageStartupMessage = function(c) invokeRestart("muffleMessage"))
     3: library(rstanarm)
     4: stop(txt, domain = NA)
    
     ── 3. Error: (unknown) (@test-mcmc-recover.R#2) ───────────────────────────────
     there is no package called 'rstanarm'
     1: suppressPackageStartupMessages(library(rstanarm)) at testthat/test-mcmc-recover.R:2
     2: withCallingHandlers(expr, packageStartupMessage = function(c) invokeRestart("muffleMessage"))
     3: library(rstanarm)
     4: stop(txt, domain = NA)
    
     ── 4. Error: (unknown) (@test-mcmc-scatter-and-parcoord.R#2) ──────────────────
     there is no package called 'rstanarm'
     1: suppressPackageStartupMessages(library(rstanarm)) at testthat/test-mcmc-scatter-and-parcoord.R:2
     2: withCallingHandlers(expr, packageStartupMessage = function(c) invokeRestart("muffleMessage"))
     3: library(rstanarm)
     4: stop(txt, domain = NA)
    
     ── 5. Error: mcmc_trace 'np' argument works (@test-mcmc-traces.R#46) ──────────
     there is no package called 'rstanarm'
     1: suppressPackageStartupMessages(library(rstanarm)) at testthat/test-mcmc-traces.R:46
     2: withCallingHandlers(expr, packageStartupMessage = function(c) invokeRestart("muffleMessage"))
     3: library(rstanarm)
     4: stop(txt, domain = NA)
    
     ── 6. Error: (unknown) (@test-ppc-discrete.R#2) ───────────────────────────────
     there is no package called 'rstanarm'
     1: suppressPackageStartupMessages(library(rstanarm)) at testthat/test-ppc-discrete.R:2
     2: withCallingHandlers(expr, packageStartupMessage = function(c) invokeRestart("muffleMessage"))
     3: library(rstanarm)
     4: stop(txt, domain = NA)
    
     ── 7. Error: (unknown) (@test-ppc-loo.R#2) ────────────────────────────────────
     there is no package called 'rstanarm'
     1: suppressPackageStartupMessages(library(rstanarm)) at testthat/test-ppc-loo.R:2
     2: withCallingHandlers(expr, packageStartupMessage = function(c) invokeRestart("muffleMessage"))
     3: library(rstanarm)
     4: stop(txt, domain = NA)
    
     ══ testthat results ═══════════════════════════════════════════════════════════
     OK: 752 SKIPPED: 18 FAILED: 7
     1. Error: (unknown) (@test-extractors.R#2)
     2. Error: (unknown) (@test-mcmc-nuts.R#2)
     3. Error: (unknown) (@test-mcmc-recover.R#2)
     4. Error: (unknown) (@test-mcmc-scatter-and-parcoord.R#2)
     5. Error: mcmc_trace 'np' argument works (@test-mcmc-traces.R#46)
     6. Error: (unknown) (@test-ppc-discrete.R#2)
     7. Error: (unknown) (@test-ppc-loo.R#2)
    
     Error: testthat unit tests failed
     Execution halted
Flavor: r-patched-solaris-x86

Version: 1.6.0
Check: re-building of vignette outputs
Result: WARN
    Error in re-building vignettes:
     ...
    Warning in engine$weave(file, quiet = quiet, encoding = enc) :
     Pandoc (>= 1.12.3) and/or pandoc-citeproc not available. Falling back to R Markdown v1.
    Quitting from lines 2-14 (./children/SETTINGS-knitr.txt)
    Quitting from lines NA-14 (./children/SETTINGS-knitr.txt)
    Error: processing vignette 'graphical-ppcs.Rmd' failed with diagnostics:
    object 'params' not found
    Execution halted
Flavors: r-patched-solaris-x86, r-release-osx-x86_64, r-oldrel-osx-x86_64