CRAN Package Check Results for Package bayess

Last updated on 2018-01-22 07:46:37 CET.

Flavor Version Tinstall Tcheck Ttotal Status Flags
r-devel-linux-x86_64-debian-clang 1.4 1.65 48.66 50.31 NOTE
r-devel-linux-x86_64-debian-gcc 1.4 1.34 40.35 41.69 NOTE
r-devel-linux-x86_64-fedora-clang 1.4 64.81 NOTE
r-devel-linux-x86_64-fedora-gcc 1.4 61.63 NOTE
r-devel-windows-ix86+x86_64 1.4 4.00 65.00 69.00 NOTE
r-patched-linux-x86_64 1.4 1.32 50.11 51.43 NOTE
r-patched-solaris-x86 1.4 80.10 NOTE
r-release-linux-x86_64 1.4 1.24 50.35 51.59 NOTE
r-release-windows-ix86+x86_64 1.4 7.00 77.00 84.00 NOTE
r-release-osx-x86_64 1.4 NOTE
r-oldrel-windows-ix86+x86_64 1.4 7.00 68.00 75.00 NOTE
r-oldrel-osx-x86_64 1.4 NOTE

Check Details

Version: 1.4
Check: dependencies in R code
Result: NOTE
    Packages in Depends field not imported from:
     ‘MASS’ ‘combinat’ ‘gplots’ ‘mnormt’
     These packages need to be imported from (in the NAMESPACE file)
     for when this namespace is loaded but not attached.
Flavors: r-devel-linux-x86_64-debian-clang, r-devel-linux-x86_64-debian-gcc, r-devel-linux-x86_64-fedora-clang, r-devel-linux-x86_64-fedora-gcc, r-devel-windows-ix86+x86_64, r-patched-linux-x86_64, r-patched-solaris-x86, r-release-linux-x86_64, r-release-windows-ix86+x86_64, r-release-osx-x86_64, r-oldrel-windows-ix86+x86_64, r-oldrel-osx-x86_64

Version: 1.4
Check: R code for possible problems
Result: NOTE
    ARmh: no visible global function definition for ‘var’
    ARmh: no visible global function definition for ‘runif’
    ARmh: no visible global function definition for ‘rnorm’
    MAllog: no visible global function definition for ‘rnorm’
    MAmh: no visible global function definition for ‘var’
    MAmh: no visible global function definition for ‘rnorm’
    MAmh: no visible global function definition for ‘runif’
    MAmh: no visible global function definition for ‘rgamma’
    MAmh: no visible global function definition for ‘dgamma’
    MAmh: no visible global function definition for ‘dnorm’
    ModChoBayesReg: no visible global function definition for ‘runif’
    ardipper: no visible global function definition for ‘rbinom’
    ardipper: no visible global function definition for ‘runif’
    gibbs: no visible global function definition for ‘var’
    gibbs: no visible global function definition for ‘permn’
    gibbs: no visible global function definition for ‘dnorm’
    gibbs: no visible global function definition for ‘rnorm’
    gibbs: no visible global function definition for ‘rgamma’
    gibbs: no visible global function definition for ‘dgamma’
    gibbscap1: no visible global function definition for ‘runif’
    gibbscap1: no visible global function definition for ‘rbeta’
    gibbscap1: no visible global function definition for ‘rnbinom’
    gibbscap1: no visible global function definition for ‘rbinom’
    gibbscap2: no visible global function definition for ‘rbeta’
    gibbsmean: no visible global function definition for ‘dnorm’
    gibbsmean: no visible global function definition for ‘rnorm’
    gibbsnorm: no visible global function definition for ‘dnorm’
    gibbsnorm: no visible global function definition for ‘var’
    gibbsnorm: no visible global function definition for ‘rnorm’
    gibbsnorm: no visible global function definition for ‘rgamma’
    hmflatlogit: no visible global function definition for ‘glm’
    hmflatlogit: no visible global function definition for ‘binomial’
    hmflatlogit: no visible global function definition for ‘rmnorm’
    hmflatlogit: no visible global function definition for ‘runif’
    hmflatloglin: no visible global function definition for ‘glm’
    hmflatloglin: no visible global function definition for ‘poisson’
    hmflatloglin: no visible global function definition for ‘mvrnorm’
    hmflatloglin: no visible global function definition for ‘runif’
    hmflatprobit: no visible global function definition for ‘glm’
    hmflatprobit: no visible global function definition for ‘binomial’
    hmflatprobit: no visible global function definition for ‘rmnorm’
    hmflatprobit: no visible global function definition for ‘runif’
    hmhmm: no visible global function definition for ‘runif’
    hmhmm: no visible global function definition for ‘rgamma’
    hmmeantemp : lpost: no visible global function definition for ‘dnorm’
    hmmeantemp: no visible global function definition for ‘rnorm’
    hmmeantemp: no visible global function definition for ‘runif’
    hmnoinflogit: no visible global function definition for ‘glm’
    hmnoinflogit: no visible global function definition for ‘binomial’
    hmnoinflogit: no visible global function definition for ‘rmnorm’
    hmnoinflogit: no visible global function definition for ‘runif’
    hmnoinfloglin: no visible global function definition for ‘glm’
    hmnoinfloglin: no visible global function definition for ‘poisson’
    hmnoinfloglin: no visible global function definition for ‘mvrnorm’
    hmnoinfloglin: no visible global function definition for ‘runif’
    hmnoinfprobit: no visible global function definition for ‘glm’
    hmnoinfprobit: no visible global function definition for ‘binomial’
    hmnoinfprobit: no visible global function definition for ‘rmnorm’
    hmnoinfprobit: no visible global function definition for ‘runif’
    isinghm: no visible global function definition for ‘runif’
    logitll: no visible global function definition for ‘plogis’
    logitnoinflpost: no visible global function definition for ‘plogis’
    loglinll: no visible global function definition for ‘dpois’
    loglinnoinflpost: no visible global function definition for ‘dpois’
    plotmix: no visible global function definition for ‘runif’
    plotmix: no visible global function definition for ‘rnorm’
    plotmix: no visible global function definition for ‘par’
    plotmix: no visible global function definition for ‘image’
    plotmix: no visible global function definition for ‘heat.colors’
    plotmix: no visible global function definition for ‘contour’
    pottshm: no visible global function definition for ‘runif’
    probet: no visible global function definition for ‘pbeta’
    probitll: no visible global function definition for ‘pnorm’
    probitnoinflpost: no visible global function definition for ‘pnorm’
    rdirichlet: no visible global function definition for ‘rgamma’
    reconstruct: no visible global function definition for ‘approxfun’
    reconstruct: no visible global function definition for ‘dnorm’
    reconstruct: no visible global function definition for ‘rgamma’
    reconstruct: no visible global function definition for ‘runif’
    reconstruct: no visible global function definition for ‘integrate’
    sumising: no visible global function definition for ‘runif’
    truncnorm: no visible global function definition for ‘qnorm’
    truncnorm: no visible global function definition for ‘pnorm’
    truncnorm: no visible global function definition for ‘runif’
    Undefined global functions or variables:
     approxfun binomial contour dgamma dnorm dpois glm heat.colors image
     integrate mvrnorm par pbeta permn plogis pnorm poisson qnorm rbeta
     rbinom rgamma rmnorm rnbinom rnorm runif var
    Consider adding
     importFrom("grDevices", "heat.colors")
     importFrom("graphics", "contour", "image", "par")
     importFrom("stats", "approxfun", "binomial", "dgamma", "dnorm",
     "dpois", "glm", "integrate", "pbeta", "plogis", "pnorm",
     "poisson", "qnorm", "rbeta", "rbinom", "rgamma", "rnbinom",
     "rnorm", "runif", "var")
    to your NAMESPACE file.
Flavors: r-devel-linux-x86_64-debian-clang, r-devel-linux-x86_64-debian-gcc, r-devel-linux-x86_64-fedora-clang, r-devel-linux-x86_64-fedora-gcc, r-devel-windows-ix86+x86_64, r-patched-linux-x86_64, r-patched-solaris-x86, r-release-linux-x86_64, r-release-windows-ix86+x86_64, r-release-osx-x86_64, r-oldrel-windows-ix86+x86_64, r-oldrel-osx-x86_64