Last updated on 2025-01-24 06:50:34 CET.
Flavor | Version | Tinstall | Tcheck | Ttotal | Status | Flags |
---|---|---|---|---|---|---|
r-devel-linux-x86_64-debian-clang | 1.6 | 5.72 | 49.94 | 55.66 | OK | |
r-devel-linux-x86_64-debian-gcc | 1.6 | 3.71 | 34.68 | 38.39 | NOTE | |
r-devel-linux-x86_64-fedora-clang | 1.6 | 92.24 | OK | |||
r-devel-linux-x86_64-fedora-gcc | 1.6 | 87.88 | OK | |||
r-devel-windows-x86_64 | 1.6 | 6.00 | 80.00 | 86.00 | OK | |
r-patched-linux-x86_64 | 1.6 | 6.39 | 47.67 | 54.06 | OK | |
r-release-linux-x86_64 | 1.6 | 5.18 | 47.72 | 52.90 | OK | |
r-release-macos-arm64 | 1.6 | 27.00 | OK | |||
r-release-macos-x86_64 | 1.6 | 39.00 | OK | |||
r-release-windows-x86_64 | 1.6 | 7.00 | 78.00 | 85.00 | OK | |
r-oldrel-macos-arm64 | 1.6 | 32.00 | OK | |||
r-oldrel-macos-x86_64 | 1.6 | 58.00 | OK | |||
r-oldrel-windows-x86_64 | 1.6 | 8.00 | 91.00 | 99.00 | OK |
Version: 1.6
Check: for unstated dependencies in ‘demo’
Result: NOTE
'library' or 'require' call not declared from: ‘mvtnorm’
Flavor: r-devel-linux-x86_64-debian-gcc