CRAN Package Check Results for Package bayesvl

Last updated on 2021-01-22 03:50:31 CET.

Flavor Version Tinstall Tcheck Ttotal Status Flags
r-devel-linux-x86_64-debian-clang 0.8.5 14.47 95.06 109.53 OK
r-devel-linux-x86_64-debian-gcc 0.8.5 11.49 70.63 82.12 OK
r-devel-linux-x86_64-fedora-clang 0.8.5 139.59 NOTE
r-devel-linux-x86_64-fedora-gcc 0.8.5 127.93 NOTE
r-devel-windows-ix86+x86_64 0.8.5 39.00 122.00 161.00 OK
r-patched-linux-x86_64 0.8.5 12.89 86.99 99.88 OK
r-patched-solaris-x86 0.8.5 180.80 NOTE
r-release-linux-x86_64 0.8.5 10.30 86.15 96.45 OK
r-release-macos-x86_64 0.8.5 NOTE
r-release-windows-ix86+x86_64 0.8.5 37.00 124.00 161.00 OK
r-oldrel-macos-x86_64 0.8.5 NOTE
r-oldrel-windows-ix86+x86_64 0.8.5 21.00 74.00 95.00 OK

Check Details

Version: 0.8.5
Check: dependencies in R code
Result: NOTE
    Namespace in Imports field not imported from: ‘dplyr’
     All declared Imports should be used.
Flavors: r-devel-linux-x86_64-fedora-clang, r-devel-linux-x86_64-fedora-gcc, r-patched-solaris-x86, r-release-macos-x86_64, r-oldrel-macos-x86_64