CRAN Package Check Results for Package bayou

Last updated on 2018-01-17 00:47:00 CET.

Flavor Version Tinstall Tcheck Ttotal Status Flags
r-devel-linux-x86_64-debian-clang 1.1.0 46.29 78.46 124.75 NOTE
r-devel-linux-x86_64-debian-gcc 1.1.0 40.89 60.68 101.57 NOTE
r-devel-linux-x86_64-fedora-clang 1.1.0 153.55 NOTE
r-devel-linux-x86_64-fedora-gcc 1.1.0 161.68 NOTE
r-devel-windows-ix86+x86_64 1.1.0 103.00 110.00 213.00 OK
r-patched-linux-x86_64 1.1.0 47.08 82.46 129.54 NOTE
r-patched-solaris-x86 1.1.0 218.40 OK
r-release-linux-x86_64 1.1.0 44.24 83.39 127.63 NOTE
r-release-windows-ix86+x86_64 1.1.0 130.00 110.00 240.00 OK
r-release-osx-x86_64 1.1.0 OK
r-oldrel-windows-ix86+x86_64 1.1.0 126.00 118.00 244.00 OK
r-oldrel-osx-x86_64 1.1.0 OK

Check Details

Version: 1.1.0
Check: compiled code
Result: NOTE
    File ‘bayou/libs/bayou.so’:
     Found no calls to: ‘R_registerRoutines’, ‘R_useDynamicSymbols’
    
    It is good practice to register native routines and to disable symbol
    search.
    
    See ‘Writing portable packages’ in the ‘Writing R Extensions’ manual.
Flavors: r-devel-linux-x86_64-debian-clang, r-devel-linux-x86_64-debian-gcc, r-devel-linux-x86_64-fedora-clang, r-devel-linux-x86_64-fedora-gcc, r-patched-linux-x86_64, r-release-linux-x86_64