CRAN Package Check Results for Package bayou

Last updated on 2018-12-17 15:48:55 CET.

Flavor Version Tinstall Tcheck Ttotal Status Flags
r-devel-linux-x86_64-debian-clang 2.1.1 60.06 3.59 63.65 ERROR
r-devel-linux-x86_64-debian-gcc 2.1.1 53.47 2.49 55.96 ERROR
r-devel-linux-x86_64-fedora-clang 2.1.1 201.11 OK
r-devel-linux-x86_64-fedora-gcc 2.1.1 184.02 OK
r-devel-windows-ix86+x86_64 2.1.1 144.00 187.00 331.00 OK
r-patched-linux-x86_64 2.1.1 66.88 2.44 69.32 ERROR
r-patched-solaris-x86 2.1.1 214.40 OK
r-release-linux-x86_64 2.1.1 64.14 88.93 153.07 OK
r-release-windows-ix86+x86_64 2.1.1 141.00 184.00 325.00 OK
r-release-osx-x86_64 2.1.1 OK
r-oldrel-windows-ix86+x86_64 2.1.1 130.00 189.00 319.00 OK
r-oldrel-osx-x86_64 2.1.1 OK

Check Details

Version: 2.1.1
Check: whether the package can be loaded
Result: ERROR
    Loading this package had a fatal error status code 1
    Loading log:
    Loading required package: ape
    Error: package or namespace load failed for ‘ape’ in dyn.load(file, DLLpath = DLLpath, ...):
     unable to load shared object ‘/home/hornik/tmp/R.check/r-devel-clang/Work/build/Packages/lattice/libs/lattice.so’:
     /home/hornik/tmp/R.check/r-devel-clang/Work/build/Packages/lattice/libs/lattice.so: failed to map segment from shared object
    Error: package ‘ape’ could not be loaded
    Execution halted
Flavor: r-devel-linux-x86_64-debian-clang

Version: 2.1.1
Check: whether the package can be loaded
Result: ERROR
    Loading this package had a fatal error status code 1
    Loading log:
    Loading required package: ape
    Error: package or namespace load failed for ‘ape’ in dyn.load(file, DLLpath = DLLpath, ...):
     unable to load shared object ‘/home/hornik/tmp/R.check/r-devel-gcc/Work/build/Packages/lattice/libs/lattice.so’:
     /home/hornik/tmp/R.check/r-devel-gcc/Work/build/Packages/lattice/libs/lattice.so: failed to map segment from shared object
    Error: package ‘ape’ could not be loaded
    Execution halted
Flavor: r-devel-linux-x86_64-debian-gcc

Version: 2.1.1
Check: whether the package can be loaded
Result: ERROR
    Loading this package had a fatal error status code 1
    Loading log:
    Loading required package: ape
    Error: package or namespace load failed for ‘ape’ in dyn.load(file, DLLpath = DLLpath, ...):
     unable to load shared object ‘/home/hornik/tmp/R.check/r-patched-gcc/Work/build/Packages/lattice/libs/lattice.so’:
     /home/hornik/tmp/R.check/r-patched-gcc/Work/build/Packages/lattice/libs/lattice.so: failed to map segment from shared object
    Error: package ‘ape’ could not be loaded
    Execution halted
Flavor: r-patched-linux-x86_64