CRAN Package Check Results for Package bazar

Last updated on 2018-08-19 11:47:43 CEST.

Flavor Version Tinstall Tcheck Ttotal Status Flags
r-devel-linux-x86_64-debian-clang 1.0.9 1.73 25.52 27.25 OK
r-devel-linux-x86_64-debian-gcc 1.0.9 1.39 20.72 22.11 OK
r-devel-linux-x86_64-fedora-clang 1.0.9 32.43 OK
r-devel-linux-x86_64-fedora-gcc 1.0.9 30.73 OK
r-devel-windows-ix86+x86_64 1.0.9 5.00 37.00 42.00 OK
r-patched-linux-x86_64 1.0.9 1.66 22.23 23.89 OK
r-patched-solaris-x86 1.0.9 46.50 OK
r-release-linux-x86_64 1.0.9 1.78 23.56 25.34 OK
r-release-windows-ix86+x86_64 1.0.9 5.00 46.00 51.00 OK
r-release-osx-x86_64 1.0.9 OK
r-oldrel-windows-ix86+x86_64 1.0.9 3.00 50.00 53.00 OK
r-oldrel-osx-x86_64 1.0.9 OK

Check Details

Version: 1.0.9
Check: examples
Result: FAIL
    
Flavor: r-release-osx-x86_64