CRAN Package Check Results for Package bbemkr

Last updated on 2020-02-20 19:48:19 CET.

Flavor Version Tinstall Tcheck Ttotal Status Flags
r-devel-linux-x86_64-debian-clang 2.0 4.12 39.27 43.39 NOTE
r-devel-linux-x86_64-debian-gcc 2.0 3.56 32.29 35.85 NOTE
r-devel-linux-x86_64-fedora-clang 2.0 55.16 NOTE
r-devel-linux-x86_64-fedora-gcc 2.0 56.81 NOTE
r-devel-windows-ix86+x86_64 2.0 8.00 52.00 60.00 NOTE
r-devel-windows-ix86+x86_64-gcc8 2.0 14.00 79.00 93.00 NOTE
r-patched-linux-x86_64 2.0 3.55 36.21 39.76 NOTE
r-patched-solaris-x86 2.0 66.40 NOTE
r-release-linux-x86_64 2.0 3.93 36.59 40.52 NOTE
r-release-windows-ix86+x86_64 2.0 8.00 60.00 68.00 NOTE
r-release-osx-x86_64 2.0 NOTE
r-oldrel-windows-ix86+x86_64 2.0 6.00 60.00 66.00 NOTE
r-oldrel-osx-x86_64 2.0 NOTE

Check Details

Version: 2.0
Check: DESCRIPTION meta-information
Result: NOTE
    Malformed Description field: should contain one or more complete sentences.
Flavors: r-devel-linux-x86_64-debian-clang, r-devel-linux-x86_64-debian-gcc, r-devel-linux-x86_64-fedora-clang, r-devel-linux-x86_64-fedora-gcc, r-devel-windows-ix86+x86_64, r-devel-windows-ix86+x86_64-gcc8, r-patched-linux-x86_64, r-patched-solaris-x86, r-release-linux-x86_64, r-release-windows-ix86+x86_64, r-release-osx-x86_64, r-oldrel-windows-ix86+x86_64, r-oldrel-osx-x86_64

Version: 2.0
Check: R code for possible problems
Result: NOTE
    LaplaceMetropolis_admkr: no visible binding for global variable
     'median'
    LaplaceMetropolis_admkr: no visible global function definition for
     'mad'
    LaplaceMetropolis_gaussian: no visible binding for global variable
     'median'
    LaplaceMetropolis_gaussian: no visible global function definition for
     'mad'
    cost_admkr: no visible global function definition for 'sd'
    cov_chol: no visible global function definition for 'qchisq'
    cov_chol_admkr: no visible global function definition for 'qchisq'
    gibbs_admkr_erro: no visible global function definition for 'rnorm'
    gibbs_admkr_erro: no visible global function definition for 'runif'
    gibbs_admkr_nw: no visible global function definition for 'qnorm'
    gibbs_admkr_nw: no visible global function definition for 'rnorm'
    gibbs_admkr_nw: no visible global function definition for 'runif'
    loglikelihood_admkr: no visible global function definition for 'sd'
    margin_like_admkr: no visible global function definition for 'sd'
    np_gibbs: no visible global function definition for 'qnorm'
    np_gibbs: no visible global function definition for 'rnorm'
    np_gibbs: no visible global function definition for 'runif'
    np_gibbs: no visible global function definition for 'rgamma'
    Undefined global functions or variables:
     mad median qchisq qnorm rgamma rnorm runif sd
    Consider adding
     importFrom("stats", "mad", "median", "qchisq", "qnorm", "rgamma",
     "rnorm", "runif", "sd")
    to your NAMESPACE file.
Flavors: r-devel-linux-x86_64-debian-clang, r-devel-linux-x86_64-debian-gcc, r-devel-linux-x86_64-fedora-clang, r-devel-linux-x86_64-fedora-gcc, r-devel-windows-ix86+x86_64, r-devel-windows-ix86+x86_64-gcc8, r-patched-linux-x86_64, r-patched-solaris-x86, r-release-linux-x86_64, r-release-windows-ix86+x86_64, r-release-osx-x86_64, r-oldrel-windows-ix86+x86_64, r-oldrel-osx-x86_64