CRAN Package Check Results for Package bcRep

Last updated on 2019-02-21 01:50:35 CET.

Flavor Version Tinstall Tcheck Ttotal Status Flags
r-devel-linux-x86_64-debian-clang 1.3.6 11.31 142.23 153.54 OK
r-devel-linux-x86_64-debian-gcc 1.3.6 9.61 108.21 117.82 OK
r-devel-linux-x86_64-fedora-clang 1.3.6 184.04 OK
r-devel-linux-x86_64-fedora-gcc 1.3.6 176.75 OK
r-devel-windows-ix86+x86_64 1.3.6 28.00 424.00 452.00 OK
r-patched-linux-x86_64 1.3.6 OK
r-patched-solaris-x86 1.3.6 635.70 NOTE
r-release-linux-x86_64 1.3.6 OK
r-release-windows-ix86+x86_64 1.3.6 14.00 424.00 438.00 OK
r-release-osx-x86_64 1.3.6 OK
r-oldrel-windows-ix86+x86_64 1.3.6 10.00 337.00 347.00 OK
r-oldrel-osx-x86_64 1.3.6 OK

Check Details

Version: 1.3.6
Check: installed package size
Result: NOTE
     installed size is 5.2Mb
     sub-directories of 1Mb or more:
     data 1.8Mb
     doc 2.7Mb
Flavor: r-patched-solaris-x86