CRAN Package Check Results for Package bcRep

Last updated on 2018-05-24 09:49:24 CEST.

Flavor Version Tinstall Tcheck Ttotal Status Flags
r-devel-linux-x86_64-debian-clang 1.3.6 10.61 131.27 141.88 OK
r-devel-linux-x86_64-debian-gcc 1.3.6 10.23 109.60 119.83 OK
r-devel-linux-x86_64-fedora-clang 1.3.6 186.98 OK
r-devel-linux-x86_64-fedora-gcc 1.3.6 177.28 OK
r-devel-windows-ix86+x86_64 1.3.6 18.00 332.00 350.00 OK
r-patched-linux-x86_64 1.3.6 10.45 127.62 138.07 OK
r-patched-solaris-x86 1.3.6 607.30 NOTE
r-release-linux-x86_64 1.3.6 11.02 127.68 138.70 OK
r-release-windows-ix86+x86_64 1.3.6 23.00 425.00 448.00 OK
r-release-osx-x86_64 1.3.6 OK
r-oldrel-windows-ix86+x86_64 1.3.6 17.00 397.00 414.00 OK
r-oldrel-osx-x86_64 1.3.6 OK

Check Details

Version: 1.3.6
Check: installed package size
Result: NOTE
     installed size is 5.2Mb
     sub-directories of 1Mb or more:
     data 1.8Mb
     doc 2.7Mb
Flavor: r-patched-solaris-x86