CRAN Package Check Results for Package bcRep

Last updated on 2018-08-20 09:47:30 CEST.

Flavor Version Tinstall Tcheck Ttotal Status Flags
r-devel-linux-x86_64-debian-clang 1.3.6 10.55 142.76 153.31 OK
r-devel-linux-x86_64-debian-gcc 1.3.6 9.91 112.45 122.36 OK
r-devel-linux-x86_64-fedora-clang 1.3.6 187.85 OK
r-devel-linux-x86_64-fedora-gcc 1.3.6 174.17 OK
r-devel-windows-ix86+x86_64 1.3.6 24.00 421.00 445.00 OK
r-patched-linux-x86_64 1.3.6 11.19 127.19 138.38 OK
r-patched-solaris-x86 1.3.6 614.90 NOTE
r-release-linux-x86_64 1.3.6 9.40 128.82 138.22 OK
r-release-windows-ix86+x86_64 1.3.6 21.00 419.00 440.00 OK
r-release-osx-x86_64 1.3.6 OK
r-oldrel-windows-ix86+x86_64 1.3.6 9.00 333.00 342.00 OK
r-oldrel-osx-x86_64 1.3.6 OK

Check Details

Version: 1.3.6
Check: installed package size
Result: NOTE
     installed size is 5.2Mb
     sub-directories of 1Mb or more:
     data 1.8Mb
     doc 2.7Mb
Flavor: r-patched-solaris-x86