CRAN Package Check Results for Package bcRep

Last updated on 2018-02-25 11:47:49 CET.

Flavor Version Tinstall Tcheck Ttotal Status Flags
r-devel-linux-x86_64-debian-clang 1.3.6 10.74 134.21 144.95 OK
r-devel-linux-x86_64-debian-gcc 1.3.6 9.52 101.49 111.01 OK
r-devel-linux-x86_64-fedora-clang 1.3.6 179.51 OK
r-devel-linux-x86_64-fedora-gcc 1.3.6 170.10 OK
r-devel-windows-ix86+x86_64 1.3.6 26.00 403.00 429.00 OK
r-patched-linux-x86_64 1.3.6 5.44 138.91 144.35 OK
r-patched-solaris-x86 1.3.6 574.40 NOTE
r-release-linux-x86_64 1.3.6 5.16 139.94 145.10 OK
r-release-windows-ix86+x86_64 1.3.6 18.00 330.00 348.00 OK
r-release-osx-x86_64 1.3.6 OK
r-oldrel-windows-ix86+x86_64 1.3.6 11.00 307.00 318.00 OK
r-oldrel-osx-x86_64 1.3.6 OK

Check Details

Version: 1.3.6
Check: installed package size
Result: NOTE
     installed size is 5.0Mb
     sub-directories of 1Mb or more:
     data 1.8Mb
     doc 2.7Mb
Flavor: r-patched-solaris-x86