CRAN Package Check Results for Package bcfrailphdv

Last updated on 2022-08-13 09:54:19 CEST.

Flavor Version Tinstall Tcheck Ttotal Status Flags
r-devel-linux-x86_64-debian-clang 0.1.0 22.53 143.13 165.66 NOTE
r-devel-linux-x86_64-debian-gcc 0.1.0 16.83 104.33 121.16 NOTE
r-devel-linux-x86_64-fedora-clang 0.1.0 202.75 NOTE
r-devel-linux-x86_64-fedora-gcc 0.1.0 203.25 NOTE
r-devel-windows-x86_64 0.1.0 30.00 153.00 183.00 NOTE
r-patched-linux-x86_64 0.1.0 21.14 133.63 154.77 NOTE
r-release-linux-x86_64 0.1.0 23.72 136.78 160.50 NOTE
r-release-macos-arm64 0.1.0 52.00 NOTE
r-release-macos-x86_64 0.1.0 73.00 NOTE
r-release-windows-x86_64 0.1.0 25.00 150.00 175.00 NOTE
r-oldrel-macos-arm64 0.1.0 65.00 NOTE
r-oldrel-macos-x86_64 0.1.0 96.00 NOTE
r-oldrel-windows-ix86+x86_64 0.1.0 37.00 160.00 197.00 NOTE

Additional issues

donttest

Check Details

Version: 0.1.0
Check: LazyData
Result: NOTE
     'LazyData' is specified without a 'data' directory
Flavors: r-devel-linux-x86_64-debian-clang, r-devel-linux-x86_64-debian-gcc, r-devel-linux-x86_64-fedora-clang, r-devel-linux-x86_64-fedora-gcc, r-devel-windows-x86_64, r-patched-linux-x86_64, r-release-linux-x86_64, r-release-macos-arm64, r-release-macos-x86_64, r-release-windows-x86_64, r-oldrel-macos-arm64, r-oldrel-macos-x86_64, r-oldrel-windows-ix86+x86_64