CRAN Package Check Results for Package bcmaps

Last updated on 2018-11-18 21:47:14 CET.

Flavor Version Tinstall Tcheck Ttotal Status Flags
r-devel-linux-x86_64-debian-clang 0.17.1 1.80 37.34 39.14 NOTE
r-devel-linux-x86_64-debian-gcc 0.17.1 1.50 30.36 31.86 NOTE
r-devel-linux-x86_64-fedora-clang 0.17.1 46.63 NOTE
r-devel-linux-x86_64-fedora-gcc 0.17.1 46.07 NOTE
r-devel-windows-ix86+x86_64 0.17.1 5.00 50.00 55.00 NOTE
r-patched-linux-x86_64 0.17.1 1.64 33.58 35.22 NOTE
r-patched-solaris-x86 0.17.1 66.10 NOTE
r-release-linux-x86_64 0.17.1 1.20 35.10 36.30 NOTE
r-release-windows-ix86+x86_64 0.17.1 6.00 66.00 72.00 NOTE
r-release-osx-x86_64 0.17.1 NOTE
r-oldrel-windows-ix86+x86_64 0.17.1 5.00 91.00 96.00 NOTE
r-oldrel-osx-x86_64 0.17.1 NOTE

Check Details

Version: 0.17.1
Check: package dependencies
Result: NOTE
    Package suggested but not available for checking: ‘bcmaps.rdata’
Flavors: r-devel-linux-x86_64-debian-clang, r-devel-linux-x86_64-debian-gcc, r-devel-linux-x86_64-fedora-clang, r-devel-linux-x86_64-fedora-gcc, r-patched-linux-x86_64, r-patched-solaris-x86, r-release-linux-x86_64, r-release-osx-x86_64, r-oldrel-osx-x86_64

Version: 0.17.1
Check: package dependencies
Result: NOTE
    Packages suggested but not available for checking: 'bcmaps.rdata', 'doMC'
Flavor: r-devel-windows-ix86+x86_64

Version: 0.17.1
Check: package dependencies
Result: NOTE
    Packages suggested but not available for checking: 'bcmaps.rdata' 'doMC'
Flavors: r-release-windows-ix86+x86_64, r-oldrel-windows-ix86+x86_64