CRAN Package Check Results for Package bcmaps

Last updated on 2021-05-18 17:48:02 CEST.

Flavor Version Tinstall Tcheck Ttotal Status Flags
r-devel-linux-x86_64-debian-clang 1.0.2 9.89 86.56 96.45 NOTE
r-devel-linux-x86_64-debian-gcc 1.0.2 7.73 64.97 72.70 NOTE
r-devel-linux-x86_64-fedora-clang 1.0.2 120.32 NOTE
r-devel-linux-x86_64-fedora-gcc 1.0.2 111.08 NOTE
r-devel-windows-ix86+x86_64 1.0.2 22.00 109.00 131.00 NOTE
r-devel-windows-x86_64-gcc10-UCRT 1.0.2 NOTE
r-patched-linux-x86_64 1.0.2 8.87 80.27 89.14 NOTE
r-patched-solaris-x86 1.0.2 160.60 NOTE
r-release-linux-x86_64 1.0.2 8.31 81.08 89.39 OK
r-release-macos-x86_64 1.0.2 OK
r-release-windows-ix86+x86_64 1.0.2 15.00 83.00 98.00 OK
r-oldrel-macos-x86_64 1.0.2 OK
r-oldrel-windows-ix86+x86_64 1.0.2 14.00 110.00 124.00 OK

Check Details

Version: 1.0.2
Check: LazyData
Result: NOTE
     'LazyData' is specified without a 'data' directory
Flavors: r-devel-linux-x86_64-debian-clang, r-devel-linux-x86_64-debian-gcc, r-devel-linux-x86_64-fedora-clang, r-devel-linux-x86_64-fedora-gcc, r-devel-windows-ix86+x86_64, r-devel-windows-x86_64-gcc10-UCRT, r-patched-linux-x86_64, r-patched-solaris-x86