CRAN Package Check Results for Package bcmaps

Last updated on 2018-05-26 02:48:19 CEST.

Flavor Version Tinstall Tcheck Ttotal Status Flags
r-devel-linux-x86_64-debian-clang 0.17.1 1.37 40.89 42.26 NOTE
r-devel-linux-x86_64-debian-gcc 0.17.1 1.18 31.76 32.94 NOTE
r-devel-linux-x86_64-fedora-clang 0.17.1 51.69 NOTE
r-devel-linux-x86_64-fedora-gcc 0.17.1 46.80 NOTE
r-devel-windows-ix86+x86_64 0.17.1 5.00 50.00 55.00 NOTE
r-patched-linux-x86_64 0.17.1 1.83 36.83 38.66 NOTE
r-patched-solaris-x86 0.17.1 65.00 NOTE
r-release-linux-x86_64 0.17.1 1.78 36.29 38.07 NOTE
r-release-windows-ix86+x86_64 0.17.1 5.00 68.00 73.00 NOTE
r-release-osx-x86_64 0.17.1 NOTE
r-oldrel-windows-ix86+x86_64 0.17.1 4.00 46.00 50.00 NOTE
r-oldrel-osx-x86_64 0.17.1 NOTE

Check Details

Version: 0.17.1
Check: package dependencies
Result: NOTE
    Package suggested but not available for checking: ‘bcmaps.rdata’
Flavors: r-devel-linux-x86_64-debian-clang, r-devel-linux-x86_64-debian-gcc, r-devel-linux-x86_64-fedora-clang, r-devel-linux-x86_64-fedora-gcc, r-patched-linux-x86_64, r-patched-solaris-x86, r-release-linux-x86_64, r-release-osx-x86_64, r-oldrel-osx-x86_64

Version: 0.17.1
Check: package dependencies
Result: NOTE
    Packages suggested but not available for checking: 'bcmaps.rdata' 'doMC'
Flavors: r-devel-windows-ix86+x86_64, r-release-windows-ix86+x86_64, r-oldrel-windows-ix86+x86_64