CRAN Package Check Results for Package bcmaps

Last updated on 2018-08-19 20:50:01 CEST.

Flavor Version Tinstall Tcheck Ttotal Status Flags
r-devel-linux-x86_64-debian-clang 0.17.1 1.92 40.57 42.49 NOTE
r-devel-linux-x86_64-debian-gcc 0.17.1 1.50 32.89 34.39 NOTE
r-devel-linux-x86_64-fedora-clang 0.17.1 51.59 NOTE
r-devel-linux-x86_64-fedora-gcc 0.17.1 49.26 NOTE
r-devel-windows-ix86+x86_64 0.17.1 5.00 49.00 54.00 NOTE
r-patched-linux-x86_64 0.17.1 1.46 35.14 36.60 NOTE
r-patched-solaris-x86 0.17.1 67.60 NOTE
r-release-linux-x86_64 0.17.1 1.84 36.66 38.50 NOTE
r-release-windows-ix86+x86_64 0.17.1 5.00 68.00 73.00 NOTE
r-release-osx-x86_64 0.17.1 NOTE
r-oldrel-windows-ix86+x86_64 0.17.1 3.00 55.00 58.00 NOTE
r-oldrel-osx-x86_64 0.17.1 NOTE

Check Details

Version: 0.17.1
Check: package dependencies
Result: NOTE
    Package suggested but not available for checking: ‘bcmaps.rdata’
Flavors: r-devel-linux-x86_64-debian-clang, r-devel-linux-x86_64-debian-gcc, r-devel-linux-x86_64-fedora-clang, r-devel-linux-x86_64-fedora-gcc, r-patched-linux-x86_64, r-patched-solaris-x86, r-release-linux-x86_64, r-release-osx-x86_64, r-oldrel-osx-x86_64

Version: 0.17.1
Check: package dependencies
Result: NOTE
    Packages suggested but not available for checking: 'bcmaps.rdata' 'doMC'
Flavors: r-devel-windows-ix86+x86_64, r-release-windows-ix86+x86_64, r-oldrel-windows-ix86+x86_64