CRAN Package Check Results for Package bcmaps

Last updated on 2019-02-16 18:46:09 CET.

Flavor Version Tinstall Tcheck Ttotal Status Flags
r-devel-linux-x86_64-debian-clang 0.17.1 2.22 37.64 39.86 NOTE
r-devel-linux-x86_64-debian-gcc 0.18.0 3.14 44.74 47.88 NOTE
r-devel-linux-x86_64-fedora-clang 0.18.0 72.65 NOTE
r-devel-linux-x86_64-fedora-gcc 0.18.0 66.45 NOTE
r-devel-windows-ix86+x86_64 0.18.0 12.00 81.00 93.00 NOTE
r-patched-linux-x86_64 0.17.1 1.79 35.46 37.25 NOTE
r-patched-solaris-x86 0.18.0 101.40 NOTE
r-release-linux-x86_64 0.18.0 NOTE
r-release-windows-ix86+x86_64 0.17.1 3.00 47.00 50.00 NOTE
r-release-osx-x86_64 0.17.1 NOTE
r-oldrel-windows-ix86+x86_64 0.17.1 5.00 72.00 77.00 NOTE
r-oldrel-osx-x86_64 0.17.1 NOTE

Check Details

Version: 0.17.1
Check: package dependencies
Result: NOTE
    Package suggested but not available for checking: ‘bcmaps.rdata’
Flavors: r-devel-linux-x86_64-debian-clang, r-patched-linux-x86_64, r-release-osx-x86_64, r-oldrel-osx-x86_64

Version: 0.18.0
Check: package dependencies
Result: NOTE
    Package suggested but not available for checking: ‘bcmapsdata’
Flavors: r-devel-linux-x86_64-debian-gcc, r-devel-linux-x86_64-fedora-clang, r-devel-linux-x86_64-fedora-gcc, r-patched-solaris-x86, r-release-linux-x86_64

Version: 0.18.0
Check: package dependencies
Result: NOTE
    Packages suggested but not available for checking: 'bcmapsdata', 'doMC'
Flavor: r-devel-windows-ix86+x86_64

Version: 0.17.1
Check: package dependencies
Result: NOTE
    Packages suggested but not available for checking: 'bcmaps.rdata' 'doMC'
Flavors: r-release-windows-ix86+x86_64, r-oldrel-windows-ix86+x86_64