CRAN Package Check Results for Package bcmaps

Last updated on 2018-02-23 21:49:48 CET.

Flavor Version Tinstall Tcheck Ttotal Status Flags
r-devel-linux-x86_64-debian-clang 0.17.0 1.41 36.71 38.12 NOTE
r-devel-linux-x86_64-debian-gcc 0.17.0 1.15 29.64 30.79 NOTE
r-devel-linux-x86_64-fedora-clang 0.17.0 45.81 NOTE
r-devel-linux-x86_64-fedora-gcc 0.17.0 44.98 NOTE
r-devel-windows-ix86+x86_64 0.17.0 5.00 66.00 71.00 NOTE
r-patched-linux-x86_64 0.17.0 1.19 39.14 40.33 NOTE
r-patched-solaris-x86 0.17.0 62.50 NOTE
r-release-linux-x86_64 0.17.0 1.00 38.80 39.80 NOTE
r-release-windows-ix86+x86_64 0.17.0 7.00 49.00 56.00 NOTE
r-release-osx-x86_64 0.17.0 NOTE
r-oldrel-osx-x86_64 0.16.0 ERROR

Check Details

Version: 0.17.0
Check: package dependencies
Result: NOTE
    Package suggested but not available for checking: ‘bcmaps.rdata’
Flavors: r-devel-linux-x86_64-debian-clang, r-devel-linux-x86_64-debian-gcc, r-devel-linux-x86_64-fedora-clang, r-devel-linux-x86_64-fedora-gcc, r-patched-linux-x86_64, r-patched-solaris-x86, r-release-linux-x86_64, r-release-osx-x86_64

Version: 0.17.0
Check: package dependencies
Result: NOTE
    Packages suggested but not available for checking: 'bcmaps.rdata' 'doMC'
Flavors: r-devel-windows-ix86+x86_64, r-release-windows-ix86+x86_64

Version: 0.16.0
Check: package dependencies
Result: NOTE
    Package suggested but not available for checking: ‘bcmaps.rdata’
Flavor: r-oldrel-osx-x86_64

Version: 0.16.0
Check: whether package can be installed
Result: ERROR
    Installation failed.
Flavor: r-oldrel-osx-x86_64