CRAN Package Check Results for Package bcp

Last updated on 2022-12-03 07:56:30 CET.

Flavor Version Tinstall Tcheck Ttotal Status Flags
r-devel-linux-x86_64-debian-clang 4.0.3 109.37 45.45 154.82 OK
r-devel-linux-x86_64-debian-gcc 4.0.3 88.23 34.61 122.84 OK
r-devel-linux-x86_64-fedora-clang 4.0.3 247.73 OK
r-devel-linux-x86_64-fedora-gcc 4.0.3 232.16 OK
r-devel-windows-x86_64 4.0.3 86.00 96.00 182.00 OK
r-patched-linux-x86_64 4.0.3 91.13 42.48 133.61 OK
r-release-linux-x86_64 4.0.3 91.13 42.89 134.02 OK
r-release-macos-arm64 4.0.3 53.00 NOTE
r-release-macos-x86_64 4.0.3 72.00 NOTE
r-release-windows-x86_64 4.0.3 90.00 100.00 190.00 OK
r-oldrel-macos-arm64 4.0.3 61.00 NOTE
r-oldrel-macos-x86_64 4.0.3 99.00 OK
r-oldrel-windows-ix86+x86_64 4.0.3 263.00 110.00 373.00 OK

Check Details

Version: 4.0.3
Check: package dependencies
Result: NOTE
    Package suggested but not available for checking: ‘DNAcopy’
Flavor: r-release-macos-arm64

Version: 4.0.3
Check: installed package size
Result: NOTE
     installed size is 5.4Mb
     sub-directories of 1Mb or more:
     libs 5.1Mb
Flavors: r-release-macos-arm64, r-release-macos-x86_64, r-oldrel-macos-arm64