CRAN Package Check Results for Package bcp

Last updated on 2018-11-14 18:47:42 CET.

Flavor Version Tinstall Tcheck Ttotal Status Flags
r-devel-linux-x86_64-debian-clang 4.0.3 87.70 37.49 125.19 OK
r-devel-linux-x86_64-debian-gcc 4.0.3 76.03 29.03 105.06 OK
r-devel-linux-x86_64-fedora-clang 4.0.3 172.43 NOTE
r-devel-linux-x86_64-fedora-gcc 4.0.3 166.71 OK
r-devel-windows-ix86+x86_64 4.0.3 149.00 75.00 224.00 OK
r-patched-linux-x86_64 4.0.3 92.70 32.32 125.02 OK
r-patched-solaris-x86 4.0.3 158.10 OK
r-release-linux-x86_64 4.0.3 92.30 33.73 126.03 OK
r-release-windows-ix86+x86_64 4.0.3 203.00 90.00 293.00 OK
r-release-osx-x86_64 4.0.3 OK
r-oldrel-windows-ix86+x86_64 4.0.3 207.00 151.00 358.00 OK
r-oldrel-osx-x86_64 4.0.3 OK

Check Details

Version: 4.0.3
Check: installed package size
Result: NOTE
     installed size is 5.4Mb
     sub-directories of 1Mb or more:
     libs 5.1Mb
Flavor: r-devel-linux-x86_64-fedora-clang