CRAN Package Check Results for Package bcp

Last updated on 2019-02-15 20:46:39 CET.

Flavor Version Tinstall Tcheck Ttotal Status Flags
r-devel-linux-x86_64-debian-clang 4.0.3 81.29 35.64 116.93 OK
r-devel-linux-x86_64-debian-gcc 4.0.3 63.79 28.00 91.79 OK
r-devel-linux-x86_64-fedora-clang 4.0.3 183.02 NOTE
r-devel-linux-x86_64-fedora-gcc 4.0.3 168.48 OK
r-devel-windows-ix86+x86_64 4.0.3 266.00 97.00 363.00 OK
r-patched-linux-x86_64 4.0.3 86.76 33.71 120.47 OK
r-patched-solaris-x86 4.0.3 152.20 OK
r-release-linux-x86_64 4.0.3 83.24 33.18 116.42 OK
r-release-windows-ix86+x86_64 4.0.3 153.00 110.00 263.00 OK
r-release-osx-x86_64 4.0.3 OK
r-oldrel-windows-ix86+x86_64 4.0.3 214.00 101.00 315.00 OK
r-oldrel-osx-x86_64 4.0.3 OK

Check Details

Version: 4.0.3
Check: installed package size
Result: NOTE
     installed size is 5.3Mb
     sub-directories of 1Mb or more:
     libs 5.0Mb
Flavor: r-devel-linux-x86_64-fedora-clang