CRAN Package Check Results for Package bcp

Last updated on 2018-05-21 00:49:45 CEST.

Flavor Version Tinstall Tcheck Ttotal Status Flags
r-devel-linux-x86_64-debian-clang 4.0.1 76.11 32.84 108.95 OK
r-devel-linux-x86_64-debian-gcc 4.0.1 73.77 27.21 100.98 OK
r-devel-linux-x86_64-fedora-clang 4.0.1 155.49 OK
r-devel-linux-x86_64-fedora-gcc 4.0.1 144.72 NOTE
r-devel-windows-ix86+x86_64 4.0.1 202.00 75.00 277.00 OK
r-patched-linux-x86_64 4.0.1 88.01 33.78 121.79 OK
r-patched-solaris-x86 4.0.1 156.40 OK
r-release-linux-x86_64 4.0.1 86.08 33.52 119.60 OK
r-release-windows-ix86+x86_64 4.0.1 139.00 66.00 205.00 OK
r-release-osx-x86_64 4.0.1 OK
r-oldrel-windows-ix86+x86_64 4.0.1 156.00 66.00 222.00 OK
r-oldrel-osx-x86_64 4.0.1 OK

Additional issues

clang-ASAN

Check Details

Version: 4.0.1
Check: installed package size
Result: NOTE
     installed size is 6.0Mb
     sub-directories of 1Mb or more:
     libs 5.7Mb
Flavor: r-devel-linux-x86_64-fedora-gcc