CRAN Package Check Results for Package bcp

Last updated on 2018-08-21 20:46:19 CEST.

Flavor Version Tinstall Tcheck Ttotal Status Flags
r-devel-linux-x86_64-debian-clang 4.0.3 79.94 37.03 116.97 OK
r-devel-linux-x86_64-debian-gcc 4.0.3 71.84 28.48 100.32 OK
r-devel-linux-x86_64-fedora-clang 4.0.3 160.31 NOTE
r-devel-linux-x86_64-fedora-gcc 4.0.3 164.88 OK
r-devel-windows-ix86+x86_64 4.0.3 202.00 72.00 274.00 OK
r-patched-linux-x86_64 4.0.3 86.85 34.17 121.02 OK
r-patched-solaris-x86 4.0.3 137.20 OK
r-release-linux-x86_64 4.0.3 92.04 33.13 125.17 OK
r-release-windows-ix86+x86_64 4.0.3 209.00 80.00 289.00 OK
r-release-osx-x86_64 4.0.3 OK
r-oldrel-windows-ix86+x86_64 4.0.3 143.00 68.00 211.00 OK
r-oldrel-osx-x86_64 4.0.3 OK

Check Details

Version: 4.0.3
Check: installed package size
Result: NOTE
     installed size is 5.1Mb
     sub-directories of 1Mb or more:
     libs 4.9Mb
Flavor: r-devel-linux-x86_64-fedora-clang