Last updated on 2023-09-25 14:00:54 CEST.
Flavor | Version | Tinstall | Tcheck | Ttotal | Status | Flags |
---|---|---|---|---|---|---|
r-devel-linux-x86_64-debian-clang | 4.0.3 | 113.04 | 44.74 | 157.78 | OK | |
r-devel-linux-x86_64-debian-gcc | 4.0.3 | 77.12 | 33.63 | 110.75 | OK | |
r-devel-linux-x86_64-fedora-clang | 4.0.3 | 223.99 | OK | |||
r-devel-linux-x86_64-fedora-gcc | 4.0.3 | 240.13 | OK | |||
r-devel-windows-x86_64 | 4.0.3 | 88.00 | 77.00 | 165.00 | OK | |
r-patched-linux-x86_64 | 4.0.3 | 109.57 | 43.55 | 153.12 | OK | |
r-release-linux-x86_64 | 4.0.3 | 118.76 | 44.30 | 163.06 | OK | |
r-release-macos-arm64 | 4.0.3 | 56.00 | NOTE | |||
r-release-macos-x86_64 | 4.0.3 | 92.00 | NOTE | |||
r-release-windows-x86_64 | 4.0.3 | 112.00 | 82.00 | 194.00 | OK | |
r-oldrel-macos-arm64 | 4.0.3 | 53.00 | NOTE | |||
r-oldrel-macos-x86_64 | 4.0.3 | 72.00 | NOTE | |||
r-oldrel-windows-x86_64 | 4.0.3 | 105.00 | 82.00 | 187.00 | OK |
Version: 4.0.3
Check: installed package size
Result: NOTE
installed size is 5.4Mb
sub-directories of 1Mb or more:
libs 5.1Mb
Flavors: r-release-macos-arm64, r-release-macos-x86_64, r-oldrel-macos-arm64, r-oldrel-macos-x86_64