CRAN Package Check Results for Package bdc

Last updated on 2024-02-24 06:50:31 CET.

Flavor Version Tinstall Tcheck Ttotal Status Flags
r-devel-linux-x86_64-debian-clang 1.1.4 36.74 403.94 440.68 OK
r-devel-linux-x86_64-debian-gcc 1.1.4 28.76 294.16 322.92 OK
r-devel-linux-x86_64-fedora-clang 1.1.4 560.73 NOTE
r-devel-linux-x86_64-fedora-gcc 1.1.4 556.55 OK
r-devel-windows-x86_64 1.1.4 30.00 256.00 286.00 NOTE
r-patched-linux-x86_64 1.1.4 27.17 361.87 389.04 OK
r-release-linux-x86_64 1.1.4 24.29 357.25 381.54 OK
r-release-macos-arm64 1.1.4 164.00 NOTE
r-release-macos-x86_64 1.1.4 329.00 NOTE
r-release-windows-x86_64 1.1.4 41.00 355.00 396.00 NOTE
r-oldrel-macos-arm64 1.1.4 100.00 NOTE
r-oldrel-windows-x86_64 1.1.4 41.00 340.00 381.00 NOTE

Check Details

Version: 1.1.4
Check: installed package size
Result: NOTE installed size is 5.3Mb sub-directories of 1Mb or more: doc 3.6Mb extdata 1.2Mb Flavors: r-devel-linux-x86_64-fedora-clang, r-devel-windows-x86_64, r-release-macos-arm64, r-release-macos-x86_64, r-release-windows-x86_64, r-oldrel-macos-arm64, r-oldrel-windows-x86_64