CRAN Package Check Results for Package bdchecks

Last updated on 2020-02-24 15:47:48 CET.

Flavor Version Tinstall Tcheck Ttotal Status Flags
r-devel-linux-x86_64-debian-clang 0.1.7 13.54 106.23 119.77 OK
r-devel-linux-x86_64-debian-gcc 0.1.7 10.66 80.23 90.89 OK
r-devel-linux-x86_64-fedora-clang 0.1.7 119.44 NOTE
r-devel-linux-x86_64-fedora-gcc 0.1.7 115.72 NOTE
r-devel-windows-ix86+x86_64 0.1.7 30.00 106.00 136.00 OK
r-devel-windows-ix86+x86_64-gcc8 0.1.7 57.00 165.00 222.00 OK
r-patched-linux-x86_64 0.1.7 OK
r-patched-solaris-x86 0.1.7 175.10 NOTE
r-release-linux-x86_64 0.1.7 10.18 94.28 104.46 OK
r-release-windows-ix86+x86_64 0.1.7 24.00 104.00 128.00 OK
r-release-osx-x86_64 0.1.7 NOTE
r-oldrel-windows-ix86+x86_64 0.1.7 15.00 108.00 123.00 OK
r-oldrel-osx-x86_64 0.1.7 NOTE

Check Details

Version: 0.1.7
Check: data for non-ASCII characters
Result: NOTE
     Note: found 72 marked UTF-8 strings
Flavors: r-devel-linux-x86_64-fedora-clang, r-devel-linux-x86_64-fedora-gcc, r-patched-solaris-x86, r-release-osx-x86_64, r-oldrel-osx-x86_64