CRAN Package Check Results for Package bdchecks

Last updated on 2019-09-20 21:46:19 CEST.

Flavor Version Tinstall Tcheck Ttotal Status Flags
r-devel-linux-x86_64-debian-clang 0.1.7 11.18 94.43 105.61 OK
r-devel-linux-x86_64-debian-gcc 0.1.7 9.66 72.76 82.42 OK
r-devel-linux-x86_64-fedora-clang 0.1.7 104.92 NOTE
r-devel-linux-x86_64-fedora-gcc 0.1.7 101.25 NOTE
r-devel-windows-ix86+x86_64 0.1.7 57.00 225.00 282.00 OK
r-patched-linux-x86_64 0.1.7 12.44 91.89 104.33 OK
r-patched-solaris-x86 0.1.7 171.60 NOTE
r-release-linux-x86_64 0.1.7 11.44 92.11 103.55 OK
r-release-windows-ix86+x86_64 0.1.7 24.00 101.00 125.00 OK
r-release-osx-x86_64 0.1.7 NOTE
r-oldrel-windows-ix86+x86_64 0.1.7 16.00 103.00 119.00 OK
r-oldrel-osx-x86_64 0.1.7 NOTE

Check Details

Version: 0.1.7
Check: data for non-ASCII characters
Result: NOTE
     Note: found 72 marked UTF-8 strings
Flavors: r-devel-linux-x86_64-fedora-clang, r-devel-linux-x86_64-fedora-gcc, r-patched-solaris-x86, r-release-osx-x86_64, r-oldrel-osx-x86_64