CRAN Package Check Results for Package bdribs

Last updated on 2019-09-19 08:50:49 CEST.

Flavor Version Tinstall Tcheck Ttotal Status Flags
r-devel-linux-x86_64-debian-clang 1.0.4 2.65 23.11 25.76 NOTE
r-devel-linux-x86_64-debian-gcc 1.0.4 2.18 18.44 20.62 NOTE
r-devel-linux-x86_64-fedora-clang 1.0.4 31.65 NOTE
r-devel-linux-x86_64-fedora-gcc 1.0.4 30.84 NOTE
r-devel-windows-ix86+x86_64 1.0.4 11.00 36.00 47.00 OK
r-patched-linux-x86_64 1.0.4 2.21 22.89 25.10 OK
r-patched-solaris-x86 1.0.4 70.90 OK
r-release-linux-x86_64 1.0.4 2.22 22.71 24.93 OK
r-release-windows-ix86+x86_64 1.0.4 5.00 47.00 52.00 OK
r-release-osx-x86_64 1.0.4 OK
r-oldrel-windows-ix86+x86_64 1.0.4 4.00 56.00 60.00 OK
r-oldrel-osx-x86_64 1.0.4 OK

Check Details

Version: 1.0.4
Check: for non-standard things in the check directory
Result: NOTE
    Found the following files/directories:
     'dump.txt'
Flavors: r-devel-linux-x86_64-debian-clang, r-devel-linux-x86_64-debian-gcc, r-devel-linux-x86_64-fedora-clang, r-devel-linux-x86_64-fedora-gcc