CRAN Package Check Results for Package bdribs

Last updated on 2020-02-27 17:50:49 CET.

Flavor Version Tinstall Tcheck Ttotal Status Flags
r-devel-linux-x86_64-debian-clang 1.0.4 2.90 24.76 27.66 NOTE
r-devel-linux-x86_64-debian-gcc 1.0.4 2.19 19.62 21.81 NOTE
r-devel-linux-x86_64-fedora-clang 1.0.4 33.56 NOTE
r-devel-linux-x86_64-fedora-gcc 1.0.4 32.79 NOTE
r-devel-windows-ix86+x86_64 1.0.4 8.00 36.00 44.00 OK
r-devel-windows-ix86+x86_64-gcc8 1.0.4 7.00 35.00 42.00 OK
r-patched-linux-x86_64 1.0.4 2.30 23.07 25.37 OK
r-patched-solaris-x86 1.0.4 64.00 OK
r-release-linux-x86_64 1.0.4 1.91 23.23 25.14 OK
r-release-windows-ix86+x86_64 1.0.4 6.00 36.00 42.00 OK
r-release-osx-x86_64 1.0.4 OK
r-oldrel-windows-ix86+x86_64 1.0.4 4.00 42.00 46.00 OK
r-oldrel-osx-x86_64 1.0.4 OK

Check Details

Version: 1.0.4
Check: for non-standard things in the check directory
Result: NOTE
    Found the following files/directories:
     'dump.txt'
Flavors: r-devel-linux-x86_64-debian-clang, r-devel-linux-x86_64-debian-gcc, r-devel-linux-x86_64-fedora-clang, r-devel-linux-x86_64-fedora-gcc