CRAN Package Check Results for Package bea.R

Last updated on 2018-05-23 10:47:44 CEST.

Flavor Version Tinstall Tcheck Ttotal Status Flags
r-devel-linux-x86_64-debian-clang 1.0.6 3.77 42.56 46.33 OK
r-devel-linux-x86_64-debian-gcc 1.0.6 0.30 1.32 1.62 ERROR
r-devel-linux-x86_64-fedora-clang 1.0.6 57.75 NOTE
r-devel-linux-x86_64-fedora-gcc 1.0.6 54.91 NOTE
r-devel-windows-ix86+x86_64 1.0.6 10.00 79.00 89.00 OK
r-patched-linux-x86_64 1.0.6 4.15 38.76 42.91 OK
r-patched-solaris-x86 1.0.6 81.60 NOTE
r-release-linux-x86_64 1.0.6 3.82 38.89 42.71 OK
r-release-windows-ix86+x86_64 1.0.6 11.00 73.00 84.00 OK
r-release-osx-x86_64 1.0.6 NOTE
r-oldrel-windows-ix86+x86_64 1.0.6 10.00 67.00 77.00 OK
r-oldrel-osx-x86_64 1.0.6 NOTE

Check Details

Version: 1.0.6
Check: package dependencies
Result: ERROR
    Packages required but not available: ‘DT’ ‘ggplot2’
    
    See section ‘The DESCRIPTION file’ in the ‘Writing R Extensions’
    manual.
Flavor: r-devel-linux-x86_64-debian-gcc

Version: 1.0.6
Check: dependencies in R code
Result: NOTE
    Namespaces in Imports field not imported from:
     ‘Rcpp’ ‘chron’ ‘colorspace’ ‘gtable’ ‘htmltools’ ‘htmlwidgets’
     ‘httpuv’ ‘magrittr’ ‘munsell’ ‘plyr’ ‘scales’ ‘stringi’ ‘xtable’
     ‘yaml’
     All declared Imports should be used.
Flavors: r-devel-linux-x86_64-fedora-clang, r-devel-linux-x86_64-fedora-gcc, r-patched-solaris-x86, r-release-osx-x86_64, r-oldrel-osx-x86_64