CRAN Package Check Results for Package bea.R

Last updated on 2019-02-20 13:46:18 CET.

Flavor Version Tinstall Tcheck Ttotal Status Flags
r-devel-linux-x86_64-debian-clang 1.0.6 4.95 47.07 52.02 OK
r-devel-linux-x86_64-debian-gcc 1.0.6 3.90 37.87 41.77 OK
r-devel-linux-x86_64-fedora-clang 1.0.6 63.41 NOTE
r-devel-linux-x86_64-fedora-gcc 1.0.6 58.56 NOTE
r-devel-windows-ix86+x86_64 1.0.6 16.00 85.00 101.00 OK
r-patched-linux-x86_64 1.0.6 OK
r-patched-solaris-x86 1.0.6 99.60 NOTE
r-release-linux-x86_64 1.0.6 OK
r-release-windows-ix86+x86_64 1.0.6 7.00 79.00 86.00 OK
r-release-osx-x86_64 1.0.6 NOTE
r-oldrel-windows-ix86+x86_64 1.0.6 8.00 62.00 70.00 OK
r-oldrel-osx-x86_64 1.0.6 NOTE

Check Details

Version: 1.0.6
Check: dependencies in R code
Result: NOTE
    Namespaces in Imports field not imported from:
     ‘Rcpp’ ‘chron’ ‘colorspace’ ‘gtable’ ‘htmltools’ ‘htmlwidgets’
     ‘httpuv’ ‘magrittr’ ‘munsell’ ‘plyr’ ‘scales’ ‘stringi’ ‘xtable’
     ‘yaml’
     All declared Imports should be used.
Flavors: r-devel-linux-x86_64-fedora-clang, r-devel-linux-x86_64-fedora-gcc, r-patched-solaris-x86, r-release-osx-x86_64, r-oldrel-osx-x86_64