CRAN Package Check Results for Package bea.R

Last updated on 2018-08-22 06:46:38 CEST.

Flavor Version Tinstall Tcheck Ttotal Status Flags
r-devel-linux-x86_64-debian-clang 1.0.6 4.82 49.18 54.00 OK
r-devel-linux-x86_64-debian-gcc 1.0.6 3.70 38.73 42.43 OK
r-devel-linux-x86_64-fedora-clang 1.0.6 62.58 NOTE
r-devel-linux-x86_64-fedora-gcc 1.0.6 60.08 NOTE
r-devel-windows-ix86+x86_64 1.0.6 8.00 59.00 67.00 OK
r-patched-linux-x86_64 1.0.6 3.73 41.75 45.48 OK
r-patched-solaris-x86 1.0.6 88.30 NOTE
r-release-linux-x86_64 1.0.6 3.11 42.84 45.95 OK
r-release-windows-ix86+x86_64 1.0.6 11.00 60.00 71.00 OK
r-release-osx-x86_64 1.0.6 NOTE
r-oldrel-windows-ix86+x86_64 1.0.6 9.00 62.00 71.00 OK
r-oldrel-osx-x86_64 1.0.6 NOTE

Check Details

Version: 1.0.6
Check: dependencies in R code
Result: NOTE
    Namespaces in Imports field not imported from:
     ‘Rcpp’ ‘chron’ ‘colorspace’ ‘gtable’ ‘htmltools’ ‘htmlwidgets’
     ‘httpuv’ ‘magrittr’ ‘munsell’ ‘plyr’ ‘scales’ ‘stringi’ ‘xtable’
     ‘yaml’
     All declared Imports should be used.
Flavors: r-devel-linux-x86_64-fedora-clang, r-devel-linux-x86_64-fedora-gcc, r-patched-solaris-x86, r-release-osx-x86_64, r-oldrel-osx-x86_64