CRAN Package Check Results for Package bea.R

Last updated on 2018-02-24 02:50:32 CET.

Flavor Version Tinstall Tcheck Ttotal Status Flags
r-devel-linux-x86_64-debian-clang 1.0.4 3.00 39.12 42.12 OK
r-devel-linux-x86_64-debian-gcc 1.0.4 3.07 31.12 34.19 OK
r-devel-linux-x86_64-fedora-clang 1.0.4 52.69 NOTE
r-devel-linux-x86_64-fedora-gcc 1.0.6 50.85 NOTE
r-devel-windows-ix86+x86_64 1.0.4 7.00 48.00 55.00 OK
r-patched-linux-x86_64 1.0.4 2.28 39.87 42.15 OK
r-patched-solaris-x86 1.0.6 62.80 NOTE
r-release-linux-x86_64 1.0.4 2.38 40.32 42.70 OK
r-release-windows-ix86+x86_64 1.0.4 12.00 77.00 89.00 OK
r-release-osx-x86_64 1.0.4 NOTE
r-oldrel-windows-ix86+x86_64 1.0.4 5.00 48.00 53.00 OK
r-oldrel-osx-x86_64 1.0.4 NOTE

Check Details

Version: 1.0.4
Check: dependencies in R code
Result: NOTE
    Namespaces in Imports field not imported from:
     ‘Rcpp’ ‘chron’ ‘colorspace’ ‘gtable’ ‘htmltools’ ‘htmlwidgets’
     ‘httpuv’ ‘magrittr’ ‘munsell’ ‘plyr’ ‘scales’ ‘stringi’ ‘xtable’
     ‘yaml’
     All declared Imports should be used.
Flavors: r-devel-linux-x86_64-fedora-clang, r-release-osx-x86_64, r-oldrel-osx-x86_64

Version: 1.0.6
Check: dependencies in R code
Result: NOTE
    Namespaces in Imports field not imported from:
     ‘Rcpp’ ‘chron’ ‘colorspace’ ‘gtable’ ‘htmltools’ ‘htmlwidgets’
     ‘httpuv’ ‘magrittr’ ‘munsell’ ‘plyr’ ‘scales’ ‘stringi’ ‘xtable’
     ‘yaml’
     All declared Imports should be used.
Flavors: r-devel-linux-x86_64-fedora-gcc, r-patched-solaris-x86