Last updated on 2021-03-05 13:48:17 CET.
Flavor | Version | Tinstall | Tcheck | Ttotal | Status | Flags |
---|---|---|---|---|---|---|
r-devel-linux-x86_64-debian-clang | 2.0.2 | 61.49 | 82.89 | 144.38 | OK | |
r-devel-linux-x86_64-debian-gcc | 2.0.2 | 43.74 | 63.39 | 107.13 | OK | |
r-devel-linux-x86_64-fedora-clang | 2.0.2 | 186.60 | OK | |||
r-devel-linux-x86_64-fedora-gcc | 2.0.2 | 173.35 | OK | |||
r-devel-windows-ix86+x86_64 | 2.0.2 | 135.00 | 154.00 | 289.00 | OK | |
r-patched-linux-x86_64 | 2.0.2 | OK | ||||
r-patched-solaris-x86 | 2.0.2 | 205.90 | OK | |||
r-release-linux-x86_64 | 2.0.2 | 47.63 | 76.81 | 124.44 | OK | |
r-release-macos-x86_64 | 2.0.2 | NOTE | ||||
r-release-windows-ix86+x86_64 | 2.0.2 | 106.00 | 120.00 | 226.00 | OK | |
r-oldrel-macos-x86_64 | 2.0.2 | NOTE | ||||
r-oldrel-windows-ix86+x86_64 | 2.0.2 | 91.00 | 109.00 | 200.00 | OK |
Version: 2.0.2
Check: installed package size
Result: NOTE
installed size is 5.3Mb
sub-directories of 1Mb or more:
libs 4.7Mb
Flavors: r-release-macos-x86_64, r-oldrel-macos-x86_64