CRAN Package Check Results for Package beam

Last updated on 2022-12-09 11:53:02 CET.

Flavor Version Tinstall Tcheck Ttotal Status Flags
r-devel-linux-x86_64-debian-clang 2.0.2 60.57 94.53 155.10 OK
r-devel-linux-x86_64-debian-gcc 2.0.2 47.88 76.34 124.22 OK
r-devel-linux-x86_64-fedora-clang 2.0.2 225.09 OK
r-devel-linux-x86_64-fedora-gcc 2.0.2 207.22 OK
r-devel-windows-x86_64 2.0.2 58.00 141.00 199.00 OK
r-patched-linux-x86_64 2.0.2 54.44 90.88 145.32 OK
r-release-linux-x86_64 2.0.2 54.83 93.74 148.57 OK
r-release-macos-arm64 2.0.2 52.00 OK
r-release-macos-x86_64 2.0.2 76.00 NOTE
r-release-windows-x86_64 2.0.2 56.00 141.00 197.00 OK
r-oldrel-macos-arm64 2.0.2 60.00 NOTE
r-oldrel-macos-x86_64 2.0.2 103.00 NOTE
r-oldrel-windows-ix86+x86_64 2.0.2 139.00 178.00 317.00 OK

Check Details

Version: 2.0.2
Check: installed package size
Result: NOTE
     installed size is 5.1Mb
     sub-directories of 1Mb or more:
     libs 4.5Mb
Flavors: r-release-macos-x86_64, r-oldrel-macos-arm64, r-oldrel-macos-x86_64