CRAN Package Check Results for Package beanz

Last updated on 2018-10-18 14:47:11 CEST.

Flavor Version Tinstall Tcheck Ttotal Status Flags
r-devel-linux-x86_64-debian-clang 2.3 657.12 196.24 853.36 NOTE
r-devel-linux-x86_64-debian-gcc 2.3 NOTE
r-devel-linux-x86_64-fedora-clang 2.3 1203.91 NOTE
r-devel-linux-x86_64-fedora-gcc 2.3 1118.24 NOTE
r-devel-windows-ix86+x86_64 2.3 1442.00 401.00 1843.00 NOTE
r-patched-linux-x86_64 2.3 627.45 205.60 833.05 NOTE
r-patched-solaris-x86 2.3 39.30 ERROR
r-release-linux-x86_64 2.3 631.56 205.35 836.91 NOTE
r-release-windows-ix86+x86_64 2.3 1473.00 392.00 1865.00 NOTE
r-release-osx-x86_64 2.3 NOTE
r-oldrel-windows-ix86+x86_64 2.3 1060.00 393.00 1453.00 NOTE
r-oldrel-osx-x86_64 2.3 NOTE

Check Details

Version: 2.3
Check: for GNU extensions in Makefiles
Result: NOTE
    GNU make is a SystemRequirements.
Flavors: r-devel-linux-x86_64-debian-clang, r-devel-linux-x86_64-debian-gcc, r-devel-linux-x86_64-fedora-clang, r-devel-linux-x86_64-fedora-gcc, r-devel-windows-ix86+x86_64, r-patched-linux-x86_64, r-release-linux-x86_64, r-release-windows-ix86+x86_64, r-release-osx-x86_64, r-oldrel-windows-ix86+x86_64, r-oldrel-osx-x86_64

Version: 2.3
Check: installed package size
Result: NOTE
     installed size is 108.5Mb
     sub-directories of 1Mb or more:
     libs 107.1Mb
Flavors: r-devel-linux-x86_64-fedora-clang, r-devel-windows-ix86+x86_64, r-release-windows-ix86+x86_64, r-release-osx-x86_64, r-oldrel-windows-ix86+x86_64, r-oldrel-osx-x86_64

Version: 2.3
Check: dependencies in R code
Result: NOTE
    Namespace in Imports field not imported from: ‘rstantools’
     All declared Imports should be used.
Flavors: r-devel-linux-x86_64-fedora-clang, r-devel-linux-x86_64-fedora-gcc, r-release-osx-x86_64, r-oldrel-osx-x86_64

Version: 2.3
Check: whether package can be installed
Result: ERROR
    Installation failed.
Flavor: r-patched-solaris-x86