CRAN Package Check Results for Package beanz

Last updated on 2018-05-27 13:46:59 CEST.

Flavor Version Tinstall Tcheck Ttotal Status Flags
r-devel-linux-x86_64-debian-clang 2.2 583.00 193.59 776.59 NOTE
r-devel-linux-x86_64-debian-gcc 2.2 520.73 159.97 680.70 NOTE
r-devel-linux-x86_64-fedora-clang 2.2 1090.38 NOTE
r-devel-linux-x86_64-fedora-gcc 2.2 982.98 NOTE
r-devel-windows-ix86+x86_64 2.2 1044.00 286.00 1330.00 NOTE
r-patched-linux-x86_64 2.2 584.35 183.73 768.08 NOTE
r-patched-solaris-x86 2.2 954.70 NOTE
r-release-linux-x86_64 2.2 581.36 180.87 762.23 NOTE
r-release-windows-ix86+x86_64 2.2 1397.00 377.00 1774.00 NOTE
r-release-osx-x86_64 2.2 NOTE
r-oldrel-windows-ix86+x86_64 2.2 1404.00 272.00 1676.00 NOTE
r-oldrel-osx-x86_64 2.1 NOTE

Check Details

Version: 2.2
Check: for GNU extensions in Makefiles
Result: NOTE
    GNU make is a SystemRequirements.
Flavors: r-devel-linux-x86_64-debian-clang, r-devel-linux-x86_64-debian-gcc, r-devel-linux-x86_64-fedora-clang, r-devel-linux-x86_64-fedora-gcc, r-devel-windows-ix86+x86_64, r-patched-linux-x86_64, r-patched-solaris-x86, r-release-linux-x86_64, r-release-windows-ix86+x86_64, r-release-osx-x86_64, r-oldrel-windows-ix86+x86_64

Version: 2.2
Check: installed package size
Result: NOTE
     installed size is 98.2Mb
     sub-directories of 1Mb or more:
     libs 96.8Mb
Flavors: r-devel-linux-x86_64-fedora-clang, r-devel-linux-x86_64-fedora-gcc, r-devel-windows-ix86+x86_64, r-patched-solaris-x86, r-release-windows-ix86+x86_64, r-release-osx-x86_64, r-oldrel-windows-ix86+x86_64

Version: 2.2
Check: dependencies in R code
Result: NOTE
    Namespace in Imports field not imported from: ‘rstantools’
     All declared Imports should be used.
Flavors: r-devel-linux-x86_64-fedora-clang, r-devel-linux-x86_64-fedora-gcc, r-patched-solaris-x86, r-release-osx-x86_64

Version: 2.1
Check: installed package size
Result: NOTE
     installed size is 49.7Mb
     sub-directories of 1Mb or more:
     libs 48.3Mb
Flavor: r-oldrel-osx-x86_64