CRAN Package Check Results for Package beanz

Last updated on 2018-02-23 00:47:27 CET.

Flavor Version Tinstall Tcheck Ttotal Status Flags
r-devel-linux-x86_64-debian-clang 2.1 230.29 157.14 387.43 OK
r-devel-linux-x86_64-debian-gcc 2.1 167.49 129.16 296.65 OK
r-devel-linux-x86_64-fedora-clang 2.1 516.68 NOTE
r-devel-linux-x86_64-fedora-gcc 2.1 463.63 NOTE
r-devel-windows-ix86+x86_64 2.1 354.00 297.00 651.00 WARN
r-patched-linux-x86_64 2.1 184.41 183.03 367.44 OK
r-patched-solaris-x86 2.1 507.00 NOTE
r-release-linux-x86_64 2.1 180.30 181.98 362.28 OK
r-release-windows-ix86+x86_64 2.1 407.00 356.00 763.00 NOTE
r-release-osx-x86_64 2.1 NOTE
r-oldrel-windows-ix86+x86_64 2.1 333.00 266.00 599.00 NOTE
r-oldrel-osx-x86_64 2.1 NOTE

Check Details

Version: 2.1
Check: installed package size
Result: NOTE
     installed size is 53.0Mb
     sub-directories of 1Mb or more:
     libs 51.5Mb
Flavors: r-devel-linux-x86_64-fedora-clang, r-devel-linux-x86_64-fedora-gcc, r-devel-windows-ix86+x86_64, r-patched-solaris-x86, r-release-windows-ix86+x86_64, r-release-osx-x86_64, r-oldrel-windows-ix86+x86_64, r-oldrel-osx-x86_64

Version: 2.1
Check: whether package can be installed
Result: WARN
    Found the following significant warnings:
     d:/RCompile/CRANpkg/lib/3.5/BH/include/boost/math/special_functions/detail/bernoulli_details.hpp:72:36: warning: ISO C++ 1998 does not support 'long long' [-Wlong-long]
     d:/RCompile/CRANpkg/lib/3.5/BH/include/boost/math/special_functions/detail/bernoulli_details.hpp:96:9: warning: ISO C++ 1998 does not support 'long long' [-Wlong-long]
Flavor: r-devel-windows-ix86+x86_64