Last updated on 2023-12-05 05:49:03 CET.
Flavor | Version | Tinstall | Tcheck | Ttotal | Status | Flags |
---|---|---|---|---|---|---|
r-devel-linux-x86_64-debian-clang | 3.1 | 906.30 | 303.54 | 1209.84 | NOTE | |
r-devel-linux-x86_64-debian-gcc | 3.1 | 743.12 | 268.32 | 1011.44 | NOTE | |
r-devel-linux-x86_64-fedora-clang | 3.1 | 1472.62 | NOTE | |||
r-devel-linux-x86_64-fedora-gcc | 3.1 | 1934.19 | NOTE | |||
r-devel-windows-x86_64 | 3.1 | 664.00 | 287.00 | 951.00 | NOTE | |
r-patched-linux-x86_64 | 3.1 | 0.02 | 2.32 | 2.34 | ERROR | |
r-release-linux-x86_64 | 3.1 | 684.80 | 349.52 | 1034.32 | NOTE | |
r-release-macos-arm64 | 3.1 | 329.00 | NOTE | |||
r-release-macos-x86_64 | 3.1 | 364.00 | NOTE | |||
r-release-windows-x86_64 | 3.1 | 853.00 | 351.00 | 1204.00 | NOTE | |
r-oldrel-macos-arm64 | 3.1 | 292.00 | NOTE | |||
r-oldrel-macos-x86_64 | 3.1 | 513.00 | NOTE | |||
r-oldrel-windows-x86_64 | 3.1 | 774.00 | 333.00 | 1107.00 | NOTE |
Version: 3.1
Check: for GNU extensions in Makefiles
Result: NOTE
GNU make is a SystemRequirements.
Flavors: r-devel-linux-x86_64-debian-clang, r-devel-linux-x86_64-debian-gcc, r-devel-linux-x86_64-fedora-clang, r-devel-linux-x86_64-fedora-gcc, r-devel-windows-x86_64, r-release-linux-x86_64, r-release-macos-arm64, r-release-macos-x86_64, r-release-windows-x86_64, r-oldrel-macos-arm64, r-oldrel-macos-x86_64, r-oldrel-windows-x86_64
Version: 3.1
Check: installed package size
Result: NOTE
installed size is 9.0Mb
sub-directories of 1Mb or more:
libs 7.3Mb
Flavors: r-devel-linux-x86_64-fedora-clang, r-devel-windows-x86_64, r-release-macos-arm64, r-release-macos-x86_64, r-release-windows-x86_64, r-oldrel-macos-arm64, r-oldrel-macos-x86_64, r-oldrel-windows-x86_64
Version: 3.1
Check: whether package can be installed
Result: ERROR
Installation failed.
Flavor: r-patched-linux-x86_64