CRAN Package Check Results for Package beepr

Last updated on 2018-02-22 11:57:36 CET.

Flavor Version Tinstall Tcheck Ttotal Status Flags
r-devel-linux-x86_64-debian-clang 1.2 0.98 15.67 16.65 NOTE
r-devel-linux-x86_64-debian-gcc 1.2 0.77 13.06 13.83 NOTE
r-devel-linux-x86_64-fedora-clang 1.2 20.21 NOTE
r-devel-linux-x86_64-fedora-gcc 1.2 19.45 NOTE
r-devel-windows-ix86+x86_64 1.2 4.00 29.00 33.00 NOTE
r-patched-linux-x86_64 1.2 0.90 15.34 16.24 NOTE
r-patched-solaris-x86 1.2 30.00 NOTE
r-release-linux-x86_64 1.2 0.81 15.11 15.92 NOTE
r-release-windows-ix86+x86_64 1.2 4.00 33.00 37.00 NOTE
r-release-osx-x86_64 1.2 NOTE
r-oldrel-windows-ix86+x86_64 1.2 2.00 26.00 28.00 NOTE
r-oldrel-osx-x86_64 1.2 NOTE

Check Details

Version: 1.2
Check: R code for possible problems
Result: NOTE
    beep: no visible global function definition for ‘download.file’
    Undefined global functions or variables:
     download.file
    Consider adding
     importFrom("utils", "download.file")
    to your NAMESPACE file.
Flavors: r-devel-linux-x86_64-debian-clang, r-devel-linux-x86_64-debian-gcc, r-devel-linux-x86_64-fedora-clang, r-devel-linux-x86_64-fedora-gcc, r-devel-windows-ix86+x86_64, r-patched-linux-x86_64, r-patched-solaris-x86, r-release-linux-x86_64, r-release-windows-ix86+x86_64, r-release-osx-x86_64, r-oldrel-windows-ix86+x86_64, r-oldrel-osx-x86_64