CRAN Package Check Results for Package beepr

Last updated on 2018-05-26 10:49:01 CEST.

Flavor Version Tinstall Tcheck Ttotal Status Flags
r-devel-linux-x86_64-debian-clang 1.2 0.82 17.34 18.16 NOTE
r-devel-linux-x86_64-debian-gcc 1.2 0.86 13.82 14.68 NOTE
r-devel-linux-x86_64-fedora-clang 1.2 22.11 NOTE
r-devel-linux-x86_64-fedora-gcc 1.2 20.41 NOTE
r-devel-windows-ix86+x86_64 1.2 2.00 43.00 45.00 NOTE
r-patched-linux-x86_64 1.2 1.03 16.17 17.20 NOTE
r-patched-solaris-x86 1.2 34.70 NOTE
r-release-linux-x86_64 1.2 1.08 16.23 17.31 NOTE
r-release-windows-ix86+x86_64 1.2 3.00 28.00 31.00 NOTE
r-release-osx-x86_64 1.2 NOTE
r-oldrel-windows-ix86+x86_64 1.2 4.00 30.00 34.00 NOTE
r-oldrel-osx-x86_64 1.2 NOTE

Check Details

Version: 1.2
Check: R code for possible problems
Result: NOTE
    beep: no visible global function definition for ‘download.file’
    Undefined global functions or variables:
     download.file
    Consider adding
     importFrom("utils", "download.file")
    to your NAMESPACE file.
Flavors: r-devel-linux-x86_64-debian-clang, r-devel-linux-x86_64-debian-gcc, r-devel-linux-x86_64-fedora-clang, r-devel-linux-x86_64-fedora-gcc, r-devel-windows-ix86+x86_64, r-patched-linux-x86_64, r-patched-solaris-x86, r-release-linux-x86_64, r-release-windows-ix86+x86_64, r-release-osx-x86_64, r-oldrel-windows-ix86+x86_64, r-oldrel-osx-x86_64