CRAN Package Check Results for Package benchmarkme

Last updated on 2018-10-24 03:55:12 CEST.

Flavor Version Tinstall Tcheck Ttotal Status Flags
r-devel-linux-x86_64-debian-clang 0.6.0 6.47 68.55 75.02 OK
r-devel-linux-x86_64-debian-gcc 0.6.0 4.11 54.80 58.91 OK
r-devel-linux-x86_64-fedora-clang 0.6.0 88.48 OK
r-devel-linux-x86_64-fedora-gcc 0.6.0 86.46 OK
r-devel-windows-ix86+x86_64 0.6.0 13.00 112.00 125.00 OK
r-patched-linux-x86_64 0.6.0 5.23 56.57 61.80 OK
r-patched-solaris-x86 0.6.0 126.30 OK
r-release-linux-x86_64 0.6.0 4.64 57.24 61.88 NOTE
r-release-windows-ix86+x86_64 0.6.0 12.00 102.00 114.00 OK
r-release-osx-x86_64 0.6.0 OK
r-oldrel-windows-ix86+x86_64 0.6.0 8.00 79.00 87.00 OK
r-oldrel-osx-x86_64 0.6.0 OK

Check Details

Version: 0.6.0
Check: package dependencies
Result: NOTE
    Package suggested but not available for checking: ‘DT’
Flavor: r-release-linux-x86_64