CRAN Package Check Results for Package berryFunctions

Last updated on 2021-06-18 14:51:44 CEST.

Flavor Version Tinstall Tcheck Ttotal Status Flags
r-devel-linux-x86_64-debian-clang 1.20.1 13.74 101.24 114.98 OK
r-devel-linux-x86_64-debian-gcc 1.20.1 9.47 76.32 85.79 OK
r-devel-linux-x86_64-fedora-clang 1.20.1 156.58 NOTE
r-devel-linux-x86_64-fedora-gcc 1.20.1 152.03 OK
r-devel-windows-x86_64 1.20.1 17.00 148.00 165.00 OK
r-devel-windows-x86_64-gcc10-UCRT 1.20.1 OK
r-patched-linux-x86_64 1.20.1 17.06 97.60 114.66 OK
r-patched-solaris-x86 1.20.1 169.00 OK
r-release-linux-x86_64 1.20.1 12.64 98.13 110.77 OK
r-release-macos-arm64 1.20.1 OK
r-release-macos-x86_64 1.20.1 OK
r-release-windows-ix86+x86_64 1.20.1 18.00 138.00 156.00 OK
r-oldrel-macos-x86_64 1.20.1 OK
r-oldrel-windows-ix86+x86_64 1.20.1 14.00 141.00 155.00 OK

Check Details

Version: 1.20.1
Check: Rd cross-references
Result: NOTE
    Undeclared package ‘zoo’ in Rd xrefs
Flavor: r-devel-linux-x86_64-fedora-clang