CRAN Package Check Results for Package berryFunctions

Last updated on 2018-02-18 08:47:44 CET.

Flavor Version Tinstall Tcheck Ttotal Status Flags
r-devel-linux-x86_64-debian-clang 1.16.3 9.22 84.40 93.62 OK
r-devel-linux-x86_64-debian-gcc 1.16.3 7.43 65.46 72.89 OK
r-devel-linux-x86_64-fedora-clang 1.16.3 113.28 OK
r-devel-linux-x86_64-fedora-gcc 1.16.3 111.06 OK
r-devel-windows-ix86+x86_64 1.16.3 12.00 102.00 114.00 OK
r-patched-linux-x86_64 1.16.3 2.40 93.49 95.89 OK
r-patched-solaris-x86 1.16.3 112.00 ERROR
r-release-linux-x86_64 1.16.3 1.87 96.19 98.06 OK
r-release-windows-ix86+x86_64 1.16.3 8.00 132.00 140.00 OK
r-release-osx-x86_64 1.16.3 ERROR
r-oldrel-windows-ix86+x86_64 1.16.3 6.00 122.00 128.00 OK
r-oldrel-osx-x86_64 1.16.3 ERROR

Check Details

Version: 1.16.3
Check: examples
Result: ERROR
    Running examples in ‘berryFunctions-Ex.R’ failed
    The error most likely occurred in:
    
    > ### Name: normalizePathCP
    > ### Title: normalizePath Cross Platform
    > ### Aliases: normalizePathCP
    > ### Keywords: file
    >
    > ### ** Examples
    >
    >
    > normalizePath ("doesnotexist.file", mustWork=FALSE) # on linux not full path
    [1] "doesnotexist.file"
    > normalizePathCP("doesnotexist.file") # full path on all platforms
    [1] "doesnotexist.file"
    >
    > checknp <- function(a,b=a,d=getwd())
    + {
    + aa <- normalizePathCP(a)
    + bb <- if(d=="") b else paste0(d,"/",b)
    + if(aa != bb) stop("'", a, "' -> '", aa, "', should be '",bb, "'.")
    + aa
    + }
    >
    > checknp("notexist.file")
    Error in checknp("notexist.file") :
     'notexist.file' -> 'notexist.file', should be '/home/ripley/R/packages/tests32/berryFunctions.Rcheck/notexist.file'.
    Execution halted
Flavor: r-patched-solaris-x86

Version: 1.16.3
Check: examples
Result: ERROR
    Running examples in ‘berryFunctions-Ex.R’ failed
    The error most likely occurred in:
    
    > ### Name: normalizePathCP
    > ### Title: normalizePath Cross Platform
    > ### Aliases: normalizePathCP
    > ### Keywords: file
    >
    > ### ** Examples
    >
    >
    > normalizePath ("doesnotexist.file", mustWork=FALSE) # on linux not full path
    [1] "doesnotexist.file"
    > normalizePathCP("doesnotexist.file") # full path on all platforms
    [1] "doesnotexist.file"
    >
    > checknp <- function(a,b=a,d=getwd())
    + {
    + aa <- normalizePathCP(a)
    + bb <- if(d=="") b else paste0(d,"/",b)
    + if(aa != bb) stop("'", a, "' -> '", aa, "', should be '",bb, "'.")
    + aa
    + }
    >
    > checknp("notexist.file")
    Error in checknp("notexist.file") :
     'notexist.file' -> 'notexist.file', should be '/Volumes/SSD-Data/Builds/R-dev-web/QA/Simon/packages/el-capitan-x86_64/results/3.4/berryFunctions.Rcheck/notexist.file'.
    Execution halted
Flavor: r-release-osx-x86_64

Version: 1.16.3
Check: examples
Result: ERROR
    Running examples in ‘berryFunctions-Ex.R’ failed
    The error most likely occurred in:
    
    > ### Name: normalizePathCP
    > ### Title: normalizePath Cross Platform
    > ### Aliases: normalizePathCP
    > ### Keywords: file
    >
    > ### ** Examples
    >
    >
    > normalizePath ("doesnotexist.file", mustWork=FALSE) # on linux not full path
    [1] "doesnotexist.file"
    > normalizePathCP("doesnotexist.file") # full path on all platforms
    [1] "doesnotexist.file"
    >
    > checknp <- function(a,b=a,d=getwd())
    + {
    + aa <- normalizePathCP(a)
    + bb <- if(d=="") b else paste0(d,"/",b)
    + if(aa != bb) stop("'", a, "' -> '", aa, "', should be '",bb, "'.")
    + aa
    + }
    >
    > checknp("notexist.file")
    Error in checknp("notexist.file") :
     'notexist.file' -> 'notexist.file', should be '/Builds/CRAN-QA-Simon/packages/mavericks-x86_64/results/3.3/berryFunctions.Rcheck/notexist.file'.
    Execution halted
Flavor: r-oldrel-osx-x86_64