CRAN Package Check Results for Package betalink

Last updated on 2018-02-23 16:48:24 CET.

Flavor Version Tinstall Tcheck Ttotal Status Flags
r-devel-linux-x86_64-debian-clang 2.2.1 1.46 18.50 19.96 NOTE
r-devel-linux-x86_64-debian-gcc 2.2.1 1.09 14.76 15.85 NOTE
r-devel-linux-x86_64-fedora-clang 2.2.1 23.96 NOTE
r-devel-linux-x86_64-fedora-gcc 2.2.1 22.62 NOTE
r-devel-windows-ix86+x86_64 2.2.1 4.00 42.00 46.00 NOTE
r-patched-linux-x86_64 2.2.1 0.79 17.87 18.66 NOTE
r-patched-solaris-x86 2.2.1 32.00 NOTE
r-release-linux-x86_64 2.2.1 1.03 17.81 18.84 NOTE
r-release-windows-ix86+x86_64 2.2.1 5.00 41.00 46.00 NOTE
r-release-osx-x86_64 2.2.1 NOTE
r-oldrel-windows-ix86+x86_64 2.2.1 3.00 27.00 30.00 NOTE
r-oldrel-osx-x86_64 2.2.1 NOTE

Check Details

Version: 2.2.1
Check: DESCRIPTION meta-information
Result: NOTE
    Checking should be performed on sources prepared by ‘R CMD build’.
Flavors: r-devel-linux-x86_64-debian-clang, r-devel-linux-x86_64-debian-gcc, r-devel-linux-x86_64-fedora-clang, r-devel-linux-x86_64-fedora-gcc, r-devel-windows-ix86+x86_64, r-patched-linux-x86_64, r-patched-solaris-x86, r-release-linux-x86_64, r-release-windows-ix86+x86_64, r-release-osx-x86_64, r-oldrel-windows-ix86+x86_64, r-oldrel-osx-x86_64