CRAN Package Check Results for Package betalink

Last updated on 2019-02-16 13:46:10 CET.

Flavor Version Tinstall Tcheck Ttotal Status Flags
r-devel-linux-x86_64-debian-clang 2.2.1 1.96 19.99 21.95 NOTE
r-devel-linux-x86_64-debian-gcc 2.2.1 1.50 16.24 17.74 NOTE
r-devel-linux-x86_64-fedora-clang 2.2.1 27.61 NOTE
r-devel-linux-x86_64-fedora-gcc 2.2.1 24.36 NOTE
r-devel-windows-ix86+x86_64 2.2.1 10.00 43.00 53.00 NOTE
r-patched-linux-x86_64 2.2.1 1.41 18.52 19.93 NOTE
r-patched-solaris-x86 2.2.1 42.10 NOTE
r-release-linux-x86_64 2.2.1 NOTE
r-release-windows-ix86+x86_64 2.2.1 3.00 53.00 56.00 NOTE
r-release-osx-x86_64 2.2.1 NOTE
r-oldrel-windows-ix86+x86_64 2.2.1 6.00 41.00 47.00 NOTE
r-oldrel-osx-x86_64 2.2.1 NOTE

Check Details

Version: 2.2.1
Check: DESCRIPTION meta-information
Result: NOTE
    Checking should be performed on sources prepared by ‘R CMD build’.
Flavors: r-devel-linux-x86_64-debian-clang, r-devel-linux-x86_64-debian-gcc, r-devel-linux-x86_64-fedora-clang, r-devel-linux-x86_64-fedora-gcc, r-devel-windows-ix86+x86_64, r-patched-linux-x86_64, r-patched-solaris-x86, r-release-linux-x86_64, r-release-windows-ix86+x86_64, r-release-osx-x86_64, r-oldrel-windows-ix86+x86_64, r-oldrel-osx-x86_64