CRAN Package Check Results for Package betalink

Last updated on 2018-08-19 04:46:45 CEST.

Flavor Version Tinstall Tcheck Ttotal Status Flags
r-devel-linux-x86_64-debian-clang 2.2.1 1.58 20.34 21.92 NOTE
r-devel-linux-x86_64-debian-gcc 2.2.1 1.21 16.38 17.59 NOTE
r-devel-linux-x86_64-fedora-clang 2.2.1 26.28 NOTE
r-devel-linux-x86_64-fedora-gcc 2.2.1 24.86 NOTE
r-devel-windows-ix86+x86_64 2.2.1 4.00 35.00 39.00 NOTE
r-patched-linux-x86_64 2.2.1 1.17 18.61 19.78 NOTE
r-patched-solaris-x86 2.2.1 41.10 NOTE
r-release-linux-x86_64 2.2.1 1.00 18.50 19.50 NOTE
r-release-windows-ix86+x86_64 2.2.1 4.00 42.00 46.00 NOTE
r-release-osx-x86_64 2.2.1 NOTE
r-oldrel-windows-ix86+x86_64 2.2.1 3.00 28.00 31.00 NOTE
r-oldrel-osx-x86_64 2.2.1 NOTE

Check Details

Version: 2.2.1
Check: DESCRIPTION meta-information
Result: NOTE
    Checking should be performed on sources prepared by ‘R CMD build’.
Flavors: r-devel-linux-x86_64-debian-clang, r-devel-linux-x86_64-debian-gcc, r-devel-linux-x86_64-fedora-clang, r-devel-linux-x86_64-fedora-gcc, r-devel-windows-ix86+x86_64, r-patched-linux-x86_64, r-patched-solaris-x86, r-release-linux-x86_64, r-release-windows-ix86+x86_64, r-release-osx-x86_64, r-oldrel-windows-ix86+x86_64, r-oldrel-osx-x86_64