CRAN Package Check Results for Package betalink

Last updated on 2018-05-23 01:46:15 CEST.

Flavor Version Tinstall Tcheck Ttotal Status Flags
r-devel-linux-x86_64-debian-clang 2.2.1 1.51 19.34 20.85 NOTE
r-devel-linux-x86_64-debian-gcc 2.2.1 1.14 15.36 16.50 NOTE
r-devel-linux-x86_64-fedora-clang 2.2.1 25.06 NOTE
r-devel-linux-x86_64-fedora-gcc 2.2.1 23.75 NOTE
r-devel-windows-ix86+x86_64 2.2.1 3.00 40.00 43.00 NOTE
r-patched-linux-x86_64 2.2.1 1.17 18.37 19.54 NOTE
r-patched-solaris-x86 2.2.1 40.30 NOTE
r-release-linux-x86_64 2.2.1 1.52 18.12 19.64 NOTE
r-release-windows-ix86+x86_64 2.2.1 4.00 41.00 45.00 NOTE
r-release-osx-x86_64 2.2.1 NOTE
r-oldrel-windows-ix86+x86_64 2.2.1 4.00 37.00 41.00 NOTE
r-oldrel-osx-x86_64 2.2.1 NOTE

Check Details

Version: 2.2.1
Check: DESCRIPTION meta-information
Result: NOTE
    Checking should be performed on sources prepared by ‘R CMD build’.
Flavors: r-devel-linux-x86_64-debian-clang, r-devel-linux-x86_64-debian-gcc, r-devel-linux-x86_64-fedora-clang, r-devel-linux-x86_64-fedora-gcc, r-devel-windows-ix86+x86_64, r-patched-linux-x86_64, r-patched-solaris-x86, r-release-linux-x86_64, r-release-windows-ix86+x86_64, r-release-osx-x86_64, r-oldrel-windows-ix86+x86_64, r-oldrel-osx-x86_64