CRAN Package Check Results for Package beyondWhittle

Last updated on 2021-04-14 15:47:53 CEST.

Flavor Version Tinstall Tcheck Ttotal Status Flags
r-devel-linux-x86_64-debian-clang 1.1.1 161.62 48.45 210.07 OK
r-devel-linux-x86_64-debian-gcc 1.1.1 101.22 36.61 137.83 OK
r-devel-linux-x86_64-fedora-clang 1.1.1 302.09 NOTE
r-devel-linux-x86_64-fedora-gcc 1.1.1 261.17 OK
r-devel-windows-ix86+x86_64 1.1.1 384.00 94.00 478.00 OK
r-devel-windows-x86_64-gcc10-UCRT 1.1.1 OK
r-patched-linux-x86_64 1.1.1 123.17 45.55 168.72 OK
r-patched-solaris-x86 1.1.1 252.10 OK
r-release-linux-x86_64 1.1.1 121.61 45.97 167.58 OK
r-release-macos-x86_64 1.1.1 NOTE
r-release-windows-ix86+x86_64 1.1.1 376.00 92.00 468.00 OK
r-oldrel-macos-x86_64 1.1.1 OK
r-oldrel-windows-ix86+x86_64 1.1.1 244.00 62.00 306.00 OK

Check Details

Version: 1.1.1
Check: installed package size
Result: NOTE
     installed size is 5.5Mb
     sub-directories of 1Mb or more:
     libs 5.1Mb
Flavors: r-devel-linux-x86_64-fedora-clang, r-release-macos-x86_64