Last updated on 2023-12-03 06:48:49 CET.
Flavor | Version | Tinstall | Tcheck | Ttotal | Status | Flags |
---|---|---|---|---|---|---|
r-devel-linux-x86_64-debian-clang | 0.2.1 | 9.52 | 48.05 | 57.57 | NOTE | |
r-devel-linux-x86_64-debian-gcc | 0.2.1 | 7.00 | 36.31 | 43.31 | NOTE | |
r-devel-linux-x86_64-fedora-clang | 0.2.1 | 76.42 | OK | |||
r-devel-linux-x86_64-fedora-gcc | 0.2.1 | 66.68 | OK | |||
r-devel-windows-x86_64 | 0.2.1 | 9.00 | 66.00 | 75.00 | OK | |
r-patched-linux-x86_64 | 0.2.1 | 10.25 | 46.12 | 56.37 | OK | |
r-release-linux-x86_64 | 0.2.1 | 6.72 | 45.80 | 52.52 | OK | |
r-release-macos-arm64 | 0.2.1 | 30.00 | OK | |||
r-release-macos-x86_64 | 0.2.1 | 42.00 | OK | |||
r-release-windows-x86_64 | 0.2.1 | 10.00 | 70.00 | 80.00 | OK | |
r-oldrel-macos-arm64 | 0.2.1 | 28.00 | OK | |||
r-oldrel-macos-x86_64 | 0.2.1 | 33.00 | OK | |||
r-oldrel-windows-x86_64 | 0.2.1 | 11.00 | 67.00 | 78.00 | OK |
Version: 0.2.1
Check: Rd files
Result: NOTE
checkRd: (-1) bggCollection.Rd:63-64: Lost braces in \itemize; meant \describe ?
checkRd: (-1) bggCollection.Rd:65-67: Lost braces in \itemize; meant \describe ?
checkRd: (-1) bggCollection.Rd:68-69: Lost braces in \itemize; meant \describe ?
checkRd: (-1) bggCollection.Rd:70-73: Lost braces in \itemize; meant \describe ?
checkRd: (-1) bggCollection.Rd:74-76: Lost braces in \itemize; meant \describe ?
checkRd: (-1) bggCollection.Rd:77-80: Lost braces in \itemize; meant \describe ?
checkRd: (-1) bggGames.Rd:68-69: Lost braces in \itemize; meant \describe ?
checkRd: (-1) bggGames.Rd:70-72: Lost braces in \itemize; meant \describe ?
checkRd: (-1) bggSearch.Rd:66-67: Lost braces in \itemize; meant \describe ?
checkRd: (-1) bggSearch.Rd:68-71: Lost braces in \itemize; meant \describe ?
checkRd: (-1) bggSearch.Rd:72-73: Lost braces in \itemize; meant \describe ?
Flavors: r-devel-linux-x86_64-debian-clang, r-devel-linux-x86_64-debian-gcc