CRAN Package Check Results for Package bgsmtr

Last updated on 2018-01-23 09:50:47 CET.

Flavor Version Tinstall Tcheck Ttotal Status Flags
r-devel-linux-x86_64-debian-clang 0.1 2.76 44.77 47.53 NOTE
r-devel-linux-x86_64-debian-gcc 0.1 2.38 38.59 40.97 NOTE
r-devel-linux-x86_64-fedora-clang 0.1 70.10 NOTE
r-devel-linux-x86_64-fedora-gcc 0.1 70.88 NOTE
r-devel-windows-ix86+x86_64 0.1 12.00 60.00 72.00 OK
r-patched-linux-x86_64 0.1 3.24 52.30 55.54 OK
r-patched-solaris-x86 0.1 122.80 OK
r-release-linux-x86_64 0.1 3.49 52.02 55.51 OK
r-release-windows-ix86+x86_64 0.1 6.00 75.00 81.00 OK
r-release-osx-x86_64 0.1 OK
r-oldrel-windows-ix86+x86_64 0.1 9.00 63.00 72.00 OK
r-oldrel-osx-x86_64 0.1 OK

Check Details

Version: 0.1
Check: DESCRIPTION meta-information
Result: NOTE
    Dependence on R version ‘3.3.1’ not with patchlevel 0
Flavors: r-devel-linux-x86_64-debian-clang, r-devel-linux-x86_64-debian-gcc, r-devel-linux-x86_64-fedora-clang, r-devel-linux-x86_64-fedora-gcc