CRAN Package Check Results for Package bgsmtr

Last updated on 2018-04-26 12:46:33 CEST.

Flavor Version Tinstall Tcheck Ttotal Status Flags
r-devel-linux-x86_64-debian-clang 0.1 4.35 48.49 52.84 OK
r-devel-linux-x86_64-debian-gcc 0.1 3.95 41.78 45.73 OK
r-devel-linux-x86_64-fedora-clang 0.1 76.95 OK
r-devel-linux-x86_64-fedora-gcc 0.1 74.54 OK
r-devel-windows-ix86+x86_64 0.1 10.00 61.00 71.00 OK
r-patched-linux-x86_64 0.1 5.09 51.06 56.15 NOTE
r-patched-solaris-x86 0.1 110.50 OK
r-release-linux-x86_64 0.1 5.25 51.29 56.54 NOTE
r-release-windows-ix86+x86_64 0.1 10.00 61.00 71.00 OK
r-release-osx-x86_64 0.1 OK
r-oldrel-windows-ix86+x86_64 0.1 7.00 142.00 149.00 OK
r-oldrel-osx-x86_64 0.1 OK

Check Details

Version: 0.1
Check: DESCRIPTION meta-information
Result: NOTE
    Dependence on R version ‘3.3.1’ not with patchlevel 0
Flavors: r-patched-linux-x86_64, r-release-linux-x86_64