CRAN Package Check Results for Package bgsmtr

Last updated on 2018-07-20 22:50:09 CEST.

Flavor Version Tinstall Tcheck Ttotal Status Flags
r-devel-linux-x86_64-debian-clang 0.1 4.58 61.55 66.13 OK
r-devel-linux-x86_64-debian-gcc 0.1 4.72 49.02 53.74 OK
r-devel-linux-x86_64-fedora-clang 0.1 76.95 OK
r-devel-linux-x86_64-fedora-gcc 0.1 74.58 OK
r-devel-windows-ix86+x86_64 0.1 8.00 97.00 105.00 OK
r-patched-linux-x86_64 0.1 5.28 52.54 57.82 NOTE
r-patched-solaris-x86 0.1 116.00 OK
r-release-linux-x86_64 0.1 5.51 52.13 57.64 NOTE
r-release-windows-ix86+x86_64 0.1 10.00 65.00 75.00 OK
r-release-osx-x86_64 0.1 OK
r-oldrel-windows-ix86+x86_64 0.1 9.00 66.00 75.00 OK
r-oldrel-osx-x86_64 0.1 OK

Check Details

Version: 0.1
Check: DESCRIPTION meta-information
Result: NOTE
    Dependence on R version ‘3.3.1’ not with patchlevel 0
Flavors: r-patched-linux-x86_64, r-release-linux-x86_64