CRAN Package Check Results for Package bgsmtr

Last updated on 2018-10-20 01:46:17 CEST.

Flavor Version Tinstall Tcheck Ttotal Status Flags
r-devel-linux-x86_64-debian-clang 0.2 7.11 79.24 86.35 OK
r-devel-linux-x86_64-debian-gcc 0.2 5.41 62.35 67.76 OK
r-devel-linux-x86_64-fedora-clang 0.2 100.12 OK
r-devel-linux-x86_64-fedora-gcc 0.2 96.34 OK
r-devel-windows-ix86+x86_64 0.2 14.00 106.00 120.00 OK
r-patched-linux-x86_64 0.2 5.75 65.48 71.23 NOTE
r-patched-solaris-x86 0.2 141.30 OK
r-release-linux-x86_64 0.2 5.60 65.03 70.63 NOTE
r-release-windows-ix86+x86_64 0.2 11.00 97.00 108.00 OK
r-release-osx-x86_64 0.2 ERROR
r-oldrel-windows-ix86+x86_64 0.2 8.00 104.00 112.00 OK
r-oldrel-osx-x86_64 0.2 ERROR

Check Details

Version: 0.2
Check: DESCRIPTION meta-information
Result: NOTE
    Dependence on R version ‘3.3.1’ not with patchlevel 0
Flavors: r-patched-linux-x86_64, r-release-linux-x86_64

Version: 0.2
Check: package dependencies
Result: ERROR
    Package required but not available: ‘TargetScore’
    
    See section ‘The DESCRIPTION file’ in the ‘Writing R Extensions’
    manual.
Flavors: r-release-osx-x86_64, r-oldrel-osx-x86_64