CRAN Package Check Results for Package biclustermd

Last updated on 2024-02-25 15:51:13 CET.

Flavor Version Tinstall Tcheck Ttotal Status Flags
r-devel-linux-x86_64-debian-clang 0.2.3 11.14 164.77 175.91 OK
r-devel-linux-x86_64-debian-gcc 0.2.3 8.26 120.66 128.92 OK
r-devel-linux-x86_64-fedora-clang 0.2.3 206.83 NOTE
r-devel-linux-x86_64-fedora-gcc 0.2.3 218.57 NOTE
r-devel-windows-x86_64 0.2.3 10.00 131.00 141.00 OK
r-patched-linux-x86_64 0.2.3 10.14 157.88 168.02 OK
r-release-linux-x86_64 0.2.3 8.13 158.87 167.00 OK
r-release-macos-arm64 0.2.3 68.00 OK
r-release-macos-x86_64 0.2.3 115.00 OK
r-release-windows-x86_64 0.2.3 13.00 167.00 180.00 OK
r-oldrel-macos-arm64 0.2.3 60.00 NOTE
r-oldrel-windows-x86_64 0.2.3 13.00 177.00 190.00 OK

Check Details

Version: 0.2.3
Check: dependencies in R code
Result: NOTE Namespace in Imports field not imported from: ‘nycflights13’ All declared Imports should be used. Flavors: r-devel-linux-x86_64-fedora-clang, r-devel-linux-x86_64-fedora-gcc, r-oldrel-macos-arm64