CRAN Package Check Results for Package bife

Last updated on 2019-01-23 09:50:13 CET.

Flavor Version Tinstall Tcheck Ttotal Status Flags
r-devel-linux-x86_64-debian-clang 0.5 37.87 45.15 83.02 NOTE
r-devel-linux-x86_64-debian-gcc 0.5 32.29 35.61 67.90 NOTE
r-devel-linux-x86_64-fedora-clang 0.5 110.42 NOTE
r-devel-linux-x86_64-fedora-gcc 0.5 101.23 NOTE
r-devel-windows-ix86+x86_64 0.5 90.00 105.00 195.00 OK
r-patched-linux-x86_64 0.5 43.68 41.90 85.58 OK
r-patched-solaris-x86 0.5 127.40 OK
r-release-linux-x86_64 0.5 39.36 42.54 81.90 OK
r-release-windows-ix86+x86_64 0.5 74.00 99.00 173.00 OK
r-release-osx-x86_64 0.5 NOTE
r-oldrel-windows-ix86+x86_64 0.5 74.00 108.00 182.00 OK
r-oldrel-osx-x86_64 0.5 NOTE

Additional issues

clang-UBSAN

Check Details

Version: 0.5
Check: use of SHLIB_OPENMP_*FLAGS in Makefiles
Result: NOTE
     src/Makevars: SHLIB_OPENMP_CXXFLAGS is included in PKG_CXXFLAGS but not in PKG_LIBS
     src/Makevars: SHLIB_OPENMP_CFLAGS is included in PKG_LIBS but linking is by C++
     src/Makevars.win: SHLIB_OPENMP_CXXFLAGS is included in PKG_CXXFLAGS but not in PKG_LIBS
     src/Makevars.win: SHLIB_OPENMP_CFLAGS is included in PKG_LIBS but linking is by C++
    Use of these macros is discussed in sect 1.2.1.1 of ‘Writing R
    Extensions’. The macros for different languages may differ so the
    matching macro must be used in PKG_CXXFLAGS (etc) and match that used
    in PKG_LIBS (except for Fortran: see the manual).
Flavors: r-devel-linux-x86_64-debian-clang, r-devel-linux-x86_64-debian-gcc, r-devel-linux-x86_64-fedora-clang, r-devel-linux-x86_64-fedora-gcc

Version: 0.5
Check: installed package size
Result: NOTE
     installed size is 5.6Mb
     sub-directories of 1Mb or more:
     data 2.1Mb
     libs 3.2Mb
Flavors: r-devel-linux-x86_64-fedora-clang, r-release-osx-x86_64, r-oldrel-osx-x86_64