CRAN Package Check Results for Package bife

Last updated on 2018-02-22 16:47:32 CET.

Flavor Version Tinstall Tcheck Ttotal Status Flags
r-devel-linux-x86_64-debian-clang 0.4 33.16 37.21 70.37 OK
r-devel-linux-x86_64-debian-gcc 0.4 25.01 31.81 56.82 OK
r-devel-linux-x86_64-fedora-clang 0.4 100.81 NOTE
r-devel-linux-x86_64-fedora-gcc 0.4 92.37 NOTE
r-devel-windows-ix86+x86_64 0.4 87.00 77.00 164.00 OK
r-patched-linux-x86_64 0.4 35.98 46.66 82.64 OK
r-patched-solaris-x86 0.4 130.70 OK
r-release-linux-x86_64 0.4 34.64 45.77 80.41 OK
r-release-windows-ix86+x86_64 0.4 91.00 99.00 190.00 OK
r-release-osx-x86_64 0.4 NOTE
r-oldrel-windows-ix86+x86_64 0.4 65.00 73.00 138.00 OK
r-oldrel-osx-x86_64 0.4 NOTE

Additional issues

clang-UBSAN

Check Details

Version: 0.4
Check: installed package size
Result: NOTE
     installed size is 5.3Mb
     sub-directories of 1Mb or more:
     data 2.1Mb
     libs 2.9Mb
Flavors: r-devel-linux-x86_64-fedora-clang, r-devel-linux-x86_64-fedora-gcc, r-release-osx-x86_64, r-oldrel-osx-x86_64