CRAN Package Check Results for Package bife

Last updated on 2018-08-15 18:47:47 CEST.

Flavor Version Tinstall Tcheck Ttotal Status Flags
r-devel-linux-x86_64-debian-clang 0.5 32.07 44.74 76.81 OK
r-devel-linux-x86_64-debian-gcc 0.5 31.50 36.71 68.21 OK
r-devel-linux-x86_64-fedora-clang 0.5 106.39 NOTE
r-devel-linux-x86_64-fedora-gcc 0.5 102.32 NOTE
r-devel-windows-ix86+x86_64 0.5 64.00 78.00 142.00 OK
r-patched-linux-x86_64 0.5 38.18 41.53 79.71 OK
r-patched-solaris-x86 0.5 135.80 OK
r-release-linux-x86_64 0.5 40.16 42.11 82.27 OK
r-release-windows-ix86+x86_64 0.5 94.00 84.00 178.00 OK
r-release-osx-x86_64 0.5 NOTE
r-oldrel-windows-ix86+x86_64 0.5 95.00 91.00 186.00 OK
r-oldrel-osx-x86_64 0.5 NOTE

Additional issues

clang-UBSAN

Check Details

Version: 0.5
Check: installed package size
Result: NOTE
     installed size is 5.3Mb
     sub-directories of 1Mb or more:
     data 2.1Mb
     libs 2.9Mb
Flavors: r-devel-linux-x86_64-fedora-clang, r-release-osx-x86_64, r-oldrel-osx-x86_64

Version: 0.5
Check: use of SHLIB_OPENMP_*FLAGS in Makefiles
Result: NOTE
     src/Makevars: SHLIB_OPENMP_CXXFLAGS is included in PKG_CXXFLAGS but not in PKG_LIBS
     src/Makevars: SHLIB_OPENMP_CFLAGS is included in PKG_LIBS but not in PKG_CFLAGS
     src/Makevars.win: SHLIB_OPENMP_CXXFLAGS is included in PKG_CXXFLAGS but not in PKG_LIBS
     src/Makevars.win: SHLIB_OPENMP_CFLAGS is included in PKG_LIBS but not in PKG_CFLAGS
    Use of these macros is discussed in sect 1.2.1.1 of ‘Writing R
    Extensions’. The macros for different languages may differ so the
    matching macro must be used in PKG_CXXFLAGS (etc) and match that used
    in PKG_LIBS (except for F77: see the manual).
Flavors: r-devel-linux-x86_64-fedora-clang, r-devel-linux-x86_64-fedora-gcc