CRAN Package Check Results for Package bife

Last updated on 2018-10-16 23:49:48 CEST.

Flavor Version Tinstall Tcheck Ttotal Status Flags
r-devel-linux-x86_64-debian-clang 0.5 36.84 44.70 81.54 NOTE
r-devel-linux-x86_64-debian-gcc 0.5 32.58 36.42 69.00 NOTE
r-devel-linux-x86_64-fedora-clang 0.5 112.73 NOTE
r-devel-linux-x86_64-fedora-gcc 0.5 102.30 NOTE
r-devel-windows-ix86+x86_64 0.5 93.00 105.00 198.00 OK
r-patched-linux-x86_64 0.5 37.96 41.79 79.75 OK
r-patched-solaris-x86 0.5 132.50 OK
r-release-linux-x86_64 0.5 36.25 42.67 78.92 OK
r-release-windows-ix86+x86_64 0.5 77.00 96.00 173.00 OK
r-release-osx-x86_64 0.5 NOTE
r-oldrel-windows-ix86+x86_64 0.5 96.00 106.00 202.00 OK
r-oldrel-osx-x86_64 0.5 NOTE

Additional issues

clang-UBSAN

Check Details

Version: 0.5
Check: use of SHLIB_OPENMP_*FLAGS in Makefiles
Result: NOTE
     src/Makevars: SHLIB_OPENMP_CXXFLAGS is included in PKG_CXXFLAGS but not in PKG_LIBS
     src/Makevars: SHLIB_OPENMP_CFLAGS is included in PKG_LIBS but not in PKG_CFLAGS
     src/Makevars.win: SHLIB_OPENMP_CXXFLAGS is included in PKG_CXXFLAGS but not in PKG_LIBS
     src/Makevars.win: SHLIB_OPENMP_CFLAGS is included in PKG_LIBS but not in PKG_CFLAGS
    Use of these macros is discussed in sect 1.2.1.1 of ‘Writing R
    Extensions’. The macros for different languages may differ so the
    matching macro must be used in PKG_CXXFLAGS (etc) and match that used
    in PKG_LIBS (except for F77: see the manual).
Flavors: r-devel-linux-x86_64-debian-clang, r-devel-linux-x86_64-debian-gcc, r-devel-linux-x86_64-fedora-clang, r-devel-linux-x86_64-fedora-gcc

Version: 0.5
Check: installed package size
Result: NOTE
     installed size is 5.6Mb
     sub-directories of 1Mb or more:
     data 2.1Mb
     libs 3.2Mb
Flavors: r-devel-linux-x86_64-fedora-clang, r-release-osx-x86_64, r-oldrel-osx-x86_64