CRAN Package Check Results for Package bigKRLS

Last updated on 2018-02-17 19:46:16 CET.

Flavor Version Tinstall Tcheck Ttotal Status Flags
r-devel-linux-x86_64-debian-clang 2.0.4 89.70 68.32 158.02 OK
r-devel-linux-x86_64-debian-gcc 2.0.4 80.45 54.99 135.44 OK
r-devel-linux-x86_64-fedora-clang 2.0.4 234.65 OK
r-devel-linux-x86_64-fedora-gcc 2.0.4 215.79 NOTE
r-devel-windows-ix86+x86_64 2.0.4 227.00 149.00 376.00 OK
r-patched-linux-x86_64 2.0.4 101.24 74.00 175.24 OK
r-patched-solaris-x86 2.0.4 230.80 OK
r-release-linux-x86_64 2.0.4 102.54 77.95 180.49 OK
r-release-windows-ix86+x86_64 2.0.4 312.00 182.00 494.00 OK
r-release-osx-x86_64 2.0.4 OK
r-oldrel-windows-ix86+x86_64 2.0.4 206.00 124.00 330.00 OK
r-oldrel-osx-x86_64 2.0.4 OK

Additional issues

clang-UBSAN gcc-UBSAN

Check Details

Version: 2.0.4
Check: installed package size
Result: NOTE
     installed size is 5.2Mb
     sub-directories of 1Mb or more:
     libs 4.9Mb
Flavor: r-devel-linux-x86_64-fedora-gcc