CRAN Package Check Results for Package bigKRLS

Last updated on 2018-11-14 18:47:43 CET.

Flavor Version Tinstall Tcheck Ttotal Status Flags
r-devel-linux-x86_64-debian-clang 3.0.0 109.07 81.45 190.52 OK
r-devel-linux-x86_64-debian-gcc 3.0.0 91.76 67.52 159.28 OK
r-devel-linux-x86_64-fedora-clang 3.0.0 266.13 NOTE
r-devel-linux-x86_64-fedora-gcc 3.0.0 244.17 OK
r-devel-windows-ix86+x86_64 3.0.0 240.00 151.00 391.00 OK
r-patched-linux-x86_64 3.0.0 115.60 73.37 188.97 OK
r-patched-solaris-x86 3.0.0 267.70 OK
r-release-linux-x86_64 3.0.0 118.74 72.71 191.45 OK
r-release-windows-ix86+x86_64 3.0.0 348.00 196.00 544.00 OK
r-release-osx-x86_64 3.0.0 OK
r-oldrel-windows-ix86+x86_64 3.0.0 336.00 201.00 537.00 OK
r-oldrel-osx-x86_64 3.0.0 OK

Additional issues

clang-UBSAN gcc-UBSAN

Check Details

Version: 3.0.0
Check: installed package size
Result: NOTE
     installed size is 5.0Mb
     sub-directories of 1Mb or more:
     libs 4.7Mb
Flavor: r-devel-linux-x86_64-fedora-clang