CRAN Package Check Results for Package bigKRLS

Last updated on 2018-05-23 07:49:47 CEST.

Flavor Version Tinstall Tcheck Ttotal Status Flags
r-devel-linux-x86_64-debian-clang 3.0.0 93.27 78.62 171.89 OK
r-devel-linux-x86_64-debian-gcc 3.0.0 0.30 1.59 1.89 ERROR
r-devel-linux-x86_64-fedora-clang 3.0.0 243.71 OK
r-devel-linux-x86_64-fedora-gcc 3.0.0 239.01 NOTE
r-devel-windows-ix86+x86_64 3.0.0 260.00 196.00 456.00 OK
r-patched-linux-x86_64 3.0.0 104.03 67.18 171.21 OK
r-patched-solaris-x86 3.0.0 253.60 OK
r-release-linux-x86_64 3.0.0 99.84 68.20 168.04 OK
r-release-windows-ix86+x86_64 3.0.0 333.00 190.00 523.00 OK
r-release-osx-x86_64 3.0.0 OK
r-oldrel-windows-ix86+x86_64 3.0.0 338.00 189.00 527.00 OK
r-oldrel-osx-x86_64 3.0.0 OK

Additional issues

clang-UBSAN gcc-UBSAN

Check Details

Version: 3.0.0
Check: package dependencies
Result: ERROR
    Package required but not available: ‘ggplot2’
    
    See section ‘The DESCRIPTION file’ in the ‘Writing R Extensions’
    manual.
Flavor: r-devel-linux-x86_64-debian-gcc

Version: 3.0.0
Check: installed package size
Result: NOTE
     installed size is 6.0Mb
     sub-directories of 1Mb or more:
     libs 5.7Mb
Flavor: r-devel-linux-x86_64-fedora-gcc