CRAN Package Check Results for Package bigQueryR

Last updated on 2019-02-19 22:51:21 CET.

Flavor Version Tinstall Tcheck Ttotal Status Flags
r-devel-linux-x86_64-debian-clang 0.4.0 2.64 31.04 33.68 OK
r-devel-linux-x86_64-debian-gcc 0.4.0 2.26 24.82 27.08 OK
r-devel-linux-x86_64-fedora-clang 0.4.0 41.92 OK
r-devel-linux-x86_64-fedora-gcc 0.4.0 40.05 OK
r-devel-windows-ix86+x86_64 0.4.0 7.00 65.00 72.00 OK
r-patched-linux-x86_64 0.4.0 2.69 29.19 31.88 OK
r-patched-solaris-x86 0.4.0 60.70 NOTE
r-release-linux-x86_64 0.4.0 2.52 29.01 31.53 OK
r-release-windows-ix86+x86_64 0.4.0 5.00 79.00 84.00 OK
r-release-osx-x86_64 0.4.0 OK
r-oldrel-windows-ix86+x86_64 0.4.0 3.00 45.00 48.00 OK
r-oldrel-osx-x86_64 0.4.0 OK

Check Details

Version: 0.4.0
Check: Rd cross-references
Result: NOTE
    Package unavailable to check Rd xrefs: ‘bigrquery’
Flavor: r-patched-solaris-x86