CRAN Package Check Results for Package bigQueryR

Last updated on 2018-08-20 09:47:30 CEST.

Flavor Version Tinstall Tcheck Ttotal Status Flags
r-devel-linux-x86_64-debian-clang 0.4.0 2.23 30.98 33.21 OK
r-devel-linux-x86_64-debian-gcc 0.4.0 1.69 24.89 26.58 OK
r-devel-linux-x86_64-fedora-clang 0.4.0 39.33 OK
r-devel-linux-x86_64-fedora-gcc 0.4.0 38.49 OK
r-devel-windows-ix86+x86_64 0.4.0 7.00 46.00 53.00 OK
r-patched-linux-x86_64 0.4.0 2.34 28.84 31.18 OK
r-patched-solaris-x86 0.4.0 60.20 NOTE
r-release-linux-x86_64 0.4.0 2.25 29.20 31.45 OK
r-release-windows-ix86+x86_64 0.4.0 8.00 57.00 65.00 OK
r-release-osx-x86_64 0.4.0 OK
r-oldrel-windows-ix86+x86_64 0.4.0 4.00 46.00 50.00 OK
r-oldrel-osx-x86_64 0.4.0 OK

Check Details

Version: 0.4.0
Check: Rd cross-references
Result: NOTE
    Package unavailable to check Rd xrefs: ‘bigrquery’
Flavor: r-patched-solaris-x86