CRAN Package Check Results for Package bigQueryR

Last updated on 2018-05-24 02:48:07 CEST.

Flavor Version Tinstall Tcheck Ttotal Status Flags
r-devel-linux-x86_64-debian-clang 0.3.2 2.35 25.42 27.77 OK
r-devel-linux-x86_64-debian-gcc 0.3.2 1.78 22.38 24.16 OK
r-devel-linux-x86_64-fedora-clang 0.3.2 35.44 OK
r-devel-linux-x86_64-fedora-gcc 0.3.2 34.26 OK
r-devel-windows-ix86+x86_64 0.3.2 4.00 49.00 53.00 OK
r-patched-linux-x86_64 0.3.2 1.71 26.98 28.69 OK
r-patched-solaris-x86 0.3.2 57.10 NOTE
r-release-linux-x86_64 0.3.2 2.30 26.86 29.16 OK
r-release-windows-ix86+x86_64 0.3.2 6.00 57.00 63.00 OK
r-release-osx-x86_64 0.3.2 OK
r-oldrel-windows-ix86+x86_64 0.3.2 6.00 53.00 59.00 OK
r-oldrel-osx-x86_64 0.3.2 OK

Check Details

Version: 0.3.2
Check: Rd cross-references
Result: NOTE
    Package unavailable to check Rd xrefs: ‘bigrquery’
Flavor: r-patched-solaris-x86