Last updated on 2023-02-02 21:49:56 CET.
Flavor | Version | Tinstall | Tcheck | Ttotal | Status | Flags |
---|---|---|---|---|---|---|
r-devel-linux-x86_64-debian-clang | 1.9.1 | 4.77 | 51.33 | 56.10 | NOTE | |
r-devel-linux-x86_64-debian-gcc | 1.9.1 | 3.42 | 37.93 | 41.35 | NOTE | |
r-devel-linux-x86_64-fedora-clang | 1.9.1 | 69.54 | NOTE | |||
r-devel-linux-x86_64-fedora-gcc | 1.9.1 | 66.78 | NOTE | |||
r-patched-linux-x86_64 | 1.9.1 | 5.17 | 47.05 | 52.22 | NOTE | |
r-release-linux-x86_64 | 1.9.1 | 3.77 | 48.70 | 52.47 | NOTE | |
r-release-macos-arm64 | 1.9.1 | 24.00 | OK | |||
r-release-macos-x86_64 | 1.9.1 | 34.00 | NOTE | |||
r-release-windows-x86_64 | 1.9.1 | 9.00 | 88.00 | 97.00 | OK | |
r-oldrel-macos-arm64 | 1.9.1 | 29.00 | OK | |||
r-oldrel-macos-x86_64 | 1.9.1 | 47.00 | OK | |||
r-oldrel-windows-ix86+x86_64 | 1.9.1 | 9.00 | 81.00 | 90.00 | OK |
Version: 1.9.1
Check: package dependencies
Result: NOTE
Package suggested but not available for checking: ‘ffbase’
Flavors: r-devel-linux-x86_64-debian-clang, r-devel-linux-x86_64-debian-gcc, r-devel-linux-x86_64-fedora-clang, r-devel-linux-x86_64-fedora-gcc, r-patched-linux-x86_64, r-release-linux-x86_64, r-release-macos-x86_64