CRAN Package Check Results for Package biglasso

Last updated on 2019-10-20 10:46:11 CEST.

Flavor Version Tinstall Tcheck Ttotal Status Flags
r-devel-linux-x86_64-debian-clang 1.3-7 225.11 64.91 290.02 OK
r-devel-linux-x86_64-debian-gcc 1.3-7 167.00 52.11 219.11 OK
r-devel-linux-x86_64-fedora-clang 1.3-7 404.32 NOTE
r-devel-linux-x86_64-fedora-gcc 1.3-7 389.07 OK
r-devel-windows-ix86+x86_64 1.3-7 445.00 122.00 567.00 OK
r-patched-linux-x86_64 1.3-7 180.72 63.78 244.50 OK
r-patched-solaris-x86 1.3-7 354.20 OK
r-release-linux-x86_64 1.3-7 181.92 64.41 246.33 OK
r-release-windows-ix86+x86_64 1.3-7 622.00 149.00 771.00 OK
r-release-osx-x86_64 1.3-7 NOTE
r-oldrel-windows-ix86+x86_64 1.3-7 437.00 106.00 543.00 OK
r-oldrel-osx-x86_64 1.3-7 OK

Check Details

Version: 1.3-7
Check: installed package size
Result: NOTE
     installed size is 9.2Mb
     sub-directories of 1Mb or more:
     libs 8.4Mb
Flavors: r-devel-linux-x86_64-fedora-clang, r-release-osx-x86_64