CRAN Package Check Results for Package biglasso

Last updated on 2020-06-01 21:50:29 CEST.

Flavor Version Tinstall Tcheck Ttotal Status Flags
r-devel-linux-x86_64-debian-clang 1.3-7 236.77 70.87 307.64 OK
r-devel-linux-x86_64-debian-gcc 1.3-7 193.65 56.97 250.62 OK
r-devel-linux-x86_64-fedora-clang 1.3-7 453.55 NOTE
r-devel-linux-x86_64-fedora-gcc 1.3-7 408.00 OK
r-devel-windows-ix86+x86_64 1.3-7 694.00 129.00 823.00 OK
r-patched-linux-x86_64 1.3-7 194.63 70.73 265.36 OK
r-patched-solaris-x86 1.3-7 371.50 OK
r-release-linux-x86_64 1.3-7 194.91 71.13 266.04 OK
r-release-osx-x86_64 1.3-7 NOTE
r-release-windows-ix86+x86_64 1.3-7 516.00 128.00 644.00 OK
r-oldrel-osx-x86_64 1.3-7 NOTE
r-oldrel-windows-ix86+x86_64 1.3-7 620.00 120.00 740.00 OK

Check Details

Version: 1.3-7
Check: installed package size
Result: NOTE
     installed size is 10.4Mb
     sub-directories of 1Mb or more:
     libs 9.7Mb
Flavors: r-devel-linux-x86_64-fedora-clang, r-release-osx-x86_64, r-oldrel-osx-x86_64