CRAN Package Check Results for Package biglm

Last updated on 2021-02-27 09:50:11 CET.

Flavor Version Tinstall Tcheck Ttotal Status Flags
r-devel-linux-x86_64-debian-clang 0.9-2.1 3.70 30.52 34.22 NOTE
r-devel-linux-x86_64-debian-gcc 0.9-2.1 3.03 23.87 26.90 NOTE
r-devel-linux-x86_64-fedora-clang 0.9-2.1 51.57 NOTE
r-devel-linux-x86_64-fedora-gcc 0.9-2.1 41.36 NOTE
r-devel-windows-ix86+x86_64 0.9-2.1 9.00 43.00 52.00 OK
r-patched-linux-x86_64 0.9-2.1 3.38 29.34 32.72 NOTE
r-patched-solaris-x86 0.9-2.1 62.80 OK
r-release-linux-x86_64 0.9-2.1 3.74 29.48 33.22 NOTE
r-release-macos-x86_64 0.9-2.1 OK
r-release-windows-ix86+x86_64 0.9-2.1 29.00 56.00 85.00 OK
r-oldrel-macos-x86_64 0.9-2.1 OK
r-oldrel-windows-ix86+x86_64 0.9-2.1 9.00 52.00 61.00 OK

Check Details

Version: 0.9-2.1
Check: R code for possible problems
Result: NOTE
    Found the following calls to data() loading into the global environment:
    File 'biglm/R/bigglm.R':
     data(reset = TRUE)
     data(reset = FALSE)
    See section 'Good practice' in '?data'.
Flavors: r-devel-linux-x86_64-debian-clang, r-devel-linux-x86_64-debian-gcc, r-devel-linux-x86_64-fedora-clang, r-patched-linux-x86_64, r-release-linux-x86_64

Version: 0.9-2.1
Check: compiled code
Result: NOTE
    File ‘biglm/libs/biglm.so’:
     Found no calls to: ‘R_registerRoutines’, ‘R_useDynamicSymbols’
    
    It is good practice to register native routines and to disable symbol
    search.
    
    See ‘Writing portable packages’ in the ‘Writing R Extensions’ manual.
Flavors: r-devel-linux-x86_64-fedora-clang, r-devel-linux-x86_64-fedora-gcc