Last updated on 2023-01-29 11:56:07 CET.
Flavor | Version | Tinstall | Tcheck | Ttotal | Status | Flags |
---|---|---|---|---|---|---|
r-devel-linux-x86_64-debian-clang | 0.9-2 | 4.09 | 32.68 | 36.77 | OK | |
r-devel-linux-x86_64-debian-gcc | 0.9-2 | 3.04 | 26.27 | 29.31 | OK | |
r-devel-linux-x86_64-fedora-clang | 0.9-2 | 50.24 | OK | |||
r-devel-linux-x86_64-fedora-gcc | 0.9-2 | 46.40 | OK | |||
r-devel-windows-x86_64 | 0.9-2 | 18.00 | 62.00 | 80.00 | OK | |
r-patched-linux-x86_64 | 0.9-2 | 4.00 | 32.73 | 36.73 | OK | |
r-release-linux-x86_64 | 0.9-2 | 3.68 | 33.55 | 37.23 | OK | |
r-release-macos-arm64 | 0.9-2 | 20.00 | OK | |||
r-release-macos-x86_64 | 0.9-2 | 29.00 | OK | |||
r-release-windows-x86_64 | 0.9-2 | 17.00 | 62.00 | 79.00 | OK | |
r-oldrel-macos-arm64 | 0.9-2 | 24.00 | NOTE | |||
r-oldrel-macos-x86_64 | 0.9-2 | 36.00 | OK | |||
r-oldrel-windows-ix86+x86_64 | 0.9-2 | 11.00 | 69.00 | 80.00 | OK |
Version: 0.9-2
Check: package dependencies
Result: NOTE
Package suggested but not available for checking: ‘RODBC’
Flavor: r-oldrel-macos-arm64